Rapporti Climatici in stile NOAA
Selezionare un Anno o un Mese
2024: Gen Feb Mar Apr Mag Giu Lug Ago Set Ott Nov Dic
2023: Gen Feb Mar Apr Mag Giu Lug Ago Set Ott Nov Dic
2022: Gen Feb Mar Apr Mag Giu Lug Ago Set Ott Nov Dic
2021: Gen Feb Mar Apr Mag Giu Lug Ago Set Ott Nov Dic
2020: Gen Feb Mar Apr Mag Giu Lug Ago Set Ott Nov Dic
2019: Gen Feb Mar Apr Mag Giu Lug Ago Set Ott Nov Dic
2018: Gen Feb Mar Apr Mag Giu Lug Ago Set Ott Nov Dic
2017: Gen Feb Mar Apr Mag Giu Lug Ago Set Ott Nov Dic
2016: Gen Feb Mar Apr Mag Giu Lug Ago Set Ott Nov Dic
2015: Gen Feb Mar Apr Mag Giu Lug Ago Set Ott Nov Dic
2014: Gen Feb Mar Apr Mag Giu Lug Ago Set Ott Nov Dic
2013: Gen Feb Mar Apr Mag Giu Lug Ago Set Ott Nov Dic
2012: Gen Feb Mar Apr Mag Giu Lug Ago Set Ott Nov Dic
2011: Gen Feb Mar Apr Mag Giu Lug Ago Set Ott Nov Dic
2010: Gen Feb Mar Apr Mag Giu Lug Ago Set Ott Nov Dic
2009: Gen Feb Mar Apr Mag Giu Lug Ago Set Ott Nov Dic
2008: Gen Feb Mar Apr Mag Giu Lug Ago Set Ott Nov Dic
2007: Gen Feb Mar Apr Mag Giu Lug Ago Set Ott Nov Dic
2006: Gen Feb Mar Apr Mag Giu Lug Ago Set Ott Nov Dic
2024: Gen Feb Mar Apr Mag Giu Lug Ago Set Ott Nov Dic
2023: Gen Feb Mar Apr Mag Giu Lug Ago Set Ott Nov Dic
2022: Gen Feb Mar Apr Mag Giu Lug Ago Set Ott Nov Dic
2021: Gen Feb Mar Apr Mag Giu Lug Ago Set Ott Nov Dic
2020: Gen Feb Mar Apr Mag Giu Lug Ago Set Ott Nov Dic
2019: Gen Feb Mar Apr Mag Giu Lug Ago Set Ott Nov Dic
2018: Gen Feb Mar Apr Mag Giu Lug Ago Set Ott Nov Dic
2017: Gen Feb Mar Apr Mag Giu Lug Ago Set Ott Nov Dic
2016: Gen Feb Mar Apr Mag Giu Lug Ago Set Ott Nov Dic
2015: Gen Feb Mar Apr Mag Giu Lug Ago Set Ott Nov Dic
2014: Gen Feb Mar Apr Mag Giu Lug Ago Set Ott Nov Dic
2013: Gen Feb Mar Apr Mag Giu Lug Ago Set Ott Nov Dic
2012: Gen Feb Mar Apr Mag Giu Lug Ago Set Ott Nov Dic
2011: Gen Feb Mar Apr Mag Giu Lug Ago Set Ott Nov Dic
2010: Gen Feb Mar Apr Mag Giu Lug Ago Set Ott Nov Dic
2009: Gen Feb Mar Apr Mag Giu Lug Ago Set Ott Nov Dic
2008: Gen Feb Mar Apr Mag Giu Lug Ago Set Ott Nov Dic
2007: Gen Feb Mar Apr Mag Giu Lug Ago Set Ott Nov Dic
2006: Gen Feb Mar Apr Mag Giu Lug Ago Set Ott Nov Dic
Archivio 2016 Marzo
Monthly Climatological Summary for mar 2016 Name: San Fruttuoso City: Genova State: Italy Elevation: 70 m Lat: N 44° 24' 34" Lon: E 008° 57' 38" Temperature (°C), Rain (mm), Wind Speed (km/h) Heat Cool Avg Mean Deg Deg Wind Dom Day Temp High Time Low Time Days Days Rain Speed High Time Dir ---------------------------------------------------------------------------------- 1 12.3 18.3 13:53 8.0 07:25 6.0 0.0 0.0 6.5 30.6 12:02 N 2 11.2 14.1 13:57 7.6 06:20 7.1 0.0 3.3 10.6 61.2 23:07 E 3 11.5 16.4 15:48 6.8 07:35 6.8 0.0 0.0 10.8 40.2 00:02 NNW 4 10.8 13.4 13:38 6.8 07:58 7.5 0.0 2.3 10.0 43.5 22:15 SE 5 9.6 12.7 00:55 6.8 21:34 8.7 0.0 55.4 14.3 62.8 09:51 SE 6 8.8 12.0 10:25 5.9 22:08 9.5 0.0 1.7 5.1 32.2 14:10 NNE 7 8.1 12.7 12:28 4.9 03:36 10.1 0.0 0.0 7.5 33.8 16:53 WNW 8 8.2 9.7 19:45 6.9 14:48 10.1 0.0 1.3 4.8 38.6 23:38 N 9 8.3 10.3 11:34 6.1 07:33 10.0 0.0 0.0 8.8 49.9 12:28 N 10 11.1 15.3 14:48 7.3 06:58 7.2 0.0 0.0 8.8 41.8 12:31 NNW 11 12.6 15.8 15:54 10.9 09:33 5.7 0.0 0.0 4.7 32.2 12:48 N 12 14.1 19.5 14:55 10.9 02:17 4.2 0.0 0.0 5.8 41.8 11:33 N 13 13.6 16.7 13:17 12.3 06:33 4.7 0.0 0.0 5.3 40.2 19:23 NE 14 13.3 17.1 13:30 11.4 03:35 5.0 0.0 0.0 3.6 33.8 02:30 NE 15 11.8 14.2 10:44 9.2 07:02 6.5 0.0 0.0 6.2 25.7 12:39 S 16 9.5 11.4 00:00 7.4 23:56 8.8 0.0 1.0 5.7 30.6 23:38 NNE 17 10.0 13.7 14:48 6.8 03:06 8.3 0.0 0.0 11.8 51.5 14:02 N 18 12.4 16.4 11:46 9.4 23:58 5.9 0.0 0.0 7.9 41.8 03:01 NNW 19 11.2 14.7 13:15 7.3 05:34 7.1 0.0 0.0 8.9 27.4 13:48 SW 20 11.7 13.9 12:31 7.9 06:54 6.6 0.0 0.0 10.6 30.6 12:45 SSE 21 13.6 16.6 16:48 11.7 06:41 4.7 0.0 0.0 6.6 20.9 11:23 SE 22 14.8 17.9 12:51 12.2 05:18 3.5 0.0 0.0 10.5 46.7 14:35 N 23 14.3 17.8 14:00 11.7 22:53 4.0 0.0 0.0 4.1 33.8 09:42 NNE 24 12.3 16.1 11:27 8.6 06:01 6.0 0.0 0.0 5.8 25.7 14:41 W 25 11.5 14.5 12:19 8.0 05:14 6.8 0.0 0.0 8.1 37.0 12:43 ESE 26 11.6 14.9 14:57 7.9 05:01 6.7 0.0 0.0 7.1 19.3 05:57 W 27 11.5 14.2 11:43 8.6 04:35 6.8 0.0 18.6 9.3 33.8 13:02 SSE 28 12.7 14.7 14:57 11.2 00:51 5.6 0.0 6.1 7.2 27.4 06:20 SE 29 14.0 15.6 13:45 12.6 06:26 4.3 0.0 0.0 9.9 37.0 12:50 SE 30 14.2 15.1 16:55 13.7 00:55 4.1 0.0 0.5 11.7 32.2 04:44 SE 31 15.7 17.3 12:12 14.2 00:20 2.6 0.0 0.0 5.2 27.4 12:56 SSE ---------------------------------------------------------------------------------- 11.8 19.5 12 4.9 7 200.9 0.0 90.2 7.8 62.8 5 ENE Max >= 27.0: 0 Max <= 5.0: 0 Min <= 20.0: 31 Min <= 0.0: 0 Max Rain: 55.4 on day 5 Days of Rain: 9 (>= 0.2 mm) 5 (>= 2.0 mm) 1 (>= 20.0 mm) Heat Base: 18.3 Cool Base: 18.3 Method: Integration