Rapporti Climatici in stile NOAA
Selezionare un Anno o un Mese
2024: Gen Feb Mar Apr Mag Giu Lug Ago Set Ott Nov Dic
2023: Gen Feb Mar Apr Mag Giu Lug Ago Set Ott Nov Dic
2022: Gen Feb Mar Apr Mag Giu Lug Ago Set Ott Nov Dic
2021: Gen Feb Mar Apr Mag Giu Lug Ago Set Ott Nov Dic
2020: Gen Feb Mar Apr Mag Giu Lug Ago Set Ott Nov Dic
2019: Gen Feb Mar Apr Mag Giu Lug Ago Set Ott Nov Dic
2018: Gen Feb Mar Apr Mag Giu Lug Ago Set Ott Nov Dic
2017: Gen Feb Mar Apr Mag Giu Lug Ago Set Ott Nov Dic
2016: Gen Feb Mar Apr Mag Giu Lug Ago Set Ott Nov Dic
2015: Gen Feb Mar Apr Mag Giu Lug Ago Set Ott Nov Dic
2014: Gen Feb Mar Apr Mag Giu Lug Ago Set Ott Nov Dic
2013: Gen Feb Mar Apr Mag Giu Lug Ago Set Ott Nov Dic
2012: Gen Feb Mar Apr Mag Giu Lug Ago Set Ott Nov Dic
2011: Gen Feb Mar Apr Mag Giu Lug Ago Set Ott Nov Dic
2010: Gen Feb Mar Apr Mag Giu Lug Ago Set Ott Nov Dic
2009: Gen Feb Mar Apr Mag Giu Lug Ago Set Ott Nov Dic
2008: Gen Feb Mar Apr Mag Giu Lug Ago Set Ott Nov Dic
2007: Gen Feb Mar Apr Mag Giu Lug Ago Set Ott Nov Dic
2006: Gen Feb Mar Apr Mag Giu Lug Ago Set Ott Nov Dic
2024: Gen Feb Mar Apr Mag Giu Lug Ago Set Ott Nov Dic
2023: Gen Feb Mar Apr Mag Giu Lug Ago Set Ott Nov Dic
2022: Gen Feb Mar Apr Mag Giu Lug Ago Set Ott Nov Dic
2021: Gen Feb Mar Apr Mag Giu Lug Ago Set Ott Nov Dic
2020: Gen Feb Mar Apr Mag Giu Lug Ago Set Ott Nov Dic
2019: Gen Feb Mar Apr Mag Giu Lug Ago Set Ott Nov Dic
2018: Gen Feb Mar Apr Mag Giu Lug Ago Set Ott Nov Dic
2017: Gen Feb Mar Apr Mag Giu Lug Ago Set Ott Nov Dic
2016: Gen Feb Mar Apr Mag Giu Lug Ago Set Ott Nov Dic
2015: Gen Feb Mar Apr Mag Giu Lug Ago Set Ott Nov Dic
2014: Gen Feb Mar Apr Mag Giu Lug Ago Set Ott Nov Dic
2013: Gen Feb Mar Apr Mag Giu Lug Ago Set Ott Nov Dic
2012: Gen Feb Mar Apr Mag Giu Lug Ago Set Ott Nov Dic
2011: Gen Feb Mar Apr Mag Giu Lug Ago Set Ott Nov Dic
2010: Gen Feb Mar Apr Mag Giu Lug Ago Set Ott Nov Dic
2009: Gen Feb Mar Apr Mag Giu Lug Ago Set Ott Nov Dic
2008: Gen Feb Mar Apr Mag Giu Lug Ago Set Ott Nov Dic
2007: Gen Feb Mar Apr Mag Giu Lug Ago Set Ott Nov Dic
2006: Gen Feb Mar Apr Mag Giu Lug Ago Set Ott Nov Dic
Archivio 2015 Novembre
Monthly Climatological Summary for nov 2015 Name: San Fruttuoso City: Genova State: Italy Elevation: 70 m Lat: N 44° 24' 34" Lon: E 008° 57' 38" Temperature (°C), Rain (mm), Wind Speed (km/h) Heat Cool Avg Mean Deg Deg Wind Dom Day Temp High Time Low Time Days Days Rain Speed High Time Dir ---------------------------------------------------------------------------------- 1 15.7 17.9 10:44 13.8 23:35 2.6 0.0 0.0 12.1 43.5 06:54 N 2 14.5 18.2 14:29 11.7 07:08 3.8 0.0 0.0 8.2 32.2 01:56 NNE 3 14.1 17.4 12:25 11.1 21:07 4.2 0.0 3.0 6.3 30.6 22:01 NNE 4 15.8 18.4 14:33 12.4 00:00 2.5 0.0 0.0 5.1 24.1 00:04 NNE 5 16.5 19.1 11:46 13.7 23:06 1.8 0.1 4.1 5.1 19.3 12:45 SSE 6 15.6 19.6 14:31 13.0 03:24 2.8 0.1 0.0 7.0 16.1 08:56 WSW 7 15.1 19.3 12:25 11.7 07:24 3.3 0.1 0.0 5.7 17.7 08:13 W 8 15.2 18.9 14:41 11.4 06:36 3.2 0.0 0.0 4.1 14.5 03:43 WNW 9 16.3 18.2 13:37 13.8 02:06 2.0 0.0 0.0 5.7 24.1 12:26 SSE 10 16.4 18.1 12:27 13.7 07:25 1.9 0.0 0.0 4.8 17.7 06:54 E 11 16.7 17.9 11:45 15.7 23:30 1.6 0.0 0.0 3.5 20.9 13:10 E 12 15.2 18.3 13:52 12.2 06:34 3.1 0.0 0.0 5.8 17.7 00:47 E 13 16.0 17.9 11:30 13.6 00:10 2.3 0.0 0.0 5.2 17.7 01:15 E 14 16.4 19.1 11:00 13.8 23:32 2.0 0.0 0.0 5.0 20.9 12:26 SE 15 15.6 18.8 15:04 13.4 00:41 2.7 0.0 0.0 6.7 17.7 00:52 ESE 16 16.2 17.7 13:25 15.3 05:41 2.1 0.0 0.0 4.7 19.3 11:38 ESE 17 16.7 17.7 11:45 15.6 02:53 1.6 0.0 0.0 4.8 24.1 15:32 SSE 18 16.5 19.0 13:42 13.8 05:33 1.9 0.0 0.0 5.7 19.3 12:42 ESE 19 16.9 18.1 13:41 15.4 21:12 1.4 0.0 0.0 3.9 27.4 15:35 SE 20 16.8 18.2 12:50 15.7 22:03 1.5 0.0 0.0 6.4 33.8 17:41 SE 21 14.0 17.0 00:00 5.3 23:19 3.9 0.0 2.3 7.7 62.8 22:25 N 22 10.2 14.6 16:13 7.7 06:51 8.1 0.0 0.0 6.9 33.8 07:02 NNW 23 8.0 9.8 13:17 6.6 20:56 10.3 0.0 0.0 9.0 38.6 15:00 N 24 7.8 11.1 14:37 5.9 07:14 10.5 0.0 0.0 8.9 33.8 01:50 N 25 8.0 10.1 15:26 6.2 23:52 10.3 0.0 0.0 7.6 32.2 22:42 N 26 8.1 11.3 14:02 4.8 07:15 10.2 0.0 0.0 9.9 43.5 00:42 N 27 10.0 13.4 14:53 7.5 22:22 8.3 0.0 0.0 6.6 33.8 12:45 N 28 9.3 14.2 14:00 6.1 03:32 9.0 0.0 0.0 7.8 22.5 02:07 N 29 10.9 14.9 13:27 7.7 00:09 7.4 0.0 0.0 6.8 17.7 00:07 NNW 30 13.1 15.8 11:42 9.6 05:40 5.2 0.0 0.0 6.2 33.8 12:47 E ---------------------------------------------------------------------------------- 13.9 19.6 6 4.8 26 131.5 0.3 9.4 6.4 62.8 21 NNE Max >= 27.0: 0 Max <= 5.0: 0 Min <= 20.0: 30 Min <= 0.0: 0 Max Rain: 4.1 on day 5 Days of Rain: 3 (>= 0.2 mm) 3 (>= 2.0 mm) 0 (>= 20.0 mm) Heat Base: 18.3 Cool Base: 18.3 Method: Integration