Rapporti Climatici in stile NOAA
Selezionare un Anno o un Mese
2024: Gen Feb Mar Apr Mag Giu Lug Ago Set Ott Nov Dic
2023: Gen Feb Mar Apr Mag Giu Lug Ago Set Ott Nov Dic
2022: Gen Feb Mar Apr Mag Giu Lug Ago Set Ott Nov Dic
2021: Gen Feb Mar Apr Mag Giu Lug Ago Set Ott Nov Dic
2020: Gen Feb Mar Apr Mag Giu Lug Ago Set Ott Nov Dic
2019: Gen Feb Mar Apr Mag Giu Lug Ago Set Ott Nov Dic
2018: Gen Feb Mar Apr Mag Giu Lug Ago Set Ott Nov Dic
2017: Gen Feb Mar Apr Mag Giu Lug Ago Set Ott Nov Dic
2016: Gen Feb Mar Apr Mag Giu Lug Ago Set Ott Nov Dic
2015: Gen Feb Mar Apr Mag Giu Lug Ago Set Ott Nov Dic
2014: Gen Feb Mar Apr Mag Giu Lug Ago Set Ott Nov Dic
2013: Gen Feb Mar Apr Mag Giu Lug Ago Set Ott Nov Dic
2012: Gen Feb Mar Apr Mag Giu Lug Ago Set Ott Nov Dic
2011: Gen Feb Mar Apr Mag Giu Lug Ago Set Ott Nov Dic
2010: Gen Feb Mar Apr Mag Giu Lug Ago Set Ott Nov Dic
2009: Gen Feb Mar Apr Mag Giu Lug Ago Set Ott Nov Dic
2008: Gen Feb Mar Apr Mag Giu Lug Ago Set Ott Nov Dic
2007: Gen Feb Mar Apr Mag Giu Lug Ago Set Ott Nov Dic
2006: Gen Feb Mar Apr Mag Giu Lug Ago Set Ott Nov Dic
2024: Gen Feb Mar Apr Mag Giu Lug Ago Set Ott Nov Dic
2023: Gen Feb Mar Apr Mag Giu Lug Ago Set Ott Nov Dic
2022: Gen Feb Mar Apr Mag Giu Lug Ago Set Ott Nov Dic
2021: Gen Feb Mar Apr Mag Giu Lug Ago Set Ott Nov Dic
2020: Gen Feb Mar Apr Mag Giu Lug Ago Set Ott Nov Dic
2019: Gen Feb Mar Apr Mag Giu Lug Ago Set Ott Nov Dic
2018: Gen Feb Mar Apr Mag Giu Lug Ago Set Ott Nov Dic
2017: Gen Feb Mar Apr Mag Giu Lug Ago Set Ott Nov Dic
2016: Gen Feb Mar Apr Mag Giu Lug Ago Set Ott Nov Dic
2015: Gen Feb Mar Apr Mag Giu Lug Ago Set Ott Nov Dic
2014: Gen Feb Mar Apr Mag Giu Lug Ago Set Ott Nov Dic
2013: Gen Feb Mar Apr Mag Giu Lug Ago Set Ott Nov Dic
2012: Gen Feb Mar Apr Mag Giu Lug Ago Set Ott Nov Dic
2011: Gen Feb Mar Apr Mag Giu Lug Ago Set Ott Nov Dic
2010: Gen Feb Mar Apr Mag Giu Lug Ago Set Ott Nov Dic
2009: Gen Feb Mar Apr Mag Giu Lug Ago Set Ott Nov Dic
2008: Gen Feb Mar Apr Mag Giu Lug Ago Set Ott Nov Dic
2007: Gen Feb Mar Apr Mag Giu Lug Ago Set Ott Nov Dic
2006: Gen Feb Mar Apr Mag Giu Lug Ago Set Ott Nov Dic
Archivio 2015 Ottobre
Monthly Climatological Summary for ott 2015 Name: San Fruttuoso City: Genova State: Italy Elevation: 70 m Lat: N 44° 24' 34" Lon: E 008° 57' 38" Temperature (°C), Rain (mm), Wind Speed (km/h) Heat Cool Avg Mean Deg Deg Wind Dom Day Temp High Time Low Time Days Days Rain Speed High Time Dir ---------------------------------------------------------------------------------- 1 14.5 17.2 14:04 12.6 07:20 3.8 0.0 1.8 8.3 43.5 23:51 N 2 14.1 15.5 15:40 12.6 00:00 4.2 0.0 30.2 10.5 43.5 07:25 NNE 3 16.3 18.7 21:24 13.5 06:54 2.0 0.0 11.9 6.0 51.5 23:32 E 4 18.7 22.0 13:31 15.9 01:51 0.5 0.9 24.7 8.0 41.8 00:00 SE 5 18.9 22.1 11:20 15.4 04:49 0.7 1.3 0.0 4.3 19.3 08:13 NNE 6 18.5 21.3 14:52 17.2 11:36 0.2 0.5 3.5 4.9 30.6 03:33 NNE 7 19.4 22.7 10:41 16.9 07:03 0.3 1.4 0.0 4.7 32.2 00:10 E 8 19.5 23.3 12:09 16.7 23:34 0.3 1.5 0.0 5.9 24.1 03:49 E 9 18.3 21.1 13:01 15.8 06:26 0.7 0.6 0.0 6.4 27.4 14:48 N 10 18.4 21.4 15:30 15.9 21:41 0.8 0.8 0.0 5.1 37.0 08:34 N 11 17.6 21.3 13:46 14.1 06:31 1.4 0.7 0.0 5.7 19.3 13:49 NW 12 17.1 19.8 10:39 15.2 00:21 1.5 0.3 14.2 6.3 32.2 13:19 N 13 17.6 20.3 15:32 15.7 03:25 0.9 0.2 1.1 4.1 24.1 21:52 NNE 14 17.9 20.7 12:42 15.2 23:05 0.8 0.4 7.6 5.9 29.0 12:59 SE 15 15.4 17.4 02:17 10.7 23:57 2.9 0.0 2.0 12.2 48.3 20:36 SSE 16 12.9 16.4 14:37 10.0 06:07 5.4 0.0 0.0 5.2 30.6 15:25 ESE 17 13.8 16.7 12:13 10.6 07:17 4.4 0.0 0.0 6.8 20.9 13:57 NE 18 13.6 14.3 00:58 12.7 16:44 4.7 0.0 1.8 6.8 30.6 22:12 NNE 19 15.6 21.0 15:20 12.9 05:35 3.0 0.4 0.0 6.0 37.0 02:56 NNE 20 13.8 16.9 13:41 11.7 06:41 4.5 0.0 0.0 8.7 38.6 10:37 N 21 13.6 17.1 14:21 10.9 06:13 4.7 0.0 0.0 10.9 49.9 16:05 N 22 14.4 17.9 13:53 11.8 05:10 3.9 0.0 0.0 10.4 45.1 01:12 N 23 16.0 20.8 14:04 12.9 02:47 2.7 0.3 0.0 6.5 33.8 21:24 NNE 24 16.0 20.2 13:09 13.7 03:40 2.5 0.2 0.0 6.8 54.7 03:58 NNE 25 15.1 19.1 13:05 11.9 07:07 3.2 0.0 0.0 7.3 20.9 13:37 NW 26 16.5 20.6 13:13 13.7 00:23 2.0 0.1 0.0 4.2 35.4 06:35 NE 27 15.4 17.7 13:45 12.3 23:57 2.9 0.0 2.3 5.3 38.6 23:13 NNE 28 12.9 14.1 12:56 11.5 00:44 5.4 0.0 34.5 10.6 46.7 08:19 NNE 29 14.5 17.3 13:12 12.6 05:35 3.8 0.0 3.6 5.9 32.2 01:12 NNE 30 17.3 21.7 14:08 14.3 00:51 1.6 0.6 0.0 7.3 35.4 15:02 N 31 17.0 20.6 14:35 14.4 23:56 1.7 0.4 0.0 10.0 43.5 15:02 N ---------------------------------------------------------------------------------- 16.1 23.3 8 10.0 16 77.4 10.6 139.2 7.0 54.7 24 NNE Max >= 27.0: 0 Max <= 5.0: 0 Min <= 20.0: 31 Min <= 0.0: 0 Max Rain: 34.5 on day 28 Days of Rain: 13 (>= 0.2 mm) 10 (>= 2.0 mm) 3 (>= 20.0 mm) Heat Base: 18.3 Cool Base: 18.3 Method: Integration