Rapporti Climatici in stile NOAA
Selezionare un Anno o un Mese
2024: Gen Feb Mar Apr Mag Giu Lug Ago Set Ott Nov Dic
2023: Gen Feb Mar Apr Mag Giu Lug Ago Set Ott Nov Dic
2022: Gen Feb Mar Apr Mag Giu Lug Ago Set Ott Nov Dic
2021: Gen Feb Mar Apr Mag Giu Lug Ago Set Ott Nov Dic
2020: Gen Feb Mar Apr Mag Giu Lug Ago Set Ott Nov Dic
2019: Gen Feb Mar Apr Mag Giu Lug Ago Set Ott Nov Dic
2018: Gen Feb Mar Apr Mag Giu Lug Ago Set Ott Nov Dic
2017: Gen Feb Mar Apr Mag Giu Lug Ago Set Ott Nov Dic
2016: Gen Feb Mar Apr Mag Giu Lug Ago Set Ott Nov Dic
2015: Gen Feb Mar Apr Mag Giu Lug Ago Set Ott Nov Dic
2014: Gen Feb Mar Apr Mag Giu Lug Ago Set Ott Nov Dic
2013: Gen Feb Mar Apr Mag Giu Lug Ago Set Ott Nov Dic
2012: Gen Feb Mar Apr Mag Giu Lug Ago Set Ott Nov Dic
2011: Gen Feb Mar Apr Mag Giu Lug Ago Set Ott Nov Dic
2010: Gen Feb Mar Apr Mag Giu Lug Ago Set Ott Nov Dic
2009: Gen Feb Mar Apr Mag Giu Lug Ago Set Ott Nov Dic
2008: Gen Feb Mar Apr Mag Giu Lug Ago Set Ott Nov Dic
2007: Gen Feb Mar Apr Mag Giu Lug Ago Set Ott Nov Dic
2006: Gen Feb Mar Apr Mag Giu Lug Ago Set Ott Nov Dic
2024: Gen Feb Mar Apr Mag Giu Lug Ago Set Ott Nov Dic
2023: Gen Feb Mar Apr Mag Giu Lug Ago Set Ott Nov Dic
2022: Gen Feb Mar Apr Mag Giu Lug Ago Set Ott Nov Dic
2021: Gen Feb Mar Apr Mag Giu Lug Ago Set Ott Nov Dic
2020: Gen Feb Mar Apr Mag Giu Lug Ago Set Ott Nov Dic
2019: Gen Feb Mar Apr Mag Giu Lug Ago Set Ott Nov Dic
2018: Gen Feb Mar Apr Mag Giu Lug Ago Set Ott Nov Dic
2017: Gen Feb Mar Apr Mag Giu Lug Ago Set Ott Nov Dic
2016: Gen Feb Mar Apr Mag Giu Lug Ago Set Ott Nov Dic
2015: Gen Feb Mar Apr Mag Giu Lug Ago Set Ott Nov Dic
2014: Gen Feb Mar Apr Mag Giu Lug Ago Set Ott Nov Dic
2013: Gen Feb Mar Apr Mag Giu Lug Ago Set Ott Nov Dic
2012: Gen Feb Mar Apr Mag Giu Lug Ago Set Ott Nov Dic
2011: Gen Feb Mar Apr Mag Giu Lug Ago Set Ott Nov Dic
2010: Gen Feb Mar Apr Mag Giu Lug Ago Set Ott Nov Dic
2009: Gen Feb Mar Apr Mag Giu Lug Ago Set Ott Nov Dic
2008: Gen Feb Mar Apr Mag Giu Lug Ago Set Ott Nov Dic
2007: Gen Feb Mar Apr Mag Giu Lug Ago Set Ott Nov Dic
2006: Gen Feb Mar Apr Mag Giu Lug Ago Set Ott Nov Dic
Archivio 2015 Settembre
Monthly Climatological Summary for set 2015 Name: San Fruttuoso City: Genova State: Italy Elevation: 70 m Lat: N 44° 24' 34" Lon: E 008° 57' 38" Temperature (°C), Rain (mm), Wind Speed (km/h) Heat Cool Avg Mean Deg Deg Wind Dom Day Temp High Time Low Time Days Days Rain Speed High Time Dir ---------------------------------------------------------------------------------- 1 23.5 26.8 13:52 19.8 04:48 0.0 5.2 0.0 8.9 33.8 15:58 SSE 2 23.5 26.5 10:14 20.1 02:39 0.0 5.2 0.2 9.1 35.4 02:21 SE 3 23.4 24.8 13:43 22.5 02:14 0.0 5.1 0.0 8.7 35.4 12:18 SE 4 23.4 25.2 13:04 21.7 07:03 0.0 5.1 0.0 8.6 37.0 11:25 SE 5 21.9 24.9 11:35 17.7 23:36 0.0 3.7 15.3 6.2 38.6 13:21 ESE 6 21.2 26.6 16:08 15.8 04:21 0.2 3.2 0.0 7.9 33.8 12:44 NNW 7 21.5 25.6 16:13 17.2 02:45 0.0 3.3 0.0 7.5 30.6 12:01 NW 8 22.1 25.9 15:48 18.4 06:36 0.0 3.8 0.0 7.8 35.4 15:19 NNW 9 22.0 26.6 15:43 18.6 06:29 0.0 3.7 0.0 7.3 35.4 11:43 NNW 10 21.6 25.6 14:50 18.4 03:35 0.0 3.3 0.0 6.5 22.5 12:08 WNW 11 21.6 23.9 15:39 18.3 02:23 0.0 1.3 1.0 7.5 27.4 14:45 S 12 21.3 23.3 17:51 18.8 05:23 0.0 3.0 0.0 7.3 19.3 15:56 W 13 19.7 22.8 07:01 16.8 10:01 0.1 1.5 98.3 8.0 38.6 07:18 SE 14 22.3 23.8 14:10 19.9 00:26 0.0 4.0 112.3 8.7 82.1 03:05 SSE 15 22.0 23.4 15:45 19.9 22:56 0.0 3.7 0.0 10.7 35.4 09:09 SE 16 22.4 24.8 15:55 19.4 02:04 0.0 4.1 1.5 7.6 32.2 12:09 SE 17 23.5 25.4 14:30 22.4 02:25 0.0 5.2 0.0 11.7 40.2 10:35 SE 18 22.1 23.9 13:21 19.1 23:40 0.0 3.8 0.0 9.6 35.4 10:58 SE 19 20.2 24.3 14:53 16.2 06:33 0.4 2.3 1.8 8.4 37.0 15:29 ENE 20 21.8 26.3 15:47 17.2 00:00 0.0 3.5 0.0 8.8 38.6 13:33 NNW 21 20.0 23.8 10:44 16.2 06:16 0.4 2.1 0.0 9.1 29.0 12:14 NW 22 19.6 21.9 10:03 16.5 05:26 0.4 1.7 0.0 10.6 37.0 23:08 SE 23 18.0 20.9 00:00 13.9 11:08 1.2 0.9 6.1 9.6 41.8 07:20 E 24 19.2 23.9 15:07 15.6 04:22 0.8 1.7 0.0 8.1 35.4 01:35 NNW 25 19.8 24.3 11:45 15.5 04:40 0.6 2.1 0.0 6.2 20.9 15:31 WNW 26 19.2 23.1 14:41 15.2 05:34 0.8 1.7 1.2 6.9 20.9 13:25 WNW 27 20.3 23.7 15:31 17.7 06:28 0.0 2.1 0.3 4.5 24.1 16:26 NW 28 18.5 20.7 16:17 16.8 06:50 0.4 0.6 0.0 5.4 33.8 13:11 N 29 17.7 21.4 14:21 15.7 23:57 1.1 0.5 0.0 5.3 35.4 13:20 N 30 16.9 22.0 14:36 13.3 06:16 2.0 0.6 0.0 7.0 30.6 11:49 N ---------------------------------------------------------------------------------- 21.0 26.8 1 13.3 30 8.4 88.0 238.0 8.0 82.1 14 ESE Max >= 27.0: 0 Max <= 5.0: 0 Min <= 20.0: 26 Min <= 0.0: 0 Max Rain: 112.3 on day 14 Days of Rain: 10 (>= 0.2 mm) 4 (>= 2.0 mm) 2 (>= 20.0 mm) Heat Base: 18.3 Cool Base: 18.3 Method: Integration