Rapporti Climatici in stile NOAA
Selezionare un Anno o un Mese
2024: Gen Feb Mar Apr Mag Giu Lug Ago Set Ott Nov Dic
2023: Gen Feb Mar Apr Mag Giu Lug Ago Set Ott Nov Dic
2022: Gen Feb Mar Apr Mag Giu Lug Ago Set Ott Nov Dic
2021: Gen Feb Mar Apr Mag Giu Lug Ago Set Ott Nov Dic
2020: Gen Feb Mar Apr Mag Giu Lug Ago Set Ott Nov Dic
2019: Gen Feb Mar Apr Mag Giu Lug Ago Set Ott Nov Dic
2018: Gen Feb Mar Apr Mag Giu Lug Ago Set Ott Nov Dic
2017: Gen Feb Mar Apr Mag Giu Lug Ago Set Ott Nov Dic
2016: Gen Feb Mar Apr Mag Giu Lug Ago Set Ott Nov Dic
2015: Gen Feb Mar Apr Mag Giu Lug Ago Set Ott Nov Dic
2014: Gen Feb Mar Apr Mag Giu Lug Ago Set Ott Nov Dic
2013: Gen Feb Mar Apr Mag Giu Lug Ago Set Ott Nov Dic
2012: Gen Feb Mar Apr Mag Giu Lug Ago Set Ott Nov Dic
2011: Gen Feb Mar Apr Mag Giu Lug Ago Set Ott Nov Dic
2010: Gen Feb Mar Apr Mag Giu Lug Ago Set Ott Nov Dic
2009: Gen Feb Mar Apr Mag Giu Lug Ago Set Ott Nov Dic
2008: Gen Feb Mar Apr Mag Giu Lug Ago Set Ott Nov Dic
2007: Gen Feb Mar Apr Mag Giu Lug Ago Set Ott Nov Dic
2006: Gen Feb Mar Apr Mag Giu Lug Ago Set Ott Nov Dic
2024: Gen Feb Mar Apr Mag Giu Lug Ago Set Ott Nov Dic
2023: Gen Feb Mar Apr Mag Giu Lug Ago Set Ott Nov Dic
2022: Gen Feb Mar Apr Mag Giu Lug Ago Set Ott Nov Dic
2021: Gen Feb Mar Apr Mag Giu Lug Ago Set Ott Nov Dic
2020: Gen Feb Mar Apr Mag Giu Lug Ago Set Ott Nov Dic
2019: Gen Feb Mar Apr Mag Giu Lug Ago Set Ott Nov Dic
2018: Gen Feb Mar Apr Mag Giu Lug Ago Set Ott Nov Dic
2017: Gen Feb Mar Apr Mag Giu Lug Ago Set Ott Nov Dic
2016: Gen Feb Mar Apr Mag Giu Lug Ago Set Ott Nov Dic
2015: Gen Feb Mar Apr Mag Giu Lug Ago Set Ott Nov Dic
2014: Gen Feb Mar Apr Mag Giu Lug Ago Set Ott Nov Dic
2013: Gen Feb Mar Apr Mag Giu Lug Ago Set Ott Nov Dic
2012: Gen Feb Mar Apr Mag Giu Lug Ago Set Ott Nov Dic
2011: Gen Feb Mar Apr Mag Giu Lug Ago Set Ott Nov Dic
2010: Gen Feb Mar Apr Mag Giu Lug Ago Set Ott Nov Dic
2009: Gen Feb Mar Apr Mag Giu Lug Ago Set Ott Nov Dic
2008: Gen Feb Mar Apr Mag Giu Lug Ago Set Ott Nov Dic
2007: Gen Feb Mar Apr Mag Giu Lug Ago Set Ott Nov Dic
2006: Gen Feb Mar Apr Mag Giu Lug Ago Set Ott Nov Dic
Archivio 2015 Agosto
Monthly Climatological Summary for ago 2015 Name: San Fruttuoso City: Genova State: Italy Elevation: 70 m Lat: N 44° 24' 34" Lon: E 008° 57' 38" Temperature (°C), Rain (mm), Wind Speed (km/h) Heat Cool Avg Mean Deg Deg Wind Dom Day Temp High Time Low Time Days Days Rain Speed High Time Dir ---------------------------------------------------------------------------------- 1 23.3 25.6 00:00 20.4 23:12 0.0 5.2 0.0 6.9 38.6 17:38 N 2 23.7 26.9 15:09 20.4 00:18 0.0 3.9 0.0 3.5 35.4 00:00 N 3 26.6 30.2 13:44 23.3 05:48 0.0 8.3 0.0 4.7 24.1 05:57 S 4 26.1 28.6 17:00 23.4 05:53 0.0 7.8 0.0 4.7 19.3 11:50 SW 5 26.2 29.3 13:56 22.4 05:09 0.0 7.9 0.0 4.9 20.9 14:08 SW 6 29.4 31.8 09:14 26.5 03:40 0.0 11.1 0.0 4.9 19.3 06:34 S 7 31.7 37.3 17:43 27.5 01:11 0.0 13.4 0.0 6.6 32.2 16:34 NW 8 31.2 35.1 10:30 26.9 04:42 0.0 12.9 0.0 7.1 20.9 06:21 W 9 28.2 31.3 13:43 24.9 23:51 0.0 9.9 0.3 5.6 25.7 16:53 SSW 10 24.1 26.8 12:39 21.4 14:05 0.0 5.8 8.8 5.5 35.4 11:59 N 11 27.7 34.2 15:37 23.9 00:00 0.0 9.4 1.0 7.6 33.8 15:07 N 12 29.6 33.9 12:00 25.2 00:12 0.0 11.3 0.0 8.2 25.7 05:21 NW 13 28.0 32.2 12:44 24.7 03:27 0.0 9.7 0.0 6.9 22.5 12:58 WNW 14 25.1 27.6 10:59 22.7 06:32 0.0 6.8 0.7 7.1 25.7 11:28 SSW 15 23.0 26.3 08:32 18.7 10:03 0.0 4.7 31.6 8.6 33.8 14:38 SE 16 22.0 24.9 15:38 19.2 05:11 0.0 3.7 0.0 6.7 22.5 14:11 NNW 17 22.2 25.7 15:06 17.9 04:45 0.0 3.9 0.0 10.5 41.8 11:54 SE 18 23.6 25.7 12:44 22.3 04:25 0.0 5.3 0.0 8.4 35.4 11:17 SE 19 22.5 25.7 15:53 19.9 06:41 0.0 4.2 0.0 5.9 27.4 15:07 S 20 23.2 26.2 09:14 19.3 05:26 0.0 4.9 0.0 6.0 27.4 13:01 SSW 21 24.0 26.6 17:25 20.1 03:39 0.0 5.7 0.0 5.5 27.4 14:31 SW 22 23.4 25.4 12:43 20.4 06:30 0.0 5.1 0.0 5.9 27.4 15:18 SW 23 22.4 25.8 16:05 19.6 22:00 0.0 4.1 17.3 6.3 27.4 12:22 WSW 24 21.6 24.0 17:10 18.9 03:50 0.0 3.3 52.8 8.1 41.8 16:58 ESE 25 23.3 25.0 13:24 19.9 23:58 0.0 5.0 0.3 9.9 45.1 14:57 SE 26 22.3 26.2 14:29 17.6 05:31 0.1 4.1 0.0 6.1 17.7 02:35 WNW 27 24.2 28.0 14:42 20.8 06:23 0.0 5.9 0.0 5.7 17.7 10:46 WSW 28 24.1 27.8 17:21 19.9 05:22 0.0 5.8 0.0 7.5 17.7 01:43 WNW 29 26.6 31.2 15:57 22.0 01:36 0.0 8.3 0.0 6.6 20.9 22:59 NW 30 25.1 28.0 15:55 22.0 05:58 0.0 6.8 0.0 5.3 17.7 12:42 WSW 31 24.0 27.3 09:41 20.0 06:27 0.0 5.7 0.0 7.3 24.1 12:38 WSW ---------------------------------------------------------------------------------- 25.1 37.3 7 17.6 26 0.1 209.9 112.8 6.7 45.1 25 WSW Max >= 27.0: 16 Max <= 5.0: 0 Min <= 20.0: 11 Min <= 0.0: 0 Max Rain: 52.8 on day 24 Days of Rain: 8 (>= 0.2 mm) 4 (>= 2.0 mm) 2 (>= 20.0 mm) Heat Base: 18.3 Cool Base: 18.3 Method: Integration