Rapporti Climatici in stile NOAA
Selezionare un Anno o un Mese
2024: Gen Feb Mar Apr Mag Giu Lug Ago Set Ott Nov Dic
2023: Gen Feb Mar Apr Mag Giu Lug Ago Set Ott Nov Dic
2022: Gen Feb Mar Apr Mag Giu Lug Ago Set Ott Nov Dic
2021: Gen Feb Mar Apr Mag Giu Lug Ago Set Ott Nov Dic
2020: Gen Feb Mar Apr Mag Giu Lug Ago Set Ott Nov Dic
2019: Gen Feb Mar Apr Mag Giu Lug Ago Set Ott Nov Dic
2018: Gen Feb Mar Apr Mag Giu Lug Ago Set Ott Nov Dic
2017: Gen Feb Mar Apr Mag Giu Lug Ago Set Ott Nov Dic
2016: Gen Feb Mar Apr Mag Giu Lug Ago Set Ott Nov Dic
2015: Gen Feb Mar Apr Mag Giu Lug Ago Set Ott Nov Dic
2014: Gen Feb Mar Apr Mag Giu Lug Ago Set Ott Nov Dic
2013: Gen Feb Mar Apr Mag Giu Lug Ago Set Ott Nov Dic
2012: Gen Feb Mar Apr Mag Giu Lug Ago Set Ott Nov Dic
2011: Gen Feb Mar Apr Mag Giu Lug Ago Set Ott Nov Dic
2010: Gen Feb Mar Apr Mag Giu Lug Ago Set Ott Nov Dic
2009: Gen Feb Mar Apr Mag Giu Lug Ago Set Ott Nov Dic
2008: Gen Feb Mar Apr Mag Giu Lug Ago Set Ott Nov Dic
2007: Gen Feb Mar Apr Mag Giu Lug Ago Set Ott Nov Dic
2006: Gen Feb Mar Apr Mag Giu Lug Ago Set Ott Nov Dic
2024: Gen Feb Mar Apr Mag Giu Lug Ago Set Ott Nov Dic
2023: Gen Feb Mar Apr Mag Giu Lug Ago Set Ott Nov Dic
2022: Gen Feb Mar Apr Mag Giu Lug Ago Set Ott Nov Dic
2021: Gen Feb Mar Apr Mag Giu Lug Ago Set Ott Nov Dic
2020: Gen Feb Mar Apr Mag Giu Lug Ago Set Ott Nov Dic
2019: Gen Feb Mar Apr Mag Giu Lug Ago Set Ott Nov Dic
2018: Gen Feb Mar Apr Mag Giu Lug Ago Set Ott Nov Dic
2017: Gen Feb Mar Apr Mag Giu Lug Ago Set Ott Nov Dic
2016: Gen Feb Mar Apr Mag Giu Lug Ago Set Ott Nov Dic
2015: Gen Feb Mar Apr Mag Giu Lug Ago Set Ott Nov Dic
2014: Gen Feb Mar Apr Mag Giu Lug Ago Set Ott Nov Dic
2013: Gen Feb Mar Apr Mag Giu Lug Ago Set Ott Nov Dic
2012: Gen Feb Mar Apr Mag Giu Lug Ago Set Ott Nov Dic
2011: Gen Feb Mar Apr Mag Giu Lug Ago Set Ott Nov Dic
2010: Gen Feb Mar Apr Mag Giu Lug Ago Set Ott Nov Dic
2009: Gen Feb Mar Apr Mag Giu Lug Ago Set Ott Nov Dic
2008: Gen Feb Mar Apr Mag Giu Lug Ago Set Ott Nov Dic
2007: Gen Feb Mar Apr Mag Giu Lug Ago Set Ott Nov Dic
2006: Gen Feb Mar Apr Mag Giu Lug Ago Set Ott Nov Dic
Archivio 2015 Luglio
Monthly Climatological Summary for lug 2015 Name: San Fruttuoso City: Genova State: Italy Elevation: 70 m Lat: N 44° 24' 34" Lon: E 008° 57' 38" Temperature (°C), Rain (mm), Wind Speed (km/h) Heat Cool Avg Mean Deg Deg Wind Dom Day Temp High Time Low Time Days Days Rain Speed High Time Dir ---------------------------------------------------------------------------------- 1 26.2 28.6 17:34 23.3 04:57 0.0 7.9 0.0 5.3 20.9 11:47 SSW 2 26.4 29.1 16:27 23.3 04:30 0.0 8.1 0.0 6.0 20.9 22:21 SW 3 27.2 30.3 18:56 23.7 04:28 0.0 8.9 0.0 6.1 38.6 23:50 WSW 4 29.3 32.2 13:23 26.4 23:56 0.0 11.0 0.0 5.8 32.2 03:59 S 5 27.1 29.9 13:16 24.1 05:17 0.0 8.8 0.0 5.9 22.5 15:38 SW 6 26.5 28.3 14:27 24.2 05:02 0.0 8.1 0.0 6.9 29.0 12:43 S 7 26.4 28.7 11:29 22.9 05:23 0.0 8.1 0.0 6.4 22.5 14:45 SSW 8 26.7 28.9 15:15 25.1 23:38 0.0 8.4 0.0 10.1 38.6 09:48 SE 9 28.4 33.3 15:15 23.4 03:11 0.0 10.1 0.0 8.1 33.8 16:54 NNW 10 28.3 32.1 15:34 24.7 04:56 0.0 10.0 0.0 8.4 41.8 14:22 NNW 11 26.4 28.6 14:02 23.1 05:38 0.0 8.1 0.0 6.0 22.5 11:28 S 12 25.2 28.0 10:31 21.7 04:41 0.0 6.9 0.0 7.1 24.1 10:58 WSW 13 25.4 27.9 12:31 22.7 05:04 0.0 7.0 0.0 6.9 24.1 10:40 SSW 14 25.9 28.7 17:02 22.7 04:33 0.0 7.6 0.0 6.6 24.1 10:56 S 15 26.4 29.9 15:23 22.7 05:12 0.0 8.1 0.0 6.0 19.3 11:44 SW 16 26.7 30.1 17:33 22.4 05:03 0.0 8.4 0.0 7.3 20.9 14:37 WSW 17 26.6 29.6 15:20 22.7 05:07 0.0 8.3 0.0 7.1 22.5 15:05 W 18 26.9 29.3 14:01 23.3 05:35 0.0 8.6 0.0 6.1 22.5 12:29 WSW 19 26.7 29.6 15:54 22.8 05:26 0.0 8.4 0.0 9.0 30.6 13:03 S 20 26.6 29.4 15:36 23.4 04:59 0.0 8.3 0.0 7.8 24.1 10:51 SSE 21 27.1 30.2 15:56 23.3 05:17 0.0 8.8 0.0 6.4 19.3 16:09 WSW 22 27.3 30.3 16:27 23.7 05:11 0.0 9.0 0.0 6.5 22.5 14:46 WSW 23 27.2 30.0 17:20 24.2 05:43 0.0 8.9 0.0 7.0 24.1 12:31 SW 24 26.8 29.1 11:56 23.3 05:34 0.0 8.5 0.0 7.0 24.1 14:01 WSW 25 26.4 29.3 16:47 23.3 04:36 0.0 8.1 1.3 7.5 38.6 10:09 ESE 26 26.1 28.7 13:44 23.4 05:46 0.0 7.8 0.0 6.4 29.0 11:05 SSE 27 26.1 29.2 16:13 24.2 03:12 0.0 7.8 0.0 11.2 43.5 18:26 SE 28 24.9 27.3 08:55 22.2 04:57 0.0 6.6 0.0 11.0 43.5 09:55 SE 29 24.6 26.2 12:19 22.2 04:52 0.0 6.3 0.0 9.4 41.8 17:11 SE 30 24.5 26.4 09:14 22.3 05:35 0.0 6.2 0.0 6.7 32.2 11:00 SE 31 26.5 30.7 16:53 22.5 04:41 0.0 8.2 0.0 6.1 38.6 17:42 N ---------------------------------------------------------------------------------- 26.5 33.3 9 21.7 12 0.0 255.3 1.3 7.2 43.5 27 SSW Max >= 27.0: 29 Max <= 5.0: 0 Min <= 20.0: 0 Min <= 0.0: 0 Max Rain: 1.3 on day 25 Days of Rain: 1 (>= 0.2 mm) 0 (>= 2.0 mm) 0 (>= 20.0 mm) Heat Base: 18.3 Cool Base: 18.3 Method: Integration