Rapporti Climatici in stile NOAA
Selezionare un Anno o un Mese
2024: Gen Feb Mar Apr Mag Giu Lug Ago Set Ott Nov Dic
2023: Gen Feb Mar Apr Mag Giu Lug Ago Set Ott Nov Dic
2022: Gen Feb Mar Apr Mag Giu Lug Ago Set Ott Nov Dic
2021: Gen Feb Mar Apr Mag Giu Lug Ago Set Ott Nov Dic
2020: Gen Feb Mar Apr Mag Giu Lug Ago Set Ott Nov Dic
2019: Gen Feb Mar Apr Mag Giu Lug Ago Set Ott Nov Dic
2018: Gen Feb Mar Apr Mag Giu Lug Ago Set Ott Nov Dic
2017: Gen Feb Mar Apr Mag Giu Lug Ago Set Ott Nov Dic
2016: Gen Feb Mar Apr Mag Giu Lug Ago Set Ott Nov Dic
2015: Gen Feb Mar Apr Mag Giu Lug Ago Set Ott Nov Dic
2014: Gen Feb Mar Apr Mag Giu Lug Ago Set Ott Nov Dic
2013: Gen Feb Mar Apr Mag Giu Lug Ago Set Ott Nov Dic
2012: Gen Feb Mar Apr Mag Giu Lug Ago Set Ott Nov Dic
2011: Gen Feb Mar Apr Mag Giu Lug Ago Set Ott Nov Dic
2010: Gen Feb Mar Apr Mag Giu Lug Ago Set Ott Nov Dic
2009: Gen Feb Mar Apr Mag Giu Lug Ago Set Ott Nov Dic
2008: Gen Feb Mar Apr Mag Giu Lug Ago Set Ott Nov Dic
2007: Gen Feb Mar Apr Mag Giu Lug Ago Set Ott Nov Dic
2006: Gen Feb Mar Apr Mag Giu Lug Ago Set Ott Nov Dic
2024: Gen Feb Mar Apr Mag Giu Lug Ago Set Ott Nov Dic
2023: Gen Feb Mar Apr Mag Giu Lug Ago Set Ott Nov Dic
2022: Gen Feb Mar Apr Mag Giu Lug Ago Set Ott Nov Dic
2021: Gen Feb Mar Apr Mag Giu Lug Ago Set Ott Nov Dic
2020: Gen Feb Mar Apr Mag Giu Lug Ago Set Ott Nov Dic
2019: Gen Feb Mar Apr Mag Giu Lug Ago Set Ott Nov Dic
2018: Gen Feb Mar Apr Mag Giu Lug Ago Set Ott Nov Dic
2017: Gen Feb Mar Apr Mag Giu Lug Ago Set Ott Nov Dic
2016: Gen Feb Mar Apr Mag Giu Lug Ago Set Ott Nov Dic
2015: Gen Feb Mar Apr Mag Giu Lug Ago Set Ott Nov Dic
2014: Gen Feb Mar Apr Mag Giu Lug Ago Set Ott Nov Dic
2013: Gen Feb Mar Apr Mag Giu Lug Ago Set Ott Nov Dic
2012: Gen Feb Mar Apr Mag Giu Lug Ago Set Ott Nov Dic
2011: Gen Feb Mar Apr Mag Giu Lug Ago Set Ott Nov Dic
2010: Gen Feb Mar Apr Mag Giu Lug Ago Set Ott Nov Dic
2009: Gen Feb Mar Apr Mag Giu Lug Ago Set Ott Nov Dic
2008: Gen Feb Mar Apr Mag Giu Lug Ago Set Ott Nov Dic
2007: Gen Feb Mar Apr Mag Giu Lug Ago Set Ott Nov Dic
2006: Gen Feb Mar Apr Mag Giu Lug Ago Set Ott Nov Dic
Archivio 2015 Aprile
Monthly Climatological Summary for apr 2015 Name: San Fruttuoso City: Genova State: Italy Elevation: 70 m Lat: N 44° 24' 34" Lon: E 008° 57' 38" Temperature (°C), Rain (mm), Wind Speed (km/h) Heat Cool Avg Mean Deg Deg Wind Dom Day Temp High Time Low Time Days Days Rain Speed High Time Dir ---------------------------------------------------------------------------------- 1 16.6 20.2 15:13 12.7 00:02 1.9 0.2 0.0 9.8 45.1 02:15 NNW 2 13.7 16.0 15:41 10.5 23:59 4.6 0.0 0.0 7.9 32.2 13:51 ESE 3 12.7 16.2 15:31 8.4 05:14 5.6 0.0 0.0 6.1 24.1 12:05 WNW 4 12.9 14.5 16:33 10.7 23:48 5.4 0.0 5.0 6.4 38.6 09:41 NNW 5 12.0 16.0 13:28 9.9 23:57 6.3 0.0 0.0 6.9 35.4 16:54 NE 6 10.9 13.6 15:14 7.8 06:20 7.4 0.0 0.0 7.0 33.8 12:16 WSW 7 11.7 15.6 14:23 8.4 06:37 6.6 0.0 0.0 6.4 29.0 11:17 WSW 8 11.4 15.4 15:26 7.0 06:10 6.9 0.0 0.0 8.4 24.1 12:25 W 9 12.1 15.7 14:24 8.1 04:14 6.2 0.0 0.0 6.9 22.5 12:00 W 10 12.5 15.1 12:43 8.9 06:04 5.8 0.0 0.0 7.0 25.7 11:41 S 11 12.4 14.9 14:16 9.0 05:40 5.9 0.0 0.0 8.3 32.2 10:39 S 12 13.9 18.2 17:03 8.8 05:43 4.4 0.0 0.0 7.1 17.7 05:49 W 13 15.4 18.4 13:20 12.8 06:34 2.9 0.0 0.0 4.6 19.3 15:05 S 14 14.3 17.0 13:34 10.8 05:44 4.0 0.0 0.0 6.7 20.9 11:21 S 15 14.3 15.9 10:26 13.2 05:28 4.0 0.0 0.0 4.3 22.5 14:51 S 16 15.6 17.3 15:37 14.4 18:46 5.2 0.0 0.0 10.1 33.8 15:51 SSE 17 15.5 17.3 15:37 13.6 05:49 2.7 0.0 1.6 13.1 33.8 15:51 SE 18 15.4 17.7 14:08 13.8 03:53 2.9 0.0 0.5 5.9 35.4 14:19 SE 19 13.3 16.6 17:31 10.6 06:23 5.0 0.0 8.1 7.4 41.8 13:47 N 20 14.6 18.3 15:33 11.6 05:59 3.7 0.0 0.0 7.3 33.8 01:49 NNE 21 15.0 20.9 17:35 10.8 04:29 3.4 0.1 0.0 4.6 17.7 11:31 SW 22 14.2 16.9 10:02 10.2 06:06 4.1 0.0 0.0 9.0 27.4 15:23 S 23 15.9 17.6 16:15 12.9 23:29 2.4 0.0 0.0 10.4 38.6 10:08 SE 24 15.2 17.6 16:28 12.6 05:35 3.1 0.0 0.0 5.9 29.0 10:57 SSE 25 14.5 16.3 18:47 11.7 05:35 3.8 0.0 0.0 6.1 20.9 12:34 E 26 16.3 18.3 15:08 15.2 00:20 2.0 0.0 0.8 8.8 35.4 11:00 SE 27 14.9 15.8 00:00 12.6 14:06 3.4 0.0 34.0 8.5 48.3 13:50 SE 28 14.7 17.0 17:51 12.7 23:58 3.6 0.0 0.8 2.7 20.9 12:14 SW 29 15.2 18.8 09:53 10.8 04:58 3.1 0.0 0.0 6.8 27.4 18:07 SSE 30 15.7 17.4 13:53 14.1 06:07 2.6 0.0 0.0 9.7 35.4 15:32 SE ---------------------------------------------------------------------------------- 14.1 20.9 21 7.0 8 128.9 0.3 50.8 7.3 48.3 27 S Max >= 27.0: 0 Max <= 5.0: 0 Min <= 20.0: 30 Min <= 0.0: 0 Max Rain: 34.0 on day 27 Days of Rain: 7 (>= 0.2 mm) 3 (>= 2.0 mm) 1 (>= 20.0 mm) Heat Base: 18.3 Cool Base: 18.3 Method: Integration