Rapporti Climatici in stile NOAA
Selezionare un Anno o un Mese
2024: Gen Feb Mar Apr Mag Giu Lug Ago Set Ott Nov Dic
2023: Gen Feb Mar Apr Mag Giu Lug Ago Set Ott Nov Dic
2022: Gen Feb Mar Apr Mag Giu Lug Ago Set Ott Nov Dic
2021: Gen Feb Mar Apr Mag Giu Lug Ago Set Ott Nov Dic
2020: Gen Feb Mar Apr Mag Giu Lug Ago Set Ott Nov Dic
2019: Gen Feb Mar Apr Mag Giu Lug Ago Set Ott Nov Dic
2018: Gen Feb Mar Apr Mag Giu Lug Ago Set Ott Nov Dic
2017: Gen Feb Mar Apr Mag Giu Lug Ago Set Ott Nov Dic
2016: Gen Feb Mar Apr Mag Giu Lug Ago Set Ott Nov Dic
2015: Gen Feb Mar Apr Mag Giu Lug Ago Set Ott Nov Dic
2014: Gen Feb Mar Apr Mag Giu Lug Ago Set Ott Nov Dic
2013: Gen Feb Mar Apr Mag Giu Lug Ago Set Ott Nov Dic
2012: Gen Feb Mar Apr Mag Giu Lug Ago Set Ott Nov Dic
2011: Gen Feb Mar Apr Mag Giu Lug Ago Set Ott Nov Dic
2010: Gen Feb Mar Apr Mag Giu Lug Ago Set Ott Nov Dic
2009: Gen Feb Mar Apr Mag Giu Lug Ago Set Ott Nov Dic
2008: Gen Feb Mar Apr Mag Giu Lug Ago Set Ott Nov Dic
2007: Gen Feb Mar Apr Mag Giu Lug Ago Set Ott Nov Dic
2006: Gen Feb Mar Apr Mag Giu Lug Ago Set Ott Nov Dic
2024: Gen Feb Mar Apr Mag Giu Lug Ago Set Ott Nov Dic
2023: Gen Feb Mar Apr Mag Giu Lug Ago Set Ott Nov Dic
2022: Gen Feb Mar Apr Mag Giu Lug Ago Set Ott Nov Dic
2021: Gen Feb Mar Apr Mag Giu Lug Ago Set Ott Nov Dic
2020: Gen Feb Mar Apr Mag Giu Lug Ago Set Ott Nov Dic
2019: Gen Feb Mar Apr Mag Giu Lug Ago Set Ott Nov Dic
2018: Gen Feb Mar Apr Mag Giu Lug Ago Set Ott Nov Dic
2017: Gen Feb Mar Apr Mag Giu Lug Ago Set Ott Nov Dic
2016: Gen Feb Mar Apr Mag Giu Lug Ago Set Ott Nov Dic
2015: Gen Feb Mar Apr Mag Giu Lug Ago Set Ott Nov Dic
2014: Gen Feb Mar Apr Mag Giu Lug Ago Set Ott Nov Dic
2013: Gen Feb Mar Apr Mag Giu Lug Ago Set Ott Nov Dic
2012: Gen Feb Mar Apr Mag Giu Lug Ago Set Ott Nov Dic
2011: Gen Feb Mar Apr Mag Giu Lug Ago Set Ott Nov Dic
2010: Gen Feb Mar Apr Mag Giu Lug Ago Set Ott Nov Dic
2009: Gen Feb Mar Apr Mag Giu Lug Ago Set Ott Nov Dic
2008: Gen Feb Mar Apr Mag Giu Lug Ago Set Ott Nov Dic
2007: Gen Feb Mar Apr Mag Giu Lug Ago Set Ott Nov Dic
2006: Gen Feb Mar Apr Mag Giu Lug Ago Set Ott Nov Dic
Archivio 2015 Febbraio
Monthly Climatological Summary for feb 2015 Name: San Fruttuoso City: Genova State: Italy Elevation: 70 m Lat: N 44° 24' 34" Lon: E 008° 57' 38" Temperature (°C), Rain (mm), Wind Speed (km/h) Heat Cool Avg Mean Deg Deg Wind Dom Day Temp High Time Low Time Days Days Rain Speed High Time Dir ---------------------------------------------------------------------------------- 1 7.1 11.6 14:57 4.2 07:55 11.2 0.0 0.0 8.6 40.2 03:30 NW 2 8.0 12.3 13:34 3.0 07:58 10.3 0.0 0.0 6.3 32.2 15:54 NNE 3 6.0 8.3 01:44 4.2 20:20 12.3 0.0 1.3 6.7 35.4 19:03 N 4 5.9 7.2 15:11 4.4 00:00 12.4 0.0 0.5 10.4 43.5 08:58 N 5 5.9 8.0 12:56 4.7 09:00 12.4 0.0 17.7 7.8 37.0 23:55 N 6 7.2 9.9 11:32 4.7 06:49 11.0 0.0 0.6 11.4 46.7 06:28 N 7 6.4 8.2 12:48 4.3 23:55 11.9 0.0 0.0 11.1 45.1 10:26 N 8 7.5 11.5 19:26 2.6 07:11 10.8 0.0 0.0 6.6 37.0 01:12 N 9 7.3 10.8 16:31 3.6 03:53 11.0 0.0 0.0 5.8 22.5 12:31 NW 10 8.9 13.4 14:37 4.1 06:05 9.4 0.0 0.0 7.3 20.9 13:15 NNW 11 10.6 14.3 14:46 6.1 04:07 7.7 0.0 0.0 5.6 19.3 04:49 SE 12 10.8 14.8 15:12 7.0 05:27 7.5 0.0 0.0 6.2 25.7 23:10 NNW 13 8.3 9.7 00:00 7.5 07:15 10.0 0.0 0.2 8.9 29.0 06:48 NNE 14 7.4 8.8 20:09 4.7 22:36 10.9 0.0 42.9 7.1 33.8 22:32 N 15 6.2 8.5 14:11 4.6 04:13 12.1 0.0 14.0 8.1 37.0 20:31 NNE 16 9.4 12.0 13:42 6.0 00:02 8.9 0.0 0.5 9.3 33.8 09:29 N 17 10.5 13.7 14:52 8.1 07:06 7.8 0.0 1.0 9.1 43.5 11:18 N 18 9.6 11.8 16:34 8.1 07:20 8.7 0.0 0.0 10.3 48.3 13:53 N 19 9.3 12.7 13:50 6.7 06:55 8.9 0.0 0.0 7.7 27.4 00:09 E 20 9.2 11.8 13:19 5.9 03:37 9.1 0.0 0.0 10.6 33.8 14:35 SE 21 9.6 11.5 15:03 6.1 23:58 8.7 0.0 40.9 11.1 59.5 09:36 SE 22 7.3 11.2 23:44 4.4 07:32 11.0 0.0 3.1 11.6 49.9 14:32 N 23 11.3 14.2 11:02 9.2 05:04 7.0 0.0 0.0 5.9 27.4 00:21 NW 24 8.1 10.2 04:31 6.3 16:54 10.2 0.0 6.6 9.2 59.5 19:42 N 25 12.0 15.2 13:17 8.4 01:02 6.3 0.0 0.0 7.0 62.8 02:19 N 26 11.2 14.1 15:00 8.2 23:52 7.1 0.0 0.0 8.5 37.0 05:59 N 27 9.3 12.8 16:31 6.7 04:17 9.0 0.0 0.0 7.9 29.0 16:35 N 28 11.3 13.8 16:47 9.3 01:25 7.0 0.0 0.0 5.4 29.0 00:03 NE ---------------------------------------------------------------------------------- 8.6 15.2 25 2.6 8 270.6 0.0 129.3 8.3 62.8 25 N Max >= 27.0: 0 Max <= 5.0: 0 Min <= 20.0: 28 Min <= 0.0: 0 Max Rain: 42.9 on day 14 Days of Rain: 12 (>= 0.2 mm) 6 (>= 2.0 mm) 2 (>= 20.0 mm) Heat Base: 18.3 Cool Base: 18.3 Method: Integration