Rapporti Climatici in stile NOAA
Selezionare un Anno o un Mese
2024: Gen Feb Mar Apr Mag Giu Lug Ago Set Ott Nov Dic
2023: Gen Feb Mar Apr Mag Giu Lug Ago Set Ott Nov Dic
2022: Gen Feb Mar Apr Mag Giu Lug Ago Set Ott Nov Dic
2021: Gen Feb Mar Apr Mag Giu Lug Ago Set Ott Nov Dic
2020: Gen Feb Mar Apr Mag Giu Lug Ago Set Ott Nov Dic
2019: Gen Feb Mar Apr Mag Giu Lug Ago Set Ott Nov Dic
2018: Gen Feb Mar Apr Mag Giu Lug Ago Set Ott Nov Dic
2017: Gen Feb Mar Apr Mag Giu Lug Ago Set Ott Nov Dic
2016: Gen Feb Mar Apr Mag Giu Lug Ago Set Ott Nov Dic
2015: Gen Feb Mar Apr Mag Giu Lug Ago Set Ott Nov Dic
2014: Gen Feb Mar Apr Mag Giu Lug Ago Set Ott Nov Dic
2013: Gen Feb Mar Apr Mag Giu Lug Ago Set Ott Nov Dic
2012: Gen Feb Mar Apr Mag Giu Lug Ago Set Ott Nov Dic
2011: Gen Feb Mar Apr Mag Giu Lug Ago Set Ott Nov Dic
2010: Gen Feb Mar Apr Mag Giu Lug Ago Set Ott Nov Dic
2009: Gen Feb Mar Apr Mag Giu Lug Ago Set Ott Nov Dic
2008: Gen Feb Mar Apr Mag Giu Lug Ago Set Ott Nov Dic
2007: Gen Feb Mar Apr Mag Giu Lug Ago Set Ott Nov Dic
2006: Gen Feb Mar Apr Mag Giu Lug Ago Set Ott Nov Dic
2024: Gen Feb Mar Apr Mag Giu Lug Ago Set Ott Nov Dic
2023: Gen Feb Mar Apr Mag Giu Lug Ago Set Ott Nov Dic
2022: Gen Feb Mar Apr Mag Giu Lug Ago Set Ott Nov Dic
2021: Gen Feb Mar Apr Mag Giu Lug Ago Set Ott Nov Dic
2020: Gen Feb Mar Apr Mag Giu Lug Ago Set Ott Nov Dic
2019: Gen Feb Mar Apr Mag Giu Lug Ago Set Ott Nov Dic
2018: Gen Feb Mar Apr Mag Giu Lug Ago Set Ott Nov Dic
2017: Gen Feb Mar Apr Mag Giu Lug Ago Set Ott Nov Dic
2016: Gen Feb Mar Apr Mag Giu Lug Ago Set Ott Nov Dic
2015: Gen Feb Mar Apr Mag Giu Lug Ago Set Ott Nov Dic
2014: Gen Feb Mar Apr Mag Giu Lug Ago Set Ott Nov Dic
2013: Gen Feb Mar Apr Mag Giu Lug Ago Set Ott Nov Dic
2012: Gen Feb Mar Apr Mag Giu Lug Ago Set Ott Nov Dic
2011: Gen Feb Mar Apr Mag Giu Lug Ago Set Ott Nov Dic
2010: Gen Feb Mar Apr Mag Giu Lug Ago Set Ott Nov Dic
2009: Gen Feb Mar Apr Mag Giu Lug Ago Set Ott Nov Dic
2008: Gen Feb Mar Apr Mag Giu Lug Ago Set Ott Nov Dic
2007: Gen Feb Mar Apr Mag Giu Lug Ago Set Ott Nov Dic
2006: Gen Feb Mar Apr Mag Giu Lug Ago Set Ott Nov Dic
Archivio 2015 Gennaio
Monthly Climatological Summary for gen 2015 Name: San Fruttuoso City: Genova State: Italy Elevation: 70 m Lat: N 44° 24' 34" Lon: E 008° 57' 38" Temperature (°C), Rain (mm), Wind Speed (km/h) Heat Cool Avg Mean Deg Deg Wind Dom Day Temp High Time Low Time Days Days Rain Speed High Time Dir ---------------------------------------------------------------------------------- 1 5.8 9.6 14:39 1.9 03:30 12.5 0.0 0.0 10.4 48.3 04:17 N 2 9.2 14.3 13:21 4.4 08:34 9.1 0.0 0.0 6.8 30.6 00:17 NNW 3 11.6 13.9 11:32 9.4 06:30 6.7 0.0 0.0 5.5 20.9 17:36 NNW 4 13.0 20.1 14:56 7.6 07:43 5.4 0.1 0.0 7.5 48.3 22:28 N 5 13.4 15.5 00:07 8.6 09:31 4.9 0.0 0.0 8.5 38.6 02:01 NNW 6 10.9 14.5 15:16 8.7 23:54 7.3 0.0 0.0 6.2 16.1 11:45 WNW 7 10.8 15.1 13:54 8.3 01:10 7.5 0.0 1.5 7.7 29.0 21:16 N 8 11.6 13.8 12:45 9.1 05:09 6.7 0.0 0.0 8.2 27.4 01:43 NNE 9 11.7 14.8 13:21 8.1 06:54 6.6 0.0 0.0 7.3 30.6 15:17 SE 10 12.5 15.9 13:35 9.1 06:45 5.8 0.0 0.0 5.9 27.4 14:42 E 11 14.6 18.7 15:17 13.0 00:00 3.7 0.0 0.0 7.5 40.2 14:35 NE 12 11.7 15.7 13:00 7.5 07:30 6.6 0.0 0.0 7.5 35.4 14:32 NE 13 13.0 13.8 11:01 12.0 00:00 5.3 0.0 0.0 13.3 38.6 08:03 SE 14 12.6 14.2 15:53 9.9 23:29 5.7 0.0 1.0 8.4 33.8 14:24 SSE 15 13.4 14.4 10:50 10.9 00:06 4.9 0.0 0.0 13.2 43.5 13:37 SSE 16 14.1 15.1 22:17 13.2 01:38 4.2 0.0 0.3 19.8 51.5 15:24 SE 17 12.4 15.0 00:00 11.2 13:38 5.9 0.0 10.4 16.3 53.1 01:34 SSE 18 10.6 12.7 11:54 7.7 23:51 7.7 0.0 0.0 5.4 32.2 05:02 NE 19 8.3 11.7 15:11 6.6 06:30 10.0 0.0 0.0 7.8 27.4 06:52 N 20 6.9 8.0 15:23 6.0 07:21 11.4 0.0 0.0 9.9 48.3 14:12 NNE 21 5.2 7.2 01:48 3.1 15:45 13.1 0.0 58.7 10.4 37.0 10:22 NNE 22 5.9 7.4 22:39 4.2 02:16 12.4 0.0 2.3 10.1 43.5 14:14 NNE 23 10.2 12.7 15:04 7.1 00:00 8.1 0.0 0.0 10.2 56.3 04:53 N 24 11.0 15.8 13:58 8.4 06:44 7.3 0.0 0.0 6.1 27.4 23:36 N 25 9.5 12.8 15:31 7.3 07:16 8.8 0.0 0.0 8.8 38.6 12:51 NNW 26 7.7 10.2 13:54 6.0 08:01 10.6 0.0 0.0 7.7 38.6 14:16 N 27 7.4 10.8 15:03 4.4 05:32 10.9 0.0 0.0 7.5 33.8 20:19 N 28 7.9 11.8 16:14 5.2 22:43 10.4 0.0 0.0 7.9 32.2 03:55 N 29 10.1 11.1 11:23 7.4 00:00 8.2 0.0 0.0 7.3 38.6 03:44 SE 30 6.5 11.9 16:01 2.9 08:17 11.8 0.0 0.0 9.9 46.7 04:48 NNW 31 6.4 12.6 14:13 2.9 05:07 11.9 0.0 4.3 8.8 30.6 11:32 N ---------------------------------------------------------------------------------- 10.2 20.1 4 1.9 1 251.4 0.1 78.5 9.0 56.3 23 NNE Max >= 27.0: 0 Max <= 5.0: 0 Min <= 20.0: 31 Min <= 0.0: 0 Max Rain: 58.7 on day 21 Days of Rain: 7 (>= 0.2 mm) 4 (>= 2.0 mm) 1 (>= 20.0 mm) Heat Base: 18.3 Cool Base: 18.3 Method: Integration