Rapporti Climatici in stile NOAA
Selezionare un Anno o un Mese
2024: Gen Feb Mar Apr Mag Giu Lug Ago Set Ott Nov Dic
2023: Gen Feb Mar Apr Mag Giu Lug Ago Set Ott Nov Dic
2022: Gen Feb Mar Apr Mag Giu Lug Ago Set Ott Nov Dic
2021: Gen Feb Mar Apr Mag Giu Lug Ago Set Ott Nov Dic
2020: Gen Feb Mar Apr Mag Giu Lug Ago Set Ott Nov Dic
2019: Gen Feb Mar Apr Mag Giu Lug Ago Set Ott Nov Dic
2018: Gen Feb Mar Apr Mag Giu Lug Ago Set Ott Nov Dic
2017: Gen Feb Mar Apr Mag Giu Lug Ago Set Ott Nov Dic
2016: Gen Feb Mar Apr Mag Giu Lug Ago Set Ott Nov Dic
2015: Gen Feb Mar Apr Mag Giu Lug Ago Set Ott Nov Dic
2014: Gen Feb Mar Apr Mag Giu Lug Ago Set Ott Nov Dic
2013: Gen Feb Mar Apr Mag Giu Lug Ago Set Ott Nov Dic
2012: Gen Feb Mar Apr Mag Giu Lug Ago Set Ott Nov Dic
2011: Gen Feb Mar Apr Mag Giu Lug Ago Set Ott Nov Dic
2010: Gen Feb Mar Apr Mag Giu Lug Ago Set Ott Nov Dic
2009: Gen Feb Mar Apr Mag Giu Lug Ago Set Ott Nov Dic
2008: Gen Feb Mar Apr Mag Giu Lug Ago Set Ott Nov Dic
2007: Gen Feb Mar Apr Mag Giu Lug Ago Set Ott Nov Dic
2006: Gen Feb Mar Apr Mag Giu Lug Ago Set Ott Nov Dic
2024: Gen Feb Mar Apr Mag Giu Lug Ago Set Ott Nov Dic
2023: Gen Feb Mar Apr Mag Giu Lug Ago Set Ott Nov Dic
2022: Gen Feb Mar Apr Mag Giu Lug Ago Set Ott Nov Dic
2021: Gen Feb Mar Apr Mag Giu Lug Ago Set Ott Nov Dic
2020: Gen Feb Mar Apr Mag Giu Lug Ago Set Ott Nov Dic
2019: Gen Feb Mar Apr Mag Giu Lug Ago Set Ott Nov Dic
2018: Gen Feb Mar Apr Mag Giu Lug Ago Set Ott Nov Dic
2017: Gen Feb Mar Apr Mag Giu Lug Ago Set Ott Nov Dic
2016: Gen Feb Mar Apr Mag Giu Lug Ago Set Ott Nov Dic
2015: Gen Feb Mar Apr Mag Giu Lug Ago Set Ott Nov Dic
2014: Gen Feb Mar Apr Mag Giu Lug Ago Set Ott Nov Dic
2013: Gen Feb Mar Apr Mag Giu Lug Ago Set Ott Nov Dic
2012: Gen Feb Mar Apr Mag Giu Lug Ago Set Ott Nov Dic
2011: Gen Feb Mar Apr Mag Giu Lug Ago Set Ott Nov Dic
2010: Gen Feb Mar Apr Mag Giu Lug Ago Set Ott Nov Dic
2009: Gen Feb Mar Apr Mag Giu Lug Ago Set Ott Nov Dic
2008: Gen Feb Mar Apr Mag Giu Lug Ago Set Ott Nov Dic
2007: Gen Feb Mar Apr Mag Giu Lug Ago Set Ott Nov Dic
2006: Gen Feb Mar Apr Mag Giu Lug Ago Set Ott Nov Dic
Archivio 2014 Luglio
Monthly Climatological Summary for lug 2014 Name: San Fruttuoso City: Genova State: Italy Elevation: 70 m Lat: N 44° 24' 34" Lon: E 008° 57' 38" Temperature (°C), Rain (mm), Wind Speed (km/h) Heat Cool Avg Mean Deg Deg Wind Dom Day Temp High Time Low Time Days Days Rain Speed High Time Dir ---------------------------------------------------------------------------------- 1 21.0 23.2 10:54 18.6 03:59 0.0 2.7 0.0 7.8 32.2 11:59 SSE 2 21.3 24.7 14:46 17.3 03:41 0.1 3.1 0.0 5.9 22.5 15:18 W 3 23.2 27.7 19:23 17.9 04:56 0.0 4.9 0.0 6.9 22.5 14:30 WSW 4 23.2 25.3 09:26 19.1 23:27 0.0 4.9 0.8 8.0 45.1 14:07 N 5 21.6 24.3 12:31 17.9 00:41 0.0 3.3 2.0 7.1 30.6 01:01 SSE 6 22.3 24.3 15:14 19.9 02:17 0.0 4.0 0.0 7.5 32.2 13:26 SSE 7 23.0 25.3 14:48 19.8 05:32 0.0 4.7 0.3 7.5 37.0 16:59 SE 8 21.0 23.4 14:24 17.1 23:27 0.1 2.8 0.2 7.5 38.6 12:25 SSE 9 19.7 23.8 14:16 15.8 04:21 0.6 2.0 0.8 8.8 37.0 14:19 NW 10 19.8 22.8 15:12 16.1 04:58 0.5 2.0 0.0 7.3 25.7 11:43 SSW 11 20.6 23.3 13:37 16.7 05:30 0.2 2.5 0.0 7.9 27.4 15:04 S 12 21.1 23.8 16:14 17.9 04:51 0.0 2.8 0.0 6.4 24.1 13:53 SW 13 21.1 23.7 14:09 17.7 05:35 0.0 2.8 0.0 7.3 29.0 13:45 SSE 14 21.1 22.4 12:48 19.7 23:04 0.0 2.8 1.2 4.8 33.8 13:07 SSE 15 22.9 25.9 16:03 18.6 03:34 0.0 4.6 0.0 5.5 17.7 09:57 WSW 16 24.8 28.8 14:56 20.7 04:02 0.0 6.5 0.0 6.3 20.9 16:09 W 17 25.6 28.9 18:18 21.9 05:34 0.0 7.3 0.0 5.5 17.7 10:52 WSW 18 24.3 26.8 14:45 20.6 05:10 0.0 6.0 0.0 5.6 20.9 13:12 SW 19 24.9 28.4 15:40 20.9 05:19 0.0 6.6 0.0 4.8 16.1 10:39 WSW 20 25.4 29.1 17:44 21.9 05:39 0.0 7.1 0.5 7.9 37.0 22:34 ESE 21 22.6 25.5 10:18 19.9 06:11 0.0 4.3 0.0 8.3 49.9 13:05 SE 22 23.4 25.2 10:30 20.7 04:32 0.0 5.1 0.0 5.6 25.7 12:40 SSW 23 23.4 26.2 12:57 21.4 05:13 0.0 5.1 2.1 4.3 29.0 23:50 W 24 22.3 24.6 13:58 19.7 04:06 0.0 4.0 5.6 5.6 27.4 00:44 SSW 25 22.9 25.3 14:05 19.9 05:07 0.0 4.6 0.0 5.9 25.7 16:11 SSW 26 23.2 27.3 14:49 20.6 05:34 0.0 4.9 3.3 7.1 41.8 11:30 NNW 27 24.3 28.2 12:37 21.4 05:08 0.0 6.0 0.0 6.6 32.2 11:18 W 28 23.9 25.4 11:17 20.9 05:15 0.0 5.6 0.0 15.6 40.2 17:30 SSE 29 21.8 23.3 00:00 19.6 23:19 0.0 3.5 7.1 11.6 43.5 05:09 SSE 30 21.1 24.3 18:46 19.4 04:20 0.0 2.8 0.0 4.3 29.0 03:23 WNW 31 21.7 24.1 12:22 18.2 06:12 0.0 3.4 0.0 6.2 24.1 11:32 SW ---------------------------------------------------------------------------------- 22.5 29.1 20 15.8 9 1.5 132.7 23.9 7.0 49.9 21 SSW Max >= 27.0: 7 Max <= 5.0: 0 Min <= 20.0: 21 Min <= 0.0: 0 Max Rain: 7.1 on day 29 Days of Rain: 11 (>= 0.2 mm) 5 (>= 2.0 mm) 0 (>= 20.0 mm) Heat Base: 18.3 Cool Base: 18.3 Method: Integration