Rapporti Climatici in stile NOAA
Selezionare un Anno o un Mese
2024: Gen Feb Mar Apr Mag Giu Lug Ago Set Ott Nov Dic
2023: Gen Feb Mar Apr Mag Giu Lug Ago Set Ott Nov Dic
2022: Gen Feb Mar Apr Mag Giu Lug Ago Set Ott Nov Dic
2021: Gen Feb Mar Apr Mag Giu Lug Ago Set Ott Nov Dic
2020: Gen Feb Mar Apr Mag Giu Lug Ago Set Ott Nov Dic
2019: Gen Feb Mar Apr Mag Giu Lug Ago Set Ott Nov Dic
2018: Gen Feb Mar Apr Mag Giu Lug Ago Set Ott Nov Dic
2017: Gen Feb Mar Apr Mag Giu Lug Ago Set Ott Nov Dic
2016: Gen Feb Mar Apr Mag Giu Lug Ago Set Ott Nov Dic
2015: Gen Feb Mar Apr Mag Giu Lug Ago Set Ott Nov Dic
2014: Gen Feb Mar Apr Mag Giu Lug Ago Set Ott Nov Dic
2013: Gen Feb Mar Apr Mag Giu Lug Ago Set Ott Nov Dic
2012: Gen Feb Mar Apr Mag Giu Lug Ago Set Ott Nov Dic
2011: Gen Feb Mar Apr Mag Giu Lug Ago Set Ott Nov Dic
2010: Gen Feb Mar Apr Mag Giu Lug Ago Set Ott Nov Dic
2009: Gen Feb Mar Apr Mag Giu Lug Ago Set Ott Nov Dic
2008: Gen Feb Mar Apr Mag Giu Lug Ago Set Ott Nov Dic
2007: Gen Feb Mar Apr Mag Giu Lug Ago Set Ott Nov Dic
2006: Gen Feb Mar Apr Mag Giu Lug Ago Set Ott Nov Dic
2024: Gen Feb Mar Apr Mag Giu Lug Ago Set Ott Nov Dic
2023: Gen Feb Mar Apr Mag Giu Lug Ago Set Ott Nov Dic
2022: Gen Feb Mar Apr Mag Giu Lug Ago Set Ott Nov Dic
2021: Gen Feb Mar Apr Mag Giu Lug Ago Set Ott Nov Dic
2020: Gen Feb Mar Apr Mag Giu Lug Ago Set Ott Nov Dic
2019: Gen Feb Mar Apr Mag Giu Lug Ago Set Ott Nov Dic
2018: Gen Feb Mar Apr Mag Giu Lug Ago Set Ott Nov Dic
2017: Gen Feb Mar Apr Mag Giu Lug Ago Set Ott Nov Dic
2016: Gen Feb Mar Apr Mag Giu Lug Ago Set Ott Nov Dic
2015: Gen Feb Mar Apr Mag Giu Lug Ago Set Ott Nov Dic
2014: Gen Feb Mar Apr Mag Giu Lug Ago Set Ott Nov Dic
2013: Gen Feb Mar Apr Mag Giu Lug Ago Set Ott Nov Dic
2012: Gen Feb Mar Apr Mag Giu Lug Ago Set Ott Nov Dic
2011: Gen Feb Mar Apr Mag Giu Lug Ago Set Ott Nov Dic
2010: Gen Feb Mar Apr Mag Giu Lug Ago Set Ott Nov Dic
2009: Gen Feb Mar Apr Mag Giu Lug Ago Set Ott Nov Dic
2008: Gen Feb Mar Apr Mag Giu Lug Ago Set Ott Nov Dic
2007: Gen Feb Mar Apr Mag Giu Lug Ago Set Ott Nov Dic
2006: Gen Feb Mar Apr Mag Giu Lug Ago Set Ott Nov Dic
Archivio 2014 Maggio
Monthly Climatological Summary for mag 2014 Name: San Fruttuoso City: Genova State: Italy Elevation: 70 m Lat: N 44° 24' 34" Lon: E 008° 57' 38" Temperature (°C), Rain (mm), Wind Speed (km/h) Heat Cool Avg Mean Deg Deg Wind Dom Day Temp High Time Low Time Days Days Rain Speed High Time Dir ---------------------------------------------------------------------------------- 1 15.3 18.6 15:24 12.1 05:29 3.0 0.0 0.0 6.0 29.0 01:29 S 2 13.4 15.8 16:18 11.1 11:24 4.9 0.0 17.3 5.1 30.6 16:54 NNW 3 17.5 23.4 15:28 14.1 04:39 1.7 0.9 0.0 5.2 32.2 09:31 N 4 17.6 22.3 13:45 14.1 23:33 1.4 0.7 0.0 7.5 33.8 10:33 NW 5 15.5 18.8 15:34 11.4 05:14 2.8 0.0 0.0 8.3 20.9 10:41 WSW 6 15.5 17.9 10:27 11.8 05:03 2.8 0.0 0.0 11.0 37.0 14:20 SE 7 16.9 18.8 11:37 13.7 23:49 1.4 0.0 0.5 11.4 43.5 14:29 SE 8 15.9 19.3 17:05 11.9 04:36 2.5 0.1 0.0 7.3 24.1 11:18 W 9 16.4 19.2 14:35 12.9 04:18 1.9 0.0 0.0 5.9 22.5 14:35 WSW 10 16.8 19.3 12:50 13.9 04:14 1.5 0.0 0.0 7.2 25.7 14:57 S 11 17.5 19.6 15:39 15.6 03:51 1.0 0.2 2.6 10.3 41.8 12:44 SE 12 17.3 20.1 15:48 13.8 04:57 1.2 0.2 0.0 6.9 32.2 18:26 SE 13 15.9 20.6 11:26 12.3 23:51 2.6 0.2 8.3 6.8 25.7 12:50 N 14 18.0 23.8 15:43 11.9 01:55 1.7 1.4 0.0 9.9 48.3 11:52 NNW 15 19.0 23.2 16:35 15.6 06:03 0.8 1.5 0.0 10.4 46.7 11:37 N 16 18.2 23.2 12:42 15.1 23:58 0.9 0.8 0.0 9.0 49.9 04:44 NNW 17 16.0 18.6 09:46 12.4 05:32 2.3 0.0 0.0 7.8 27.4 13:09 S 18 16.2 19.7 15:54 11.9 05:13 2.2 0.1 0.0 9.2 32.2 12:18 SSE 19 16.5 20.3 09:58 12.8 04:00 2.1 0.3 0.0 6.0 30.6 16:16 NW 20 18.3 21.3 15:31 16.0 03:07 0.9 0.9 0.0 5.4 19.3 12:14 WSW 21 19.1 22.4 16:02 15.4 02:31 0.7 1.5 0.0 5.6 20.9 12:01 W 22 19.6 23.7 13:56 16.3 04:19 0.4 1.7 1.3 8.4 32.2 15:46 SE 23 17.7 19.5 14:51 16.8 07:14 0.7 0.1 9.9 11.4 37.0 00:51 SSE 24 17.6 19.7 15:08 13.9 23:52 0.9 0.2 0.0 8.1 32.2 11:52 SSE 25 18.5 24.8 15:21 11.8 05:21 1.8 1.9 0.0 6.4 20.9 05:24 WNW 26 19.4 22.0 01:00 16.9 23:43 0.2 1.2 0.0 8.4 38.6 12:58 SE 27 17.0 18.5 15:08 15.7 01:22 1.3 0.0 5.9 9.7 33.8 12:59 SSE 28 17.2 19.4 12:13 14.4 04:24 1.2 0.1 0.0 10.1 38.6 12:15 SE 29 17.4 19.8 15:40 14.3 05:23 1.1 0.2 0.0 6.4 30.6 12:40 SSE 30 17.9 20.3 15:32 15.3 01:19 0.8 0.3 0.0 6.7 29.0 15:49 SSW 31 17.9 20.7 18:42 15.8 23:59 0.7 0.3 19.3 3.3 29.0 10:28 SSW ---------------------------------------------------------------------------------- 17.2 24.8 25 11.1 2 49.4 14.8 65.1 7.8 49.9 16 S Max >= 27.0: 0 Max <= 5.0: 0 Min <= 20.0: 31 Min <= 0.0: 0 Max Rain: 19.3 on day 31 Days of Rain: 8 (>= 0.2 mm) 6 (>= 2.0 mm) 0 (>= 20.0 mm) Heat Base: 18.3 Cool Base: 18.3 Method: Integration