Rapporti Climatici in stile NOAA
Selezionare un Anno o un Mese
2024: Gen Feb Mar Apr Mag Giu Lug Ago Set Ott Nov Dic
2023: Gen Feb Mar Apr Mag Giu Lug Ago Set Ott Nov Dic
2022: Gen Feb Mar Apr Mag Giu Lug Ago Set Ott Nov Dic
2021: Gen Feb Mar Apr Mag Giu Lug Ago Set Ott Nov Dic
2020: Gen Feb Mar Apr Mag Giu Lug Ago Set Ott Nov Dic
2019: Gen Feb Mar Apr Mag Giu Lug Ago Set Ott Nov Dic
2018: Gen Feb Mar Apr Mag Giu Lug Ago Set Ott Nov Dic
2017: Gen Feb Mar Apr Mag Giu Lug Ago Set Ott Nov Dic
2016: Gen Feb Mar Apr Mag Giu Lug Ago Set Ott Nov Dic
2015: Gen Feb Mar Apr Mag Giu Lug Ago Set Ott Nov Dic
2014: Gen Feb Mar Apr Mag Giu Lug Ago Set Ott Nov Dic
2013: Gen Feb Mar Apr Mag Giu Lug Ago Set Ott Nov Dic
2012: Gen Feb Mar Apr Mag Giu Lug Ago Set Ott Nov Dic
2011: Gen Feb Mar Apr Mag Giu Lug Ago Set Ott Nov Dic
2010: Gen Feb Mar Apr Mag Giu Lug Ago Set Ott Nov Dic
2009: Gen Feb Mar Apr Mag Giu Lug Ago Set Ott Nov Dic
2008: Gen Feb Mar Apr Mag Giu Lug Ago Set Ott Nov Dic
2007: Gen Feb Mar Apr Mag Giu Lug Ago Set Ott Nov Dic
2006: Gen Feb Mar Apr Mag Giu Lug Ago Set Ott Nov Dic
2024: Gen Feb Mar Apr Mag Giu Lug Ago Set Ott Nov Dic
2023: Gen Feb Mar Apr Mag Giu Lug Ago Set Ott Nov Dic
2022: Gen Feb Mar Apr Mag Giu Lug Ago Set Ott Nov Dic
2021: Gen Feb Mar Apr Mag Giu Lug Ago Set Ott Nov Dic
2020: Gen Feb Mar Apr Mag Giu Lug Ago Set Ott Nov Dic
2019: Gen Feb Mar Apr Mag Giu Lug Ago Set Ott Nov Dic
2018: Gen Feb Mar Apr Mag Giu Lug Ago Set Ott Nov Dic
2017: Gen Feb Mar Apr Mag Giu Lug Ago Set Ott Nov Dic
2016: Gen Feb Mar Apr Mag Giu Lug Ago Set Ott Nov Dic
2015: Gen Feb Mar Apr Mag Giu Lug Ago Set Ott Nov Dic
2014: Gen Feb Mar Apr Mag Giu Lug Ago Set Ott Nov Dic
2013: Gen Feb Mar Apr Mag Giu Lug Ago Set Ott Nov Dic
2012: Gen Feb Mar Apr Mag Giu Lug Ago Set Ott Nov Dic
2011: Gen Feb Mar Apr Mag Giu Lug Ago Set Ott Nov Dic
2010: Gen Feb Mar Apr Mag Giu Lug Ago Set Ott Nov Dic
2009: Gen Feb Mar Apr Mag Giu Lug Ago Set Ott Nov Dic
2008: Gen Feb Mar Apr Mag Giu Lug Ago Set Ott Nov Dic
2007: Gen Feb Mar Apr Mag Giu Lug Ago Set Ott Nov Dic
2006: Gen Feb Mar Apr Mag Giu Lug Ago Set Ott Nov Dic
Archivio 2014 Aprile
Monthly Climatological Summary for apr 2014 Name: San Fruttuoso City: Genova State: Italy Elevation: 70 m Lat: N 44° 24' 34" Lon: E 008° 57' 38" Temperature (°C), Rain (mm), Wind Speed (km/h) Heat Cool Avg Mean Deg Deg Wind Dom Day Temp High Time Low Time Days Days Rain Speed High Time Dir ---------------------------------------------------------------------------------- 1 13.5 15.0 14:27 11.6 02:49 4.8 0.0 0.0 8.0 27.4 13:24 SSE 2 14.1 15.3 15:53 13.1 02:16 4.2 0.0 0.2 5.3 30.6 13:19 SE 3 14.5 17.4 13:37 11.1 05:30 3.8 0.0 0.0 6.9 29.0 23:21 NNW 4 15.1 17.1 09:00 13.8 17:00 3.2 0.0 4.9 7.5 43.5 03:04 N 5 17.1 22.2 12:40 14.6 04:03 1.7 0.6 0.0 6.8 32.2 04:40 NNW 6 18.3 22.7 11:06 14.9 00:37 1.0 1.0 0.0 6.3 24.1 07:58 NNW 7 16.6 20.7 15:01 12.7 06:06 2.2 0.4 0.0 5.3 17.7 11:48 WSW 8 14.2 15.3 08:23 13.2 05:40 4.1 0.0 0.0 7.6 30.6 09:43 SSE 9 14.7 17.6 16:05 11.4 06:30 3.6 0.0 0.0 5.2 24.1 12:24 S 10 14.3 17.0 16:00 10.7 06:13 4.0 0.0 0.0 6.4 24.1 11:39 WSW 11 14.0 16.1 16:19 11.9 06:16 4.3 0.0 0.0 6.6 24.1 09:41 SSW 12 14.3 16.9 11:36 10.9 05:08 4.0 0.0 0.0 6.7 24.1 13:53 SW 13 15.1 17.7 15:11 12.7 05:58 3.2 0.0 0.0 4.7 17.7 14:17 SSW 14 14.8 16.8 14:02 12.3 05:13 3.5 0.0 0.0 8.3 29.0 13:31 S 15 16.9 21.1 16:20 11.8 23:47 2.0 0.6 0.0 6.8 48.3 11:50 N 16 13.8 18.6 16:20 10.2 06:00 4.5 0.0 0.0 8.0 32.2 10:54 WSW 17 13.1 16.8 14:23 8.2 06:01 5.2 0.0 0.0 8.3 29.0 12:16 WNW 18 13.1 15.8 12:22 8.8 05:38 5.2 0.0 0.5 10.7 30.6 11:26 SE 19 10.3 13.8 00:01 8.4 10:05 8.0 0.0 35.3 8.7 46.7 16:13 NNE 20 14.0 16.7 09:56 11.2 05:43 4.3 0.0 0.0 5.9 30.6 01:13 E 21 14.5 17.3 14:09 12.6 05:36 3.8 0.0 0.0 3.7 17.7 15:17 WSW 22 15.3 17.9 14:11 13.8 03:02 3.0 0.0 3.3 4.0 25.7 13:36 S 23 17.9 23.8 15:30 15.2 05:59 1.4 1.0 5.6 7.2 37.0 12:49 NNW 24 16.5 19.7 13:44 12.9 05:52 1.9 0.2 0.0 4.8 19.3 14:16 SW 25 16.2 18.5 17:14 14.7 05:02 2.1 0.0 0.0 3.9 22.5 13:16 SSW 26 16.5 20.2 13:18 13.6 06:30 1.9 0.1 0.0 6.6 32.2 23:00 SSE 27 15.0 16.2 15:30 13.8 22:18 3.3 0.0 3.3 9.6 38.6 02:44 SSE 28 14.1 16.3 14:32 12.1 08:44 4.2 0.0 4.8 6.6 29.0 00:09 NNW 29 15.7 18.9 13:46 12.4 00:41 2.6 0.0 0.0 6.4 37.0 04:01 NW 30 14.0 16.4 09:59 11.7 04:41 4.3 0.0 9.1 8.4 38.6 13:02 NE ---------------------------------------------------------------------------------- 14.9 23.8 23 8.2 17 105.3 3.9 67.0 6.7 48.3 15 SW Max >= 27.0: 0 Max <= 5.0: 0 Min <= 20.0: 30 Min <= 0.0: 0 Max Rain: 35.3 on day 19 Days of Rain: 9 (>= 0.2 mm) 7 (>= 2.0 mm) 1 (>= 20.0 mm) Heat Base: 18.3 Cool Base: 18.3 Method: Integration