Rapporti Climatici in stile NOAA
Selezionare un Anno o un Mese
2024: Gen Feb Mar Apr Mag Giu Lug Ago Set Ott Nov Dic
2023: Gen Feb Mar Apr Mag Giu Lug Ago Set Ott Nov Dic
2022: Gen Feb Mar Apr Mag Giu Lug Ago Set Ott Nov Dic
2021: Gen Feb Mar Apr Mag Giu Lug Ago Set Ott Nov Dic
2020: Gen Feb Mar Apr Mag Giu Lug Ago Set Ott Nov Dic
2019: Gen Feb Mar Apr Mag Giu Lug Ago Set Ott Nov Dic
2018: Gen Feb Mar Apr Mag Giu Lug Ago Set Ott Nov Dic
2017: Gen Feb Mar Apr Mag Giu Lug Ago Set Ott Nov Dic
2016: Gen Feb Mar Apr Mag Giu Lug Ago Set Ott Nov Dic
2015: Gen Feb Mar Apr Mag Giu Lug Ago Set Ott Nov Dic
2014: Gen Feb Mar Apr Mag Giu Lug Ago Set Ott Nov Dic
2013: Gen Feb Mar Apr Mag Giu Lug Ago Set Ott Nov Dic
2012: Gen Feb Mar Apr Mag Giu Lug Ago Set Ott Nov Dic
2011: Gen Feb Mar Apr Mag Giu Lug Ago Set Ott Nov Dic
2010: Gen Feb Mar Apr Mag Giu Lug Ago Set Ott Nov Dic
2009: Gen Feb Mar Apr Mag Giu Lug Ago Set Ott Nov Dic
2008: Gen Feb Mar Apr Mag Giu Lug Ago Set Ott Nov Dic
2007: Gen Feb Mar Apr Mag Giu Lug Ago Set Ott Nov Dic
2006: Gen Feb Mar Apr Mag Giu Lug Ago Set Ott Nov Dic
2024: Gen Feb Mar Apr Mag Giu Lug Ago Set Ott Nov Dic
2023: Gen Feb Mar Apr Mag Giu Lug Ago Set Ott Nov Dic
2022: Gen Feb Mar Apr Mag Giu Lug Ago Set Ott Nov Dic
2021: Gen Feb Mar Apr Mag Giu Lug Ago Set Ott Nov Dic
2020: Gen Feb Mar Apr Mag Giu Lug Ago Set Ott Nov Dic
2019: Gen Feb Mar Apr Mag Giu Lug Ago Set Ott Nov Dic
2018: Gen Feb Mar Apr Mag Giu Lug Ago Set Ott Nov Dic
2017: Gen Feb Mar Apr Mag Giu Lug Ago Set Ott Nov Dic
2016: Gen Feb Mar Apr Mag Giu Lug Ago Set Ott Nov Dic
2015: Gen Feb Mar Apr Mag Giu Lug Ago Set Ott Nov Dic
2014: Gen Feb Mar Apr Mag Giu Lug Ago Set Ott Nov Dic
2013: Gen Feb Mar Apr Mag Giu Lug Ago Set Ott Nov Dic
2012: Gen Feb Mar Apr Mag Giu Lug Ago Set Ott Nov Dic
2011: Gen Feb Mar Apr Mag Giu Lug Ago Set Ott Nov Dic
2010: Gen Feb Mar Apr Mag Giu Lug Ago Set Ott Nov Dic
2009: Gen Feb Mar Apr Mag Giu Lug Ago Set Ott Nov Dic
2008: Gen Feb Mar Apr Mag Giu Lug Ago Set Ott Nov Dic
2007: Gen Feb Mar Apr Mag Giu Lug Ago Set Ott Nov Dic
2006: Gen Feb Mar Apr Mag Giu Lug Ago Set Ott Nov Dic
Archivio 2014 Febbraio
Monthly Climatological Summary for feb 2014 Name: San Fruttuoso City: Genova State: Italy Elevation: 70 m Lat: N 44° 24' 34" Lon: E 008° 57' 38" Temperature (°C), Rain (mm), Wind Speed (km/h) Heat Cool Avg Mean Deg Deg Wind Dom Day Temp High Time Low Time Days Days Rain Speed High Time Dir ---------------------------------------------------------------------------------- 1 8.1 9.8 13:20 6.7 00:11 10.2 0.0 9.2 9.0 48.3 00:51 NNE 2 8.8 10.0 11:42 8.1 02:02 9.5 0.0 5.8 6.8 38.6 18:45 NNE 3 8.6 9.4 12:38 7.8 19:24 9.7 0.0 12.2 8.0 35.4 13:46 NNE 4 9.7 12.6 14:50 8.4 00:00 8.6 0.0 6.1 4.5 22.5 17:23 N 5 8.3 10.6 12:58 4.5 21:06 10.0 0.0 74.9 6.6 46.7 23:09 E 6 8.8 12.8 13:44 5.1 00:00 9.5 0.0 0.0 8.2 43.5 04:12 NNW 7 9.9 12.9 14:52 6.7 23:57 8.4 0.0 19.8 10.0 54.7 13:24 ESE 8 9.6 12.6 16:10 6.5 02:56 8.7 0.0 21.4 8.1 49.9 16:36 SSE 9 9.9 14.1 16:02 6.7 03:17 8.4 0.0 7.6 6.7 48.3 03:28 NE 10 7.8 11.9 00:00 4.9 15:04 10.5 0.0 25.2 11.6 59.5 16:19 N 11 9.5 13.7 12:49 6.2 00:00 8.8 0.0 0.5 6.3 32.2 00:25 NNE 12 10.7 15.5 14:28 8.1 23:31 7.6 0.0 0.0 10.2 43.5 04:56 NNW 13 11.3 12.8 11:09 7.6 01:35 7.0 0.0 2.8 11.1 49.9 16:13 SSE 14 11.3 14.9 11:44 7.3 08:12 7.0 0.0 0.0 6.9 37.0 01:05 NNE 15 10.8 12.8 13:19 8.4 05:53 7.5 0.0 9.4 6.2 29.0 13:20 NE 16 13.6 14.6 13:42 12.8 00:00 4.7 0.0 0.5 12.2 37.0 10:03 SE 17 12.6 13.7 15:00 9.9 23:34 5.7 0.0 2.5 10.8 40.2 00:55 SSE 18 10.7 12.3 11:57 8.3 03:02 7.6 0.0 0.3 9.4 51.5 16:14 NNE 19 10.5 11.5 15:44 9.3 09:01 7.8 0.0 14.7 10.1 46.7 00:24 N 20 11.7 14.1 16:29 10.1 02:53 6.6 0.0 0.0 7.4 43.5 15:11 NNW 21 11.0 14.3 11:18 8.7 08:04 7.3 0.0 2.5 6.4 27.4 15:39 NE 22 11.9 16.3 15:26 9.0 22:53 6.4 0.0 1.3 7.8 35.4 12:21 NW 23 10.5 14.4 11:58 6.5 07:13 7.8 0.0 0.0 7.4 25.7 13:03 NW 24 11.2 15.8 12:54 7.2 07:04 7.1 0.0 0.0 6.5 25.7 14:36 N 25 10.1 13.4 13:45 6.3 06:00 8.2 0.0 0.0 9.2 35.4 13:27 ENE 26 10.4 12.1 15:14 8.2 10:34 7.9 0.0 31.7 5.7 45.1 14:05 SE 27 8.3 11.0 22:34 6.1 03:48 10.0 0.0 22.9 5.8 38.6 06:59 NE 28 9.7 12.0 12:33 6.1 22:25 8.6 0.0 34.0 7.8 49.9 22:13 ESE ---------------------------------------------------------------------------------- 10.2 16.3 22 4.5 5 227.1 0.0 305.3 8.1 59.5 10 NE Max >= 27.0: 0 Max <= 5.0: 0 Min <= 20.0: 28 Min <= 0.0: 0 Max Rain: 74.9 on day 5 Days of Rain: 21 (>= 0.2 mm) 17 (>= 2.0 mm) 6 (>= 20.0 mm) Heat Base: 18.3 Cool Base: 18.3 Method: Integration