Rapporti Climatici in stile NOAA
Selezionare un Anno o un Mese
2024: Gen Feb Mar Apr Mag Giu Lug Ago Set Ott Nov Dic
2023: Gen Feb Mar Apr Mag Giu Lug Ago Set Ott Nov Dic
2022: Gen Feb Mar Apr Mag Giu Lug Ago Set Ott Nov Dic
2021: Gen Feb Mar Apr Mag Giu Lug Ago Set Ott Nov Dic
2020: Gen Feb Mar Apr Mag Giu Lug Ago Set Ott Nov Dic
2019: Gen Feb Mar Apr Mag Giu Lug Ago Set Ott Nov Dic
2018: Gen Feb Mar Apr Mag Giu Lug Ago Set Ott Nov Dic
2017: Gen Feb Mar Apr Mag Giu Lug Ago Set Ott Nov Dic
2016: Gen Feb Mar Apr Mag Giu Lug Ago Set Ott Nov Dic
2015: Gen Feb Mar Apr Mag Giu Lug Ago Set Ott Nov Dic
2014: Gen Feb Mar Apr Mag Giu Lug Ago Set Ott Nov Dic
2013: Gen Feb Mar Apr Mag Giu Lug Ago Set Ott Nov Dic
2012: Gen Feb Mar Apr Mag Giu Lug Ago Set Ott Nov Dic
2011: Gen Feb Mar Apr Mag Giu Lug Ago Set Ott Nov Dic
2010: Gen Feb Mar Apr Mag Giu Lug Ago Set Ott Nov Dic
2009: Gen Feb Mar Apr Mag Giu Lug Ago Set Ott Nov Dic
2008: Gen Feb Mar Apr Mag Giu Lug Ago Set Ott Nov Dic
2007: Gen Feb Mar Apr Mag Giu Lug Ago Set Ott Nov Dic
2006: Gen Feb Mar Apr Mag Giu Lug Ago Set Ott Nov Dic
2024: Gen Feb Mar Apr Mag Giu Lug Ago Set Ott Nov Dic
2023: Gen Feb Mar Apr Mag Giu Lug Ago Set Ott Nov Dic
2022: Gen Feb Mar Apr Mag Giu Lug Ago Set Ott Nov Dic
2021: Gen Feb Mar Apr Mag Giu Lug Ago Set Ott Nov Dic
2020: Gen Feb Mar Apr Mag Giu Lug Ago Set Ott Nov Dic
2019: Gen Feb Mar Apr Mag Giu Lug Ago Set Ott Nov Dic
2018: Gen Feb Mar Apr Mag Giu Lug Ago Set Ott Nov Dic
2017: Gen Feb Mar Apr Mag Giu Lug Ago Set Ott Nov Dic
2016: Gen Feb Mar Apr Mag Giu Lug Ago Set Ott Nov Dic
2015: Gen Feb Mar Apr Mag Giu Lug Ago Set Ott Nov Dic
2014: Gen Feb Mar Apr Mag Giu Lug Ago Set Ott Nov Dic
2013: Gen Feb Mar Apr Mag Giu Lug Ago Set Ott Nov Dic
2012: Gen Feb Mar Apr Mag Giu Lug Ago Set Ott Nov Dic
2011: Gen Feb Mar Apr Mag Giu Lug Ago Set Ott Nov Dic
2010: Gen Feb Mar Apr Mag Giu Lug Ago Set Ott Nov Dic
2009: Gen Feb Mar Apr Mag Giu Lug Ago Set Ott Nov Dic
2008: Gen Feb Mar Apr Mag Giu Lug Ago Set Ott Nov Dic
2007: Gen Feb Mar Apr Mag Giu Lug Ago Set Ott Nov Dic
2006: Gen Feb Mar Apr Mag Giu Lug Ago Set Ott Nov Dic
Archivio 2014 Gennaio
Monthly Climatological Summary for gen 2014 Name: San Fruttuoso City: Genova State: Italy Elevation: 70 m Lat: N 44° 24' 34" Lon: E 008° 57' 38" Temperature (°C), Rain (mm), Wind Speed (km/h) Heat Cool Avg Mean Deg Deg Wind Dom Day Temp High Time Low Time Days Days Rain Speed High Time Dir ---------------------------------------------------------------------------------- 1 8.5 10.9 13:00 5.7 02:18 9.8 0.0 4.8 6.1 25.7 00:10 NNW 2 7.0 10.1 00:00 5.3 15:47 11.3 0.0 36.3 9.1 37.0 11:32 NNE 3 7.7 8.9 15:26 6.1 04:59 10.6 0.0 1.6 9.3 38.6 13:22 NNE 4 10.3 13.9 22:05 7.2 00:05 8.0 0.0 33.5 8.6 43.5 22:00 E 5 9.7 14.0 00:27 6.3 08:42 8.6 0.0 28.4 10.0 51.5 11:19 N 6 10.8 14.4 13:53 7.6 08:41 7.5 0.0 0.0 6.0 29.0 04:31 NNW 7 10.7 12.6 11:12 8.3 05:24 7.6 0.0 3.1 5.1 22.5 12:52 NE 8 12.3 13.5 15:25 11.2 00:42 6.0 0.0 2.5 3.2 22.5 13:53 SE 9 12.7 13.7 12:21 11.9 00:52 5.6 0.0 0.0 8.5 32.2 13:50 SE 10 13.0 13.3 10:21 12.3 02:39 5.3 0.0 0.0 7.5 29.0 00:46 SSE 11 12.5 13.6 13:05 11.5 09:54 5.8 0.0 1.1 4.3 17.7 13:21 SE 12 12.4 15.2 11:55 9.8 23:54 5.9 0.0 0.0 5.4 16.1 08:09 NNW 13 10.2 11.6 17:32 8.7 22:45 8.1 0.0 15.2 5.6 24.1 22:46 NNW 14 8.1 9.8 15:57 5.8 07:10 10.2 0.0 17.5 7.5 37.0 09:48 N 15 9.3 13.6 12:42 6.1 06:32 9.0 0.0 0.0 6.4 19.3 05:55 NNW 16 10.5 12.3 10:35 7.6 02:39 7.8 0.0 26.2 7.0 35.4 20:03 SE 17 8.7 12.1 00:40 6.5 10:10 9.6 0.0 36.3 9.1 56.3 00:43 N 18 7.7 8.7 16:01 6.7 11:16 10.6 0.0 32.8 10.4 37.0 15:10 NNE 19 8.3 9.4 09:33 7.4 05:25 10.0 0.0 31.0 10.2 38.6 11:21 NNE 20 9.9 12.6 13:31 8.1 02:02 8.4 0.0 0.7 6.6 33.8 23:18 NNE 21 12.0 16.2 15:50 9.7 23:34 6.3 0.0 0.0 7.7 45.1 02:27 N 22 11.4 13.0 11:13 9.8 00:00 6.9 0.0 1.3 4.1 29.0 11:59 SE 23 10.2 11.8 14:09 8.5 07:06 8.0 0.0 0.0 4.5 17.7 10:39 ENE 24 9.0 11.5 16:13 6.3 04:52 9.3 0.0 0.0 8.9 49.9 13:07 NNW 25 10.0 15.0 12:54 6.6 23:55 8.3 0.0 0.0 7.6 41.8 04:53 N 26 10.1 15.2 15:55 5.2 04:42 8.2 0.0 0.0 8.0 46.7 13:25 NNW 27 9.5 11.8 04:54 5.9 23:50 8.8 0.0 0.0 6.8 48.3 12:54 N 28 6.5 9.3 16:26 4.4 23:28 11.8 0.0 0.0 7.2 30.6 10:10 NNW 29 4.7 7.1 15:05 1.8 17:56 13.6 0.0 28.4 8.7 43.5 21:48 N 30 3.6 5.2 20:23 2.9 06:32 14.7 0.0 30.3 12.4 46.7 04:45 N 31 7.2 12.8 13:32 4.1 02:53 11.1 0.0 4.5 8.7 45.1 23:32 NNE ---------------------------------------------------------------------------------- 9.5 16.2 21 1.8 29 272.7 0.0 335.5 7.4 56.3 17 NNE Max >= 27.0: 0 Max <= 5.0: 0 Min <= 20.0: 31 Min <= 0.0: 0 Max Rain: 36.3 on day 2 Days of Rain: 19 (>= 0.2 mm) 15 (>= 2.0 mm) 9 (>= 20.0 mm) Heat Base: 18.3 Cool Base: 18.3 Method: Integration