Rapporti Climatici in stile NOAA
Selezionare un Anno o un Mese
2024: Gen Feb Mar Apr Mag Giu Lug Ago Set Ott Nov Dic
2023: Gen Feb Mar Apr Mag Giu Lug Ago Set Ott Nov Dic
2022: Gen Feb Mar Apr Mag Giu Lug Ago Set Ott Nov Dic
2021: Gen Feb Mar Apr Mag Giu Lug Ago Set Ott Nov Dic
2020: Gen Feb Mar Apr Mag Giu Lug Ago Set Ott Nov Dic
2019: Gen Feb Mar Apr Mag Giu Lug Ago Set Ott Nov Dic
2018: Gen Feb Mar Apr Mag Giu Lug Ago Set Ott Nov Dic
2017: Gen Feb Mar Apr Mag Giu Lug Ago Set Ott Nov Dic
2016: Gen Feb Mar Apr Mag Giu Lug Ago Set Ott Nov Dic
2015: Gen Feb Mar Apr Mag Giu Lug Ago Set Ott Nov Dic
2014: Gen Feb Mar Apr Mag Giu Lug Ago Set Ott Nov Dic
2013: Gen Feb Mar Apr Mag Giu Lug Ago Set Ott Nov Dic
2012: Gen Feb Mar Apr Mag Giu Lug Ago Set Ott Nov Dic
2011: Gen Feb Mar Apr Mag Giu Lug Ago Set Ott Nov Dic
2010: Gen Feb Mar Apr Mag Giu Lug Ago Set Ott Nov Dic
2009: Gen Feb Mar Apr Mag Giu Lug Ago Set Ott Nov Dic
2008: Gen Feb Mar Apr Mag Giu Lug Ago Set Ott Nov Dic
2007: Gen Feb Mar Apr Mag Giu Lug Ago Set Ott Nov Dic
2006: Gen Feb Mar Apr Mag Giu Lug Ago Set Ott Nov Dic
2024: Gen Feb Mar Apr Mag Giu Lug Ago Set Ott Nov Dic
2023: Gen Feb Mar Apr Mag Giu Lug Ago Set Ott Nov Dic
2022: Gen Feb Mar Apr Mag Giu Lug Ago Set Ott Nov Dic
2021: Gen Feb Mar Apr Mag Giu Lug Ago Set Ott Nov Dic
2020: Gen Feb Mar Apr Mag Giu Lug Ago Set Ott Nov Dic
2019: Gen Feb Mar Apr Mag Giu Lug Ago Set Ott Nov Dic
2018: Gen Feb Mar Apr Mag Giu Lug Ago Set Ott Nov Dic
2017: Gen Feb Mar Apr Mag Giu Lug Ago Set Ott Nov Dic
2016: Gen Feb Mar Apr Mag Giu Lug Ago Set Ott Nov Dic
2015: Gen Feb Mar Apr Mag Giu Lug Ago Set Ott Nov Dic
2014: Gen Feb Mar Apr Mag Giu Lug Ago Set Ott Nov Dic
2013: Gen Feb Mar Apr Mag Giu Lug Ago Set Ott Nov Dic
2012: Gen Feb Mar Apr Mag Giu Lug Ago Set Ott Nov Dic
2011: Gen Feb Mar Apr Mag Giu Lug Ago Set Ott Nov Dic
2010: Gen Feb Mar Apr Mag Giu Lug Ago Set Ott Nov Dic
2009: Gen Feb Mar Apr Mag Giu Lug Ago Set Ott Nov Dic
2008: Gen Feb Mar Apr Mag Giu Lug Ago Set Ott Nov Dic
2007: Gen Feb Mar Apr Mag Giu Lug Ago Set Ott Nov Dic
2006: Gen Feb Mar Apr Mag Giu Lug Ago Set Ott Nov Dic
Archivio 2013 Novembre
Monthly Climatological Summary for nov 2013 Name: San Fruttuoso City: Genova State: Italy Elevation: 70 m Lat: N 44° 24' 34" Lon: E 008° 57' 38" Temperature (°C), Rain (mm), Wind Speed (km/h) Heat Cool Avg Mean Deg Deg Wind Dom Day Temp High Time Low Time Days Days Rain Speed High Time Dir ---------------------------------------------------------------------------------- 1 16.7 20.1 13:54 14.1 04:24 1.9 0.3 0.0 4.3 29.0 01:13 NNE 2 17.7 18.7 11:45 15.8 03:46 0.6 0.1 2.5 8.8 32.2 10:42 SE 3 18.7 20.3 16:23 17.0 23:52 0.1 0.5 0.0 7.7 45.1 07:32 SSE 4 15.6 18.1 07:07 12.3 23:21 2.7 0.0 9.1 10.3 48.3 11:23 SSE 5 14.5 18.8 16:12 12.2 00:21 3.8 0.0 0.0 7.4 37.0 04:02 NNW 6 14.6 19.1 13:50 11.3 07:09 3.8 0.1 0.0 7.8 19.3 03:55 NNW 7 16.8 19.6 14:35 12.6 02:50 1.7 0.2 0.0 7.0 35.4 10:59 E 8 17.5 18.2 09:52 15.9 05:06 0.8 0.0 4.6 6.4 32.2 06:24 SE 9 17.0 18.3 12:31 13.6 23:39 1.3 0.0 39.9 9.4 35.4 12:45 SSE 10 14.9 17.8 15:04 12.8 22:34 3.6 0.0 0.0 9.7 90.1 23:07 N 11 14.5 17.9 14:55 11.9 06:07 3.8 0.0 0.0 14.4 83.7 00:58 NNW 12 15.7 18.1 13:54 13.6 03:36 2.6 0.0 0.0 8.4 41.8 15:16 N 13 16.3 19.3 11:43 13.4 07:05 2.1 0.0 0.0 8.8 35.4 13:50 NNE 14 15.0 17.1 14:02 10.1 23:59 3.3 0.0 21.3 8.4 41.8 02:31 ENE 15 11.9 16.1 12:03 9.0 02:47 6.4 0.0 0.3 8.3 48.3 00:38 NNE 16 13.5 17.1 14:38 11.6 00:30 4.8 0.0 0.0 9.5 46.7 00:45 N 17 11.9 13.3 12:34 10.4 06:00 6.4 0.0 0.5 7.1 33.8 06:32 NNE 18 10.8 12.2 23:58 9.9 09:58 7.5 0.0 30.5 9.0 35.4 20:28 NE 19 12.5 15.5 14:49 10.9 04:56 5.8 0.0 16.5 5.6 33.8 10:18 N 20 10.8 12.2 11:33 9.8 23:48 7.5 0.0 5.3 12.5 51.5 21:11 SSE 21 9.0 11.1 15:22 7.0 21:44 9.3 0.0 2.6 10.9 61.2 11:26 S 22 6.8 8.1 21:45 5.4 04:13 11.5 0.0 0.2 9.1 48.3 23:24 N 23 8.2 10.3 10:30 7.3 02:37 10.0 0.0 1.8 9.6 45.1 01:23 N 24 10.3 12.5 21:42 8.5 02:29 7.9 0.0 0.0 7.6 35.4 10:07 N 25 11.6 15.3 12:51 6.9 23:59 6.7 0.0 0.0 6.1 27.4 08:51 N 26 6.4 10.0 15:35 3.4 05:15 11.9 0.0 0.0 6.7 25.7 13:37 NNW 27 5.9 8.1 14:30 3.8 00:47 12.4 0.0 0.0 6.0 37.0 11:32 N 28 5.8 9.7 13:30 3.4 06:16 12.5 0.0 0.0 7.3 30.6 23:50 N 29 7.0 11.9 13:07 3.1 08:14 11.3 0.0 0.0 7.6 29.0 00:47 NNW 30 7.1 11.7 07:07 3.5 19:48 11.2 0.0 2.8 10.0 46.7 22:13 NE ---------------------------------------------------------------------------------- 12.5 20.3 3 3.1 29 175.2 1.2 137.9 8.4 90.1 10 NNE Max >= 27.0: 0 Max <= 5.0: 0 Min <= 20.0: 30 Min <= 0.0: 0 Max Rain: 39.9 on day 9 Days of Rain: 14 (>= 0.2 mm) 10 (>= 2.0 mm) 3 (>= 20.0 mm) Heat Base: 18.3 Cool Base: 18.3 Method: Integration