Rapporti Climatici in stile NOAA
Selezionare un Anno o un Mese
2024: Gen Feb Mar Apr Mag Giu Lug Ago Set Ott Nov Dic
2023: Gen Feb Mar Apr Mag Giu Lug Ago Set Ott Nov Dic
2022: Gen Feb Mar Apr Mag Giu Lug Ago Set Ott Nov Dic
2021: Gen Feb Mar Apr Mag Giu Lug Ago Set Ott Nov Dic
2020: Gen Feb Mar Apr Mag Giu Lug Ago Set Ott Nov Dic
2019: Gen Feb Mar Apr Mag Giu Lug Ago Set Ott Nov Dic
2018: Gen Feb Mar Apr Mag Giu Lug Ago Set Ott Nov Dic
2017: Gen Feb Mar Apr Mag Giu Lug Ago Set Ott Nov Dic
2016: Gen Feb Mar Apr Mag Giu Lug Ago Set Ott Nov Dic
2015: Gen Feb Mar Apr Mag Giu Lug Ago Set Ott Nov Dic
2014: Gen Feb Mar Apr Mag Giu Lug Ago Set Ott Nov Dic
2013: Gen Feb Mar Apr Mag Giu Lug Ago Set Ott Nov Dic
2012: Gen Feb Mar Apr Mag Giu Lug Ago Set Ott Nov Dic
2011: Gen Feb Mar Apr Mag Giu Lug Ago Set Ott Nov Dic
2010: Gen Feb Mar Apr Mag Giu Lug Ago Set Ott Nov Dic
2009: Gen Feb Mar Apr Mag Giu Lug Ago Set Ott Nov Dic
2008: Gen Feb Mar Apr Mag Giu Lug Ago Set Ott Nov Dic
2007: Gen Feb Mar Apr Mag Giu Lug Ago Set Ott Nov Dic
2006: Gen Feb Mar Apr Mag Giu Lug Ago Set Ott Nov Dic
2024: Gen Feb Mar Apr Mag Giu Lug Ago Set Ott Nov Dic
2023: Gen Feb Mar Apr Mag Giu Lug Ago Set Ott Nov Dic
2022: Gen Feb Mar Apr Mag Giu Lug Ago Set Ott Nov Dic
2021: Gen Feb Mar Apr Mag Giu Lug Ago Set Ott Nov Dic
2020: Gen Feb Mar Apr Mag Giu Lug Ago Set Ott Nov Dic
2019: Gen Feb Mar Apr Mag Giu Lug Ago Set Ott Nov Dic
2018: Gen Feb Mar Apr Mag Giu Lug Ago Set Ott Nov Dic
2017: Gen Feb Mar Apr Mag Giu Lug Ago Set Ott Nov Dic
2016: Gen Feb Mar Apr Mag Giu Lug Ago Set Ott Nov Dic
2015: Gen Feb Mar Apr Mag Giu Lug Ago Set Ott Nov Dic
2014: Gen Feb Mar Apr Mag Giu Lug Ago Set Ott Nov Dic
2013: Gen Feb Mar Apr Mag Giu Lug Ago Set Ott Nov Dic
2012: Gen Feb Mar Apr Mag Giu Lug Ago Set Ott Nov Dic
2011: Gen Feb Mar Apr Mag Giu Lug Ago Set Ott Nov Dic
2010: Gen Feb Mar Apr Mag Giu Lug Ago Set Ott Nov Dic
2009: Gen Feb Mar Apr Mag Giu Lug Ago Set Ott Nov Dic
2008: Gen Feb Mar Apr Mag Giu Lug Ago Set Ott Nov Dic
2007: Gen Feb Mar Apr Mag Giu Lug Ago Set Ott Nov Dic
2006: Gen Feb Mar Apr Mag Giu Lug Ago Set Ott Nov Dic
Archivio 2013 Agosto
Monthly Climatological Summary for ago 2013 Name: San Fruttuoso City: Genova State: Italy Elevation: 70 m Lat: N 44° 24' 34" Lon: E 008° 57' 38" Temperature (°C), Rain (mm), Wind Speed (km/h) Heat Cool Avg Mean Deg Deg Wind Dom Day Temp High Time Low Time Days Days Rain Speed High Time Dir ---------------------------------------------------------------------------------- 1 27.4 31.2 13:39 22.1 05:01 0.0 9.2 0.0 6.7 20.9 11:13 W 2 28.1 31.8 16:23 24.1 05:46 0.0 9.8 0.0 6.2 19.3 03:44 W 3 26.7 29.8 14:11 23.0 06:03 0.0 8.4 0.0 6.0 20.9 16:40 W 4 25.5 27.8 11:08 22.2 05:21 0.0 7.2 0.0 7.0 24.1 14:23 SW 5 25.2 27.9 13:42 22.3 05:40 0.0 6.9 0.0 6.7 22.5 13:49 WSW 6 24.8 27.8 16:15 20.9 05:18 0.0 6.5 0.0 6.5 20.9 14:14 W 7 25.8 28.8 18:22 20.9 06:08 0.0 7.5 0.0 8.1 33.8 11:58 SE 8 26.3 28.4 01:05 21.5 22:45 0.0 7.9 7.6 6.8 38.6 12:20 ESE 9 24.0 27.8 15:06 20.8 04:32 0.0 5.7 0.0 5.4 32.2 06:12 NW 10 27.6 32.1 16:40 21.8 00:25 0.0 9.3 0.0 7.1 41.8 15:37 NNW 11 26.1 29.2 16:37 21.9 06:09 0.0 7.8 0.0 7.2 20.9 02:28 WNW 12 24.9 28.2 12:46 21.4 06:03 0.0 6.6 0.0 6.5 19.3 11:55 W 13 24.3 26.9 14:55 20.1 06:04 0.0 6.0 0.0 9.0 29.0 12:59 SSE 14 24.5 27.6 17:15 19.5 12:54 0.0 6.2 6.3 6.9 38.6 11:59 N 15 24.2 29.0 16:24 19.9 04:34 0.0 5.9 0.0 11.0 43.5 11:29 N 16 25.2 28.7 13:17 21.7 06:16 0.0 6.9 0.0 7.0 29.0 05:09 NNE 17 25.0 27.8 13:52 21.6 02:32 0.0 6.7 0.0 5.9 22.5 12:42 WSW 18 24.0 26.8 15:56 20.7 06:00 0.0 5.7 0.0 7.6 27.4 11:35 W 19 23.2 26.9 13:04 20.2 05:39 0.0 4.9 1.3 8.7 30.6 12:43 ENE 20 25.2 31.1 15:35 21.6 01:12 0.0 6.9 0.3 8.2 41.8 10:22 NNW 21 24.9 29.5 16:37 20.9 01:35 0.0 6.6 0.0 9.7 41.8 14:30 NNW 22 24.6 28.4 11:16 21.3 05:24 0.0 6.3 0.0 7.4 25.7 08:17 NNE 23 23.7 26.1 12:44 20.9 06:01 0.0 5.4 0.0 5.9 24.1 13:29 SSW 24 22.7 25.8 12:24 19.1 20:50 0.0 4.4 15.7 10.4 37.0 15:37 SE 25 22.1 26.2 14:00 16.7 23:58 0.0 3.8 20.8 6.1 38.6 15:49 E 26 20.8 24.9 15:06 16.3 21:31 0.3 2.8 11.0 8.5 67.6 21:26 E 27 21.1 23.9 13:26 18.4 04:32 0.0 2.8 0.0 6.0 24.1 01:41 NNW 28 21.5 24.5 16:37 17.7 05:45 0.0 3.3 0.0 6.7 20.9 09:39 WNW 29 22.6 27.0 15:36 18.3 04:48 0.0 4.3 0.0 6.5 22.5 16:08 WNW 30 24.2 28.8 16:29 20.6 04:57 0.0 5.9 0.0 6.9 25.7 15:18 NNW 31 23.9 26.9 14:30 21.3 05:23 0.0 5.6 0.0 6.0 24.1 06:43 ENE ---------------------------------------------------------------------------------- 24.5 32.1 10 16.3 26 0.3 193.2 63.0 7.2 67.6 26 NW Max >= 27.0: 21 Max <= 5.0: 0 Min <= 20.0: 8 Min <= 0.0: 0 Max Rain: 20.8 on day 25 Days of Rain: 7 (>= 0.2 mm) 5 (>= 2.0 mm) 1 (>= 20.0 mm) Heat Base: 18.3 Cool Base: 18.3 Method: Integration