Rapporti Climatici in stile NOAA
Selezionare un Anno o un Mese
2024: Gen Feb Mar Apr Mag Giu Lug Ago Set Ott Nov Dic
2023: Gen Feb Mar Apr Mag Giu Lug Ago Set Ott Nov Dic
2022: Gen Feb Mar Apr Mag Giu Lug Ago Set Ott Nov Dic
2021: Gen Feb Mar Apr Mag Giu Lug Ago Set Ott Nov Dic
2020: Gen Feb Mar Apr Mag Giu Lug Ago Set Ott Nov Dic
2019: Gen Feb Mar Apr Mag Giu Lug Ago Set Ott Nov Dic
2018: Gen Feb Mar Apr Mag Giu Lug Ago Set Ott Nov Dic
2017: Gen Feb Mar Apr Mag Giu Lug Ago Set Ott Nov Dic
2016: Gen Feb Mar Apr Mag Giu Lug Ago Set Ott Nov Dic
2015: Gen Feb Mar Apr Mag Giu Lug Ago Set Ott Nov Dic
2014: Gen Feb Mar Apr Mag Giu Lug Ago Set Ott Nov Dic
2013: Gen Feb Mar Apr Mag Giu Lug Ago Set Ott Nov Dic
2012: Gen Feb Mar Apr Mag Giu Lug Ago Set Ott Nov Dic
2011: Gen Feb Mar Apr Mag Giu Lug Ago Set Ott Nov Dic
2010: Gen Feb Mar Apr Mag Giu Lug Ago Set Ott Nov Dic
2009: Gen Feb Mar Apr Mag Giu Lug Ago Set Ott Nov Dic
2008: Gen Feb Mar Apr Mag Giu Lug Ago Set Ott Nov Dic
2007: Gen Feb Mar Apr Mag Giu Lug Ago Set Ott Nov Dic
2006: Gen Feb Mar Apr Mag Giu Lug Ago Set Ott Nov Dic
2024: Gen Feb Mar Apr Mag Giu Lug Ago Set Ott Nov Dic
2023: Gen Feb Mar Apr Mag Giu Lug Ago Set Ott Nov Dic
2022: Gen Feb Mar Apr Mag Giu Lug Ago Set Ott Nov Dic
2021: Gen Feb Mar Apr Mag Giu Lug Ago Set Ott Nov Dic
2020: Gen Feb Mar Apr Mag Giu Lug Ago Set Ott Nov Dic
2019: Gen Feb Mar Apr Mag Giu Lug Ago Set Ott Nov Dic
2018: Gen Feb Mar Apr Mag Giu Lug Ago Set Ott Nov Dic
2017: Gen Feb Mar Apr Mag Giu Lug Ago Set Ott Nov Dic
2016: Gen Feb Mar Apr Mag Giu Lug Ago Set Ott Nov Dic
2015: Gen Feb Mar Apr Mag Giu Lug Ago Set Ott Nov Dic
2014: Gen Feb Mar Apr Mag Giu Lug Ago Set Ott Nov Dic
2013: Gen Feb Mar Apr Mag Giu Lug Ago Set Ott Nov Dic
2012: Gen Feb Mar Apr Mag Giu Lug Ago Set Ott Nov Dic
2011: Gen Feb Mar Apr Mag Giu Lug Ago Set Ott Nov Dic
2010: Gen Feb Mar Apr Mag Giu Lug Ago Set Ott Nov Dic
2009: Gen Feb Mar Apr Mag Giu Lug Ago Set Ott Nov Dic
2008: Gen Feb Mar Apr Mag Giu Lug Ago Set Ott Nov Dic
2007: Gen Feb Mar Apr Mag Giu Lug Ago Set Ott Nov Dic
2006: Gen Feb Mar Apr Mag Giu Lug Ago Set Ott Nov Dic
Archivio 2013 Luglio
Monthly Climatological Summary for lug 2013 Name: San Fruttuoso City: Genova State: Italy Elevation: 70 m Lat: N 44° 24' 34" Lon: E 008° 57' 38" Temperature (°C), Rain (mm), Wind Speed (km/h) Heat Cool Avg Mean Deg Deg Wind Dom Day Temp High Time Low Time Days Days Rain Speed High Time Dir ---------------------------------------------------------------------------------- 1 20.1 23.4 17:53 15.4 05:07 0.5 2.3 0.0 6.6 22.5 13:02 W 2 20.8 24.1 14:21 16.7 04:52 0.2 2.8 0.0 7.1 20.9 12:38 W 3 20.9 22.8 09:01 17.8 05:32 0.0 2.7 0.0 9.7 37.0 09:40 SE 4 21.9 25.2 16:09 17.4 04:20 0.1 3.7 0.0 6.7 20.9 13:59 W 5 26.1 30.2 14:51 20.7 02:39 0.0 7.8 0.0 7.9 22.5 14:57 WNW 6 26.2 29.7 16:54 22.3 05:30 0.0 7.9 0.0 7.4 20.9 13:34 WNW 7 26.9 32.0 11:18 22.5 04:57 0.0 8.6 6.9 5.6 51.5 13:32 NW 8 28.3 32.8 17:37 25.0 06:34 0.0 10.0 0.0 5.4 38.6 12:55 N 9 27.6 31.7 16:07 23.9 06:03 0.0 9.3 0.0 8.3 38.6 12:49 NNW 10 25.6 27.6 15:41 23.4 23:51 0.0 7.3 0.0 4.8 20.9 13:57 SSW 11 23.8 25.8 13:11 21.2 05:22 0.0 5.5 0.0 7.8 22.5 11:52 S 12 23.7 26.2 14:56 21.0 05:20 0.0 5.4 0.0 5.8 22.5 11:24 S 13 23.3 25.4 15:54 20.1 10:05 0.0 5.0 10.1 5.4 24.1 11:24 SSE 14 24.6 28.3 13:35 20.3 05:18 0.0 6.3 0.0 6.8 30.6 09:53 WNW 15 24.2 27.3 15:25 20.3 06:07 0.0 5.9 0.0 7.1 20.9 13:41 W 16 24.5 27.4 13:47 20.4 05:00 0.0 6.2 0.0 6.9 22.5 14:47 W 17 26.4 30.2 15:30 22.3 03:34 0.0 8.1 0.0 6.4 29.0 04:42 N 18 24.5 27.2 17:16 21.8 10:06 0.0 6.2 2.1 6.7 32.2 11:02 N 19 23.8 27.0 17:02 22.2 23:43 0.0 5.5 7.8 4.3 33.8 19:04 NNW 20 23.5 26.9 18:00 19.9 04:58 0.0 5.2 1.8 6.7 19.3 14:21 NW 21 26.5 31.4 15:42 20.9 02:59 0.0 8.2 0.8 5.4 22.5 07:15 NW 22 26.3 29.2 09:56 22.2 05:56 0.0 8.0 0.0 7.2 20.9 14:46 WNW 23 25.7 28.1 15:56 22.7 03:51 0.0 7.4 0.0 6.7 22.5 12:58 S 24 25.5 27.8 12:28 22.9 03:19 0.0 7.2 0.0 9.5 38.6 11:14 SE 25 25.7 27.8 14:47 23.5 05:15 0.0 7.4 0.0 5.8 27.4 11:55 SSE 26 25.6 27.7 13:29 22.8 05:17 0.0 7.3 0.0 6.5 22.5 12:32 SW 27 25.7 28.2 11:39 22.6 05:11 0.0 7.4 0.0 6.5 22.5 13:16 WSW 28 26.6 30.6 16:02 22.2 05:26 0.0 8.3 0.0 12.0 43.5 18:53 SE 29 25.9 27.7 07:38 23.2 22:29 0.0 7.6 1.8 11.1 46.7 14:22 SSE 30 25.7 32.0 16:17 18.8 05:24 0.0 7.4 0.0 7.0 29.0 11:32 NW 31 27.1 30.3 17:03 23.6 05:58 0.0 8.8 0.0 6.1 25.7 15:35 W ---------------------------------------------------------------------------------- 24.9 32.8 8 15.4 1 0.8 206.7 31.3 7.1 51.5 7 W Max >= 27.0: 23 Max <= 5.0: 0 Min <= 20.0: 6 Min <= 0.0: 0 Max Rain: 10.1 on day 13 Days of Rain: 7 (>= 0.2 mm) 4 (>= 2.0 mm) 0 (>= 20.0 mm) Heat Base: 18.3 Cool Base: 18.3 Method: Integration