Rapporti Climatici in stile NOAA
Selezionare un Anno o un Mese
2024: Gen Feb Mar Apr Mag Giu Lug Ago Set Ott Nov Dic
2023: Gen Feb Mar Apr Mag Giu Lug Ago Set Ott Nov Dic
2022: Gen Feb Mar Apr Mag Giu Lug Ago Set Ott Nov Dic
2021: Gen Feb Mar Apr Mag Giu Lug Ago Set Ott Nov Dic
2020: Gen Feb Mar Apr Mag Giu Lug Ago Set Ott Nov Dic
2019: Gen Feb Mar Apr Mag Giu Lug Ago Set Ott Nov Dic
2018: Gen Feb Mar Apr Mag Giu Lug Ago Set Ott Nov Dic
2017: Gen Feb Mar Apr Mag Giu Lug Ago Set Ott Nov Dic
2016: Gen Feb Mar Apr Mag Giu Lug Ago Set Ott Nov Dic
2015: Gen Feb Mar Apr Mag Giu Lug Ago Set Ott Nov Dic
2014: Gen Feb Mar Apr Mag Giu Lug Ago Set Ott Nov Dic
2013: Gen Feb Mar Apr Mag Giu Lug Ago Set Ott Nov Dic
2012: Gen Feb Mar Apr Mag Giu Lug Ago Set Ott Nov Dic
2011: Gen Feb Mar Apr Mag Giu Lug Ago Set Ott Nov Dic
2010: Gen Feb Mar Apr Mag Giu Lug Ago Set Ott Nov Dic
2009: Gen Feb Mar Apr Mag Giu Lug Ago Set Ott Nov Dic
2008: Gen Feb Mar Apr Mag Giu Lug Ago Set Ott Nov Dic
2007: Gen Feb Mar Apr Mag Giu Lug Ago Set Ott Nov Dic
2006: Gen Feb Mar Apr Mag Giu Lug Ago Set Ott Nov Dic
2024: Gen Feb Mar Apr Mag Giu Lug Ago Set Ott Nov Dic
2023: Gen Feb Mar Apr Mag Giu Lug Ago Set Ott Nov Dic
2022: Gen Feb Mar Apr Mag Giu Lug Ago Set Ott Nov Dic
2021: Gen Feb Mar Apr Mag Giu Lug Ago Set Ott Nov Dic
2020: Gen Feb Mar Apr Mag Giu Lug Ago Set Ott Nov Dic
2019: Gen Feb Mar Apr Mag Giu Lug Ago Set Ott Nov Dic
2018: Gen Feb Mar Apr Mag Giu Lug Ago Set Ott Nov Dic
2017: Gen Feb Mar Apr Mag Giu Lug Ago Set Ott Nov Dic
2016: Gen Feb Mar Apr Mag Giu Lug Ago Set Ott Nov Dic
2015: Gen Feb Mar Apr Mag Giu Lug Ago Set Ott Nov Dic
2014: Gen Feb Mar Apr Mag Giu Lug Ago Set Ott Nov Dic
2013: Gen Feb Mar Apr Mag Giu Lug Ago Set Ott Nov Dic
2012: Gen Feb Mar Apr Mag Giu Lug Ago Set Ott Nov Dic
2011: Gen Feb Mar Apr Mag Giu Lug Ago Set Ott Nov Dic
2010: Gen Feb Mar Apr Mag Giu Lug Ago Set Ott Nov Dic
2009: Gen Feb Mar Apr Mag Giu Lug Ago Set Ott Nov Dic
2008: Gen Feb Mar Apr Mag Giu Lug Ago Set Ott Nov Dic
2007: Gen Feb Mar Apr Mag Giu Lug Ago Set Ott Nov Dic
2006: Gen Feb Mar Apr Mag Giu Lug Ago Set Ott Nov Dic
Archivio 2013 Maggio
Monthly Climatological Summary for mag 2013 Name: San Fruttuoso City: Genova State: Italy Elevation: 70 m Lat: N 44° 24' 34" Lon: E 008° 57' 38" Temperature (°C), Rain (mm), Wind Speed (km/h) Heat Cool Avg Mean Deg Deg Wind Dom Day Temp High Time Low Time Days Days Rain Speed High Time Dir ---------------------------------------------------------------------------------- 1 20.0 23.8 14:09 17.3 23:53 0.1 1.8 0.0 6.3 30.6 05:03 NE 2 18.7 21.1 09:08 15.7 02:17 0.4 0.8 0.0 5.6 24.1 11:46 S 3 16.0 17.8 12:42 12.9 23:45 2.3 0.0 0.0 7.6 30.6 14:33 SSE 4 15.8 20.2 17:43 11.0 05:10 2.7 0.2 0.0 6.4 19.3 13:04 W 5 16.2 17.7 08:15 14.2 03:57 2.1 0.0 10.9 4.4 30.6 09:48 NE 6 17.8 22.3 13:52 15.1 03:44 1.1 0.6 0.3 6.8 33.8 10:44 NNW 7 16.7 19.0 15:35 14.2 04:02 1.6 0.0 0.0 7.3 35.4 15:13 SE 8 17.3 19.8 16:19 14.2 04:15 1.2 0.2 0.0 4.7 20.9 11:54 SW 9 18.0 21.6 16:32 14.8 05:16 0.9 0.6 0.0 3.9 24.1 12:24 SSW 10 17.4 18.5 10:19 15.7 23:33 0.9 0.0 5.0 4.9 25.7 11:36 SE 11 17.3 20.1 12:11 14.3 05:41 1.3 0.3 0.0 6.3 35.4 12:27 SSE 12 18.0 20.2 18:35 14.5 23:53 0.8 0.5 0.0 6.2 29.0 11:42 SSW 13 17.3 20.2 09:08 13.3 03:16 1.3 0.4 0.0 7.0 32.2 12:25 SE 14 16.4 19.0 14:35 13.1 05:06 1.9 0.0 0.0 8.3 27.4 11:05 S 15 17.2 20.1 10:06 14.5 00:32 1.4 0.3 4.1 8.2 38.6 14:21 ESE 16 15.2 17.6 16:24 13.0 10:49 3.1 0.0 39.6 6.9 40.2 17:48 ESE 17 15.7 17.0 11:14 14.3 03:52 2.6 0.0 4.1 14.9 41.8 10:34 S 18 15.1 18.8 11:26 13.2 02:11 3.2 0.0 32.5 5.7 35.4 12:56 SE 19 15.2 17.2 13:50 13.0 03:36 3.1 0.0 10.7 12.7 51.5 00:51 S 20 16.0 17.7 13:13 15.1 00:59 2.3 0.0 0.0 15.0 51.5 12:29 SSE 21 15.9 17.6 12:46 13.2 23:57 2.4 0.0 0.0 11.1 37.0 10:46 SE 22 16.6 22.8 16:20 10.6 05:34 2.4 0.7 0.0 8.8 46.7 17:03 NW 23 19.0 22.6 10:40 16.2 23:53 0.4 1.0 0.2 8.3 33.8 01:21 ENE 24 13.8 17.2 13:45 9.1 05:01 4.5 0.0 3.8 10.4 59.5 06:51 NNW 25 11.5 14.5 03:20 8.8 09:05 6.8 0.0 4.6 8.1 33.8 10:49 NNW 26 14.0 17.5 12:46 8.4 05:20 4.2 0.0 0.0 7.1 32.2 20:38 S 28 14.9 17.3 09:57 12.1 02:35 5.4 0.0 0.8 11.4 30.6 06:44 SE 29 14.9 16.9 13:36 12.1 23:59 3.4 0.0 8.9 20.8 41.8 19:34 SE 30 13.9 17.7 11:48 10.3 03:33 4.4 0.0 0.7 6.7 30.6 12:40 NE 31 14.2 17.2 13:33 9.7 04:28 4.1 0.0 0.0 10.5 38.6 11:37 SE ---------------------------------------------------------------------------------- 16.2 23.8 1 8.4 26 72.3 7.4 126.2 8.4 59.5 24 SE Max >= 27.0: 0 Max <= 5.0: 0 Min <= 20.0: 30 Min <= 0.0: 0 Max Rain: 39.6 on day 16 Days of Rain: 14 (>= 0.2 mm) 10 (>= 2.0 mm) 2 (>= 20.0 mm) Heat Base: 18.3 Cool Base: 18.3 Method: Integration