Rapporti Climatici in stile NOAA
Selezionare un Anno o un Mese
2024: Gen Feb Mar Apr Mag Giu Lug Ago Set Ott Nov Dic
2023: Gen Feb Mar Apr Mag Giu Lug Ago Set Ott Nov Dic
2022: Gen Feb Mar Apr Mag Giu Lug Ago Set Ott Nov Dic
2021: Gen Feb Mar Apr Mag Giu Lug Ago Set Ott Nov Dic
2020: Gen Feb Mar Apr Mag Giu Lug Ago Set Ott Nov Dic
2019: Gen Feb Mar Apr Mag Giu Lug Ago Set Ott Nov Dic
2018: Gen Feb Mar Apr Mag Giu Lug Ago Set Ott Nov Dic
2017: Gen Feb Mar Apr Mag Giu Lug Ago Set Ott Nov Dic
2016: Gen Feb Mar Apr Mag Giu Lug Ago Set Ott Nov Dic
2015: Gen Feb Mar Apr Mag Giu Lug Ago Set Ott Nov Dic
2014: Gen Feb Mar Apr Mag Giu Lug Ago Set Ott Nov Dic
2013: Gen Feb Mar Apr Mag Giu Lug Ago Set Ott Nov Dic
2012: Gen Feb Mar Apr Mag Giu Lug Ago Set Ott Nov Dic
2011: Gen Feb Mar Apr Mag Giu Lug Ago Set Ott Nov Dic
2010: Gen Feb Mar Apr Mag Giu Lug Ago Set Ott Nov Dic
2009: Gen Feb Mar Apr Mag Giu Lug Ago Set Ott Nov Dic
2008: Gen Feb Mar Apr Mag Giu Lug Ago Set Ott Nov Dic
2007: Gen Feb Mar Apr Mag Giu Lug Ago Set Ott Nov Dic
2006: Gen Feb Mar Apr Mag Giu Lug Ago Set Ott Nov Dic
2024: Gen Feb Mar Apr Mag Giu Lug Ago Set Ott Nov Dic
2023: Gen Feb Mar Apr Mag Giu Lug Ago Set Ott Nov Dic
2022: Gen Feb Mar Apr Mag Giu Lug Ago Set Ott Nov Dic
2021: Gen Feb Mar Apr Mag Giu Lug Ago Set Ott Nov Dic
2020: Gen Feb Mar Apr Mag Giu Lug Ago Set Ott Nov Dic
2019: Gen Feb Mar Apr Mag Giu Lug Ago Set Ott Nov Dic
2018: Gen Feb Mar Apr Mag Giu Lug Ago Set Ott Nov Dic
2017: Gen Feb Mar Apr Mag Giu Lug Ago Set Ott Nov Dic
2016: Gen Feb Mar Apr Mag Giu Lug Ago Set Ott Nov Dic
2015: Gen Feb Mar Apr Mag Giu Lug Ago Set Ott Nov Dic
2014: Gen Feb Mar Apr Mag Giu Lug Ago Set Ott Nov Dic
2013: Gen Feb Mar Apr Mag Giu Lug Ago Set Ott Nov Dic
2012: Gen Feb Mar Apr Mag Giu Lug Ago Set Ott Nov Dic
2011: Gen Feb Mar Apr Mag Giu Lug Ago Set Ott Nov Dic
2010: Gen Feb Mar Apr Mag Giu Lug Ago Set Ott Nov Dic
2009: Gen Feb Mar Apr Mag Giu Lug Ago Set Ott Nov Dic
2008: Gen Feb Mar Apr Mag Giu Lug Ago Set Ott Nov Dic
2007: Gen Feb Mar Apr Mag Giu Lug Ago Set Ott Nov Dic
2006: Gen Feb Mar Apr Mag Giu Lug Ago Set Ott Nov Dic
Archivio 2013 Aprile
Monthly Climatological Summary for apr 2013 Name: San Fruttuoso City: Genova State: Italy Elevation: 70 m Lat: N 44° 24' 34" Lon: E 008° 57' 38" Temperature (°C), Rain (mm), Wind Speed (km/h) Heat Cool Avg Mean Deg Deg Wind Dom Day Temp High Time Low Time Days Days Rain Speed High Time Dir ---------------------------------------------------------------------------------- 1 10.8 13.8 12:27 8.7 23:43 7.5 0.0 1.8 6.0 30.6 11:40 N 2 11.2 14.3 15:51 8.7 00:00 7.1 0.0 0.2 9.2 46.7 10:43 NNW 3 11.9 14.5 14:39 8.3 06:06 6.4 0.0 0.0 7.1 24.1 10:10 S 4 11.2 13.3 10:11 8.8 22:18 7.1 0.0 15.0 4.4 29.0 23:03 ENE 5 10.1 12.7 16:17 8.5 02:18 8.2 0.0 8.7 6.6 37.0 05:58 N 6 12.5 16.7 15:30 8.8 01:08 5.8 0.0 1.0 6.6 29.0 16:10 NNW 7 14.0 17.3 15:23 11.2 06:28 4.3 0.0 0.0 9.5 46.7 13:01 NNW 8 11.3 13.2 00:00 8.7 20:30 7.0 0.0 5.1 7.9 35.4 11:29 SSE 9 11.1 13.6 12:55 8.4 04:10 7.2 0.0 1.7 8.9 38.6 17:10 E 10 12.8 15.6 13:59 9.8 06:33 5.5 0.0 0.3 7.5 32.2 14:32 SE 11 13.2 14.3 11:51 12.2 00:53 5.1 0.0 3.5 9.1 30.6 04:25 SE 12 14.0 15.8 16:06 13.1 05:09 4.3 0.0 3.6 12.3 48.3 16:39 SE 13 13.5 16.8 13:18 10.0 05:59 4.8 0.0 0.0 8.4 38.6 13:52 SE 14 13.8 17.0 17:21 9.8 06:04 4.5 0.0 0.0 6.2 17.7 10:56 W 15 15.1 18.4 16:15 11.5 05:17 3.2 0.0 0.0 5.6 17.7 14:26 SW 16 15.4 18.2 15:15 11.7 04:40 2.8 0.0 0.0 4.5 19.3 11:28 SSW 17 17.2 20.7 16:25 13.9 04:51 1.5 0.4 0.0 2.8 14.5 11:03 S 18 16.9 19.4 15:37 13.7 05:33 1.5 0.1 0.0 3.7 19.3 12:17 S 19 15.2 16.9 12:17 12.6 06:12 3.1 0.0 1.8 8.3 40.2 23:50 SSE 20 13.4 15.1 00:00 11.5 23:32 4.9 0.0 0.7 10.7 45.1 03:37 SE 21 12.5 16.0 12:21 10.7 01:06 5.8 0.0 15.0 3.8 32.2 14:12 NNW 22 12.0 13.7 15:57 10.1 01:14 6.3 0.0 2.1 3.8 22.5 15:28 NW 23 13.9 16.8 12:56 10.4 05:57 4.4 0.0 0.7 4.3 20.9 13:54 SSW 24 17.5 22.8 16:30 10.8 03:38 2.2 1.3 0.0 9.4 37.0 23:18 NNW 25 20.5 23.6 16:58 17.3 05:23 0.1 2.3 0.0 6.7 40.2 01:32 NNE 26 19.2 20.7 00:54 15.4 22:36 0.3 1.2 6.1 5.7 33.8 20:46 NE 27 14.7 16.1 00:06 14.0 12:20 3.6 0.0 36.6 11.7 37.0 14:10 SE 28 15.5 17.3 13:30 14.0 04:16 2.8 0.0 2.3 7.3 35.4 13:51 SE 29 17.3 21.3 12:27 15.2 01:14 1.3 0.3 5.6 7.7 38.6 17:57 N 30 20.2 24.7 14:08 16.4 04:37 0.3 2.2 1.0 5.9 27.4 01:51 NNE ---------------------------------------------------------------------------------- 14.3 24.7 30 8.3 3 128.9 7.8 112.8 7.0 48.3 12 ESE Max >= 27.0: 0 Max <= 5.0: 0 Min <= 20.0: 30 Min <= 0.0: 0 Max Rain: 36.6 on day 27 Days of Rain: 20 (>= 0.2 mm) 11 (>= 2.0 mm) 1 (>= 20.0 mm) Heat Base: 18.3 Cool Base: 18.3 Method: Integration