Rapporti Climatici in stile NOAA
Selezionare un Anno o un Mese
2024: Gen Feb Mar Apr Mag Giu Lug Ago Set Ott Nov Dic
2023: Gen Feb Mar Apr Mag Giu Lug Ago Set Ott Nov Dic
2022: Gen Feb Mar Apr Mag Giu Lug Ago Set Ott Nov Dic
2021: Gen Feb Mar Apr Mag Giu Lug Ago Set Ott Nov Dic
2020: Gen Feb Mar Apr Mag Giu Lug Ago Set Ott Nov Dic
2019: Gen Feb Mar Apr Mag Giu Lug Ago Set Ott Nov Dic
2018: Gen Feb Mar Apr Mag Giu Lug Ago Set Ott Nov Dic
2017: Gen Feb Mar Apr Mag Giu Lug Ago Set Ott Nov Dic
2016: Gen Feb Mar Apr Mag Giu Lug Ago Set Ott Nov Dic
2015: Gen Feb Mar Apr Mag Giu Lug Ago Set Ott Nov Dic
2014: Gen Feb Mar Apr Mag Giu Lug Ago Set Ott Nov Dic
2013: Gen Feb Mar Apr Mag Giu Lug Ago Set Ott Nov Dic
2012: Gen Feb Mar Apr Mag Giu Lug Ago Set Ott Nov Dic
2011: Gen Feb Mar Apr Mag Giu Lug Ago Set Ott Nov Dic
2010: Gen Feb Mar Apr Mag Giu Lug Ago Set Ott Nov Dic
2009: Gen Feb Mar Apr Mag Giu Lug Ago Set Ott Nov Dic
2008: Gen Feb Mar Apr Mag Giu Lug Ago Set Ott Nov Dic
2007: Gen Feb Mar Apr Mag Giu Lug Ago Set Ott Nov Dic
2006: Gen Feb Mar Apr Mag Giu Lug Ago Set Ott Nov Dic
2024: Gen Feb Mar Apr Mag Giu Lug Ago Set Ott Nov Dic
2023: Gen Feb Mar Apr Mag Giu Lug Ago Set Ott Nov Dic
2022: Gen Feb Mar Apr Mag Giu Lug Ago Set Ott Nov Dic
2021: Gen Feb Mar Apr Mag Giu Lug Ago Set Ott Nov Dic
2020: Gen Feb Mar Apr Mag Giu Lug Ago Set Ott Nov Dic
2019: Gen Feb Mar Apr Mag Giu Lug Ago Set Ott Nov Dic
2018: Gen Feb Mar Apr Mag Giu Lug Ago Set Ott Nov Dic
2017: Gen Feb Mar Apr Mag Giu Lug Ago Set Ott Nov Dic
2016: Gen Feb Mar Apr Mag Giu Lug Ago Set Ott Nov Dic
2015: Gen Feb Mar Apr Mag Giu Lug Ago Set Ott Nov Dic
2014: Gen Feb Mar Apr Mag Giu Lug Ago Set Ott Nov Dic
2013: Gen Feb Mar Apr Mag Giu Lug Ago Set Ott Nov Dic
2012: Gen Feb Mar Apr Mag Giu Lug Ago Set Ott Nov Dic
2011: Gen Feb Mar Apr Mag Giu Lug Ago Set Ott Nov Dic
2010: Gen Feb Mar Apr Mag Giu Lug Ago Set Ott Nov Dic
2009: Gen Feb Mar Apr Mag Giu Lug Ago Set Ott Nov Dic
2008: Gen Feb Mar Apr Mag Giu Lug Ago Set Ott Nov Dic
2007: Gen Feb Mar Apr Mag Giu Lug Ago Set Ott Nov Dic
2006: Gen Feb Mar Apr Mag Giu Lug Ago Set Ott Nov Dic
Archivio 2013 Marzo
Monthly Climatological Summary for mar 2013 Name: San Fruttuoso City: Genova State: Italy Elevation: 70 m Lat: N 44° 24' 34" Lon: E 008° 57' 38" Temperature (°C), Rain (mm), Wind Speed (km/h) Heat Cool Avg Mean Deg Deg Wind Dom Day Temp High Time Low Time Days Days Rain Speed High Time Dir ---------------------------------------------------------------------------------- 1 10.1 12.9 12:36 7.6 05:44 8.2 0.0 0.0 7.6 33.8 00:47 N 5 9.7 14.1 14:26 6.4 21:36 12.1 0.0 12.7 15.0 53.1 12:44 N 6 6.6 7.7 00:00 5.7 04:30 11.7 0.0 33.0 20.7 43.5 19:13 NNE 7 9.4 11.2 20:42 7.7 00:00 8.8 0.0 17.6 11.1 43.5 09:21 NNE 8 10.5 11.4 12:37 9.9 01:43 7.8 0.0 33.5 6.3 41.8 18:53 N 9 10.3 12.7 12:19 7.5 06:40 8.0 0.0 23.6 5.3 25.7 10:33 N 10 11.3 13.9 16:02 7.6 02:09 7.0 0.0 0.0 6.6 25.7 09:01 ESE 11 11.1 14.5 11:55 8.6 23:38 7.2 0.0 0.0 6.7 32.2 12:35 N 12 10.4 12.7 14:10 7.8 02:16 7.9 0.0 1.0 6.0 40.2 13:53 ENE 13 10.8 12.9 10:27 8.2 23:20 7.5 0.0 3.6 5.5 27.4 13:32 S 14 9.8 13.3 16:09 5.6 23:28 8.5 0.0 0.2 8.7 45.1 09:40 NNE 15 6.8 10.4 17:08 4.1 00:59 11.5 0.0 0.0 11.7 46.7 05:29 N 16 7.5 10.9 15:31 2.9 06:23 10.8 0.0 0.0 8.0 33.8 13:53 ESE 17 4.8 9.2 01:44 1.4 22:48 13.5 0.0 48.0 7.9 46.7 21:29 NNE 18 4.0 6.8 15:48 1.3 02:07 14.3 0.0 39.2 12.4 54.7 12:10 N 19 9.2 13.7 12:51 3.9 05:20 9.1 0.0 0.0 10.6 32.2 21:18 ESE 20 9.4 11.8 08:02 7.1 14:45 8.9 0.0 20.0 7.9 43.5 20:41 ENE 21 11.2 16.0 12:20 7.9 00:22 7.1 0.0 0.0 6.8 32.2 13:31 NW 22 11.3 14.1 09:22 7.1 01:30 7.0 0.0 0.0 8.3 35.4 14:50 ESE 23 11.6 13.9 10:12 9.3 06:35 6.7 0.0 1.5 6.2 27.4 11:21 NE 24 9.3 10.9 00:00 7.1 20:47 9.0 0.0 16.8 8.3 49.9 19:28 NNE 25 9.8 13.3 16:40 6.4 06:08 8.5 0.0 1.0 12.5 59.5 01:05 N 26 8.0 9.9 14:53 6.4 10:25 10.3 0.0 1.0 10.6 43.5 11:51 NNW 27 7.8 10.6 14:41 5.8 03:17 10.5 0.0 0.0 8.7 41.8 16:37 N 28 7.3 8.3 00:00 6.2 18:11 11.0 0.0 11.5 9.1 45.1 16:52 NNE 29 9.4 12.6 15:47 6.0 04:14 8.9 0.0 2.8 7.5 32.2 16:04 E 30 8.9 11.3 00:26 6.3 15:38 9.4 0.0 40.6 10.4 54.7 13:44 N 31 10.7 15.0 15:13 5.9 05:57 7.6 0.0 0.0 6.7 35.4 16:00 WSW ---------------------------------------------------------------------------------- 9.2 16.0 21 1.3 18 258.8 0.0 307.6 8.9 59.5 25 NNE Max >= 27.0: 0 Max <= 5.0: 0 Min <= 20.0: 28 Min <= 0.0: 0 Max Rain: 48.0 on day 17 Days of Rain: 18 (>= 0.2 mm) 13 (>= 2.0 mm) 7 (>= 20.0 mm) Heat Base: 18.3 Cool Base: 18.3 Method: Integration