Rapporti Climatici in stile NOAA
Selezionare un Anno o un Mese
2024: Gen Feb Mar Apr Mag Giu Lug Ago Set Ott Nov Dic
2023: Gen Feb Mar Apr Mag Giu Lug Ago Set Ott Nov Dic
2022: Gen Feb Mar Apr Mag Giu Lug Ago Set Ott Nov Dic
2021: Gen Feb Mar Apr Mag Giu Lug Ago Set Ott Nov Dic
2020: Gen Feb Mar Apr Mag Giu Lug Ago Set Ott Nov Dic
2019: Gen Feb Mar Apr Mag Giu Lug Ago Set Ott Nov Dic
2018: Gen Feb Mar Apr Mag Giu Lug Ago Set Ott Nov Dic
2017: Gen Feb Mar Apr Mag Giu Lug Ago Set Ott Nov Dic
2016: Gen Feb Mar Apr Mag Giu Lug Ago Set Ott Nov Dic
2015: Gen Feb Mar Apr Mag Giu Lug Ago Set Ott Nov Dic
2014: Gen Feb Mar Apr Mag Giu Lug Ago Set Ott Nov Dic
2013: Gen Feb Mar Apr Mag Giu Lug Ago Set Ott Nov Dic
2012: Gen Feb Mar Apr Mag Giu Lug Ago Set Ott Nov Dic
2011: Gen Feb Mar Apr Mag Giu Lug Ago Set Ott Nov Dic
2010: Gen Feb Mar Apr Mag Giu Lug Ago Set Ott Nov Dic
2009: Gen Feb Mar Apr Mag Giu Lug Ago Set Ott Nov Dic
2008: Gen Feb Mar Apr Mag Giu Lug Ago Set Ott Nov Dic
2007: Gen Feb Mar Apr Mag Giu Lug Ago Set Ott Nov Dic
2006: Gen Feb Mar Apr Mag Giu Lug Ago Set Ott Nov Dic
2024: Gen Feb Mar Apr Mag Giu Lug Ago Set Ott Nov Dic
2023: Gen Feb Mar Apr Mag Giu Lug Ago Set Ott Nov Dic
2022: Gen Feb Mar Apr Mag Giu Lug Ago Set Ott Nov Dic
2021: Gen Feb Mar Apr Mag Giu Lug Ago Set Ott Nov Dic
2020: Gen Feb Mar Apr Mag Giu Lug Ago Set Ott Nov Dic
2019: Gen Feb Mar Apr Mag Giu Lug Ago Set Ott Nov Dic
2018: Gen Feb Mar Apr Mag Giu Lug Ago Set Ott Nov Dic
2017: Gen Feb Mar Apr Mag Giu Lug Ago Set Ott Nov Dic
2016: Gen Feb Mar Apr Mag Giu Lug Ago Set Ott Nov Dic
2015: Gen Feb Mar Apr Mag Giu Lug Ago Set Ott Nov Dic
2014: Gen Feb Mar Apr Mag Giu Lug Ago Set Ott Nov Dic
2013: Gen Feb Mar Apr Mag Giu Lug Ago Set Ott Nov Dic
2012: Gen Feb Mar Apr Mag Giu Lug Ago Set Ott Nov Dic
2011: Gen Feb Mar Apr Mag Giu Lug Ago Set Ott Nov Dic
2010: Gen Feb Mar Apr Mag Giu Lug Ago Set Ott Nov Dic
2009: Gen Feb Mar Apr Mag Giu Lug Ago Set Ott Nov Dic
2008: Gen Feb Mar Apr Mag Giu Lug Ago Set Ott Nov Dic
2007: Gen Feb Mar Apr Mag Giu Lug Ago Set Ott Nov Dic
2006: Gen Feb Mar Apr Mag Giu Lug Ago Set Ott Nov Dic
Archivio 2013 Febbraio
Monthly Climatological Summary for feb 2013 Name: San Fruttuoso City: Genova State: Italy Elevation: 70 m Lat: N 44° 24' 34" Lon: E 008° 57' 38" Temperature (°C), Rain (mm), Wind Speed (km/h) Heat Cool Avg Mean Deg Deg Wind Dom Day Temp High Time Low Time Days Days Rain Speed High Time Dir ---------------------------------------------------------------------------------- 1 10.8 13.7 14:50 7.2 05:54 7.5 0.0 0.0 10.1 37.0 16:02 E 2 10.5 13.0 00:00 6.3 11:04 7.8 0.0 4.8 11.1 56.3 20:47 NE 3 10.1 12.7 15:20 5.9 23:34 8.2 0.0 0.0 8.4 46.7 06:50 N 4 8.7 12.7 12:01 4.1 05:17 9.6 0.0 0.0 7.0 30.6 13:31 NE 5 10.8 11.8 12:01 9.8 23:44 7.5 0.0 0.0 6.9 32.2 12:38 SE 6 9.4 12.9 14:43 5.4 23:50 8.9 0.0 0.0 6.7 32.2 06:29 NNW 7 7.3 10.9 16:11 4.3 07:42 11.0 0.0 0.0 9.0 51.5 04:46 N 8 7.1 10.2 15:06 4.9 06:55 11.2 0.0 0.0 8.5 40.2 11:34 NNW 9 5.5 8.9 14:52 2.4 23:31 12.8 0.0 0.0 8.1 35.4 13:54 N 10 5.0 8.2 14:04 2.2 04:25 13.3 0.0 0.3 5.8 27.4 09:06 E 11 1.4 4.9 00:00 0.4 10:53 16.9 0.0 6.3 9.4 48.3 18:15 N 12 4.7 8.6 15:28 1.7 00:00 13.6 0.0 5.1 6.8 32.2 00:52 N 13 6.6 10.6 16:51 3.6 00:42 11.7 0.0 0.0 10.1 37.0 06:34 NNW 14 7.8 12.4 14:36 4.3 07:45 10.5 0.0 0.0 6.8 29.0 12:00 N 15 8.5 12.4 15:04 5.4 05:46 9.8 0.0 0.0 6.7 30.6 21:33 NNW 16 9.6 13.7 14:51 7.3 07:19 8.7 0.0 0.0 6.6 30.6 06:23 NNE 17 8.0 11.2 13:28 5.8 06:44 10.3 0.0 0.0 8.3 35.4 14:06 N 18 7.0 10.5 15:06 3.7 07:32 11.3 0.0 0.0 8.6 35.4 14:12 N 19 7.9 10.7 14:35 4.2 06:34 10.4 0.0 0.0 6.5 24.1 12:37 E 20 10.2 12.1 12:21 7.1 23:53 8.1 0.0 0.8 8.1 35.4 14:35 SE 21 5.2 7.4 01:18 2.7 23:54 13.1 0.0 1.8 10.0 46.7 15:36 N 22 3.3 6.4 16:06 1.7 22:59 15.0 0.0 0.0 9.1 43.5 12:33 N 23 2.4 3.2 22:54 1.8 00:00 15.9 0.0 0.5 10.7 45.1 19:50 N 24 3.4 5.0 17:02 1.8 03:18 14.9 0.0 8.1 4.3 35.4 01:01 N 25 4.7 7.0 15:06 3.3 04:11 13.6 0.0 0.2 7.1 33.8 22:10 N 26 7.5 11.2 15:47 4.3 07:11 10.8 0.0 0.0 8.2 38.6 12:22 N 27 7.8 11.1 13:35 4.3 06:45 10.5 0.0 0.8 4.9 33.8 19:36 N 28 8.9 12.4 14:02 6.2 06:13 9.4 0.0 0.0 7.6 33.8 15:40 N ---------------------------------------------------------------------------------- 7.1 13.7 1 0.4 11 312.3 0.0 28.7 7.9 56.3 2 NNE Max >= 27.0: 0 Max <= 5.0: 3 Min <= 20.0: 28 Min <= 0.0: 0 Max Rain: 8.1 on day 24 Days of Rain: 10 (>= 0.2 mm) 4 (>= 2.0 mm) 0 (>= 20.0 mm) Heat Base: 18.3 Cool Base: 18.3 Method: Integration