Rapporti Climatici in stile NOAA
Selezionare un Anno o un Mese
2024: Gen Feb Mar Apr Mag Giu Lug Ago Set Ott Nov Dic
2023: Gen Feb Mar Apr Mag Giu Lug Ago Set Ott Nov Dic
2022: Gen Feb Mar Apr Mag Giu Lug Ago Set Ott Nov Dic
2021: Gen Feb Mar Apr Mag Giu Lug Ago Set Ott Nov Dic
2020: Gen Feb Mar Apr Mag Giu Lug Ago Set Ott Nov Dic
2019: Gen Feb Mar Apr Mag Giu Lug Ago Set Ott Nov Dic
2018: Gen Feb Mar Apr Mag Giu Lug Ago Set Ott Nov Dic
2017: Gen Feb Mar Apr Mag Giu Lug Ago Set Ott Nov Dic
2016: Gen Feb Mar Apr Mag Giu Lug Ago Set Ott Nov Dic
2015: Gen Feb Mar Apr Mag Giu Lug Ago Set Ott Nov Dic
2014: Gen Feb Mar Apr Mag Giu Lug Ago Set Ott Nov Dic
2013: Gen Feb Mar Apr Mag Giu Lug Ago Set Ott Nov Dic
2012: Gen Feb Mar Apr Mag Giu Lug Ago Set Ott Nov Dic
2011: Gen Feb Mar Apr Mag Giu Lug Ago Set Ott Nov Dic
2010: Gen Feb Mar Apr Mag Giu Lug Ago Set Ott Nov Dic
2009: Gen Feb Mar Apr Mag Giu Lug Ago Set Ott Nov Dic
2008: Gen Feb Mar Apr Mag Giu Lug Ago Set Ott Nov Dic
2007: Gen Feb Mar Apr Mag Giu Lug Ago Set Ott Nov Dic
2006: Gen Feb Mar Apr Mag Giu Lug Ago Set Ott Nov Dic
2024: Gen Feb Mar Apr Mag Giu Lug Ago Set Ott Nov Dic
2023: Gen Feb Mar Apr Mag Giu Lug Ago Set Ott Nov Dic
2022: Gen Feb Mar Apr Mag Giu Lug Ago Set Ott Nov Dic
2021: Gen Feb Mar Apr Mag Giu Lug Ago Set Ott Nov Dic
2020: Gen Feb Mar Apr Mag Giu Lug Ago Set Ott Nov Dic
2019: Gen Feb Mar Apr Mag Giu Lug Ago Set Ott Nov Dic
2018: Gen Feb Mar Apr Mag Giu Lug Ago Set Ott Nov Dic
2017: Gen Feb Mar Apr Mag Giu Lug Ago Set Ott Nov Dic
2016: Gen Feb Mar Apr Mag Giu Lug Ago Set Ott Nov Dic
2015: Gen Feb Mar Apr Mag Giu Lug Ago Set Ott Nov Dic
2014: Gen Feb Mar Apr Mag Giu Lug Ago Set Ott Nov Dic
2013: Gen Feb Mar Apr Mag Giu Lug Ago Set Ott Nov Dic
2012: Gen Feb Mar Apr Mag Giu Lug Ago Set Ott Nov Dic
2011: Gen Feb Mar Apr Mag Giu Lug Ago Set Ott Nov Dic
2010: Gen Feb Mar Apr Mag Giu Lug Ago Set Ott Nov Dic
2009: Gen Feb Mar Apr Mag Giu Lug Ago Set Ott Nov Dic
2008: Gen Feb Mar Apr Mag Giu Lug Ago Set Ott Nov Dic
2007: Gen Feb Mar Apr Mag Giu Lug Ago Set Ott Nov Dic
2006: Gen Feb Mar Apr Mag Giu Lug Ago Set Ott Nov Dic
Archivio 2013 Gennaio
Monthly Climatological Summary for gen 2013 Name: San Fruttuoso City: Genova State: Italy Elevation: 70 m Lat: N 44° 24' 34" Lon: E 008° 57' 38" Temperature (°C), Rain (mm), Wind Speed (km/h) Heat Cool Avg Mean Deg Deg Wind Dom Day Temp High Time Low Time Days Days Rain Speed High Time Dir ---------------------------------------------------------------------------------- 1 8.5 11.6 16:51 5.3 02:09 9.8 0.0 31.0 8.7 35.4 13:23 E 2 5.7 6.8 22:55 5.2 10:13 12.6 0.0 27.4 9.8 37.0 11:54 NNE 3 9.2 14.8 14:40 6.6 00:00 9.1 0.0 0.0 8.7 38.6 03:05 N 4 8.5 12.9 15:22 5.5 06:06 9.7 0.0 0.0 8.0 17.7 00:26 NNW 5 9.5 11.0 16:17 6.9 00:04 8.8 0.0 0.0 5.4 16.1 00:44 NNW 6 9.2 11.1 13:16 6.7 04:06 9.1 0.0 0.0 4.8 16.1 00:10 NNW 7 9.9 12.9 12:40 7.6 09:04 8.4 0.0 0.0 5.6 17.7 03:00 NW 8 9.2 13.2 14:47 6.7 08:20 9.1 0.0 0.0 7.6 29.0 10:48 NNW 9 10.5 12.3 13:21 7.6 00:13 7.8 0.0 0.0 5.9 24.1 19:56 NNE 10 9.6 12.5 16:12 7.9 22:58 8.7 0.0 1.3 6.0 16.1 05:10 NNW 11 11.0 13.9 15:32 8.0 00:00 7.3 0.0 0.0 5.2 29.0 15:44 N 12 8.6 12.9 12:59 5.9 22:17 9.7 0.0 4.1 9.0 30.6 23:21 N 13 4.8 6.4 00:00 3.9 15:25 13.5 0.0 4.8 10.1 41.8 18:50 N 14 6.9 10.2 13:57 4.9 00:00 11.4 0.0 0.0 5.7 43.5 00:12 N 15 4.9 6.9 10:42 3.5 23:22 13.4 0.0 18.3 5.5 35.4 18:55 N 16 4.7 7.2 15:20 3.5 00:00 13.6 0.0 0.2 9.3 46.7 04:56 NNE 17 4.7 6.9 16:15 1.9 08:37 13.6 0.0 0.0 9.6 51.5 12:40 NNE 18 6.2 10.9 15:00 4.0 03:45 12.1 0.0 0.0 8.3 35.4 05:49 N 19 5.5 8.8 02:41 2.1 19:32 12.8 0.0 26.9 6.6 49.9 23:57 NNE 20 4.0 5.6 22:43 2.3 00:03 14.3 0.0 24.4 13.3 57.9 04:36 NNE 21 7.5 11.5 14:40 4.9 00:00 10.8 0.0 10.2 6.3 35.4 04:06 N 22 8.3 12.4 16:14 5.8 03:26 10.0 0.0 0.0 7.2 41.8 14:02 NNW 23 7.7 10.6 02:15 4.6 19:58 10.6 0.0 8.4 5.3 30.6 21:21 NNE 24 7.3 10.3 15:37 4.4 03:24 11.0 0.0 0.2 8.4 40.2 08:56 N 25 8.3 11.8 15:41 4.6 23:56 10.0 0.0 0.0 6.7 29.0 09:49 N 26 5.7 8.8 12:57 3.1 07:11 12.6 0.0 0.0 9.4 41.8 15:19 N 27 6.9 9.9 18:35 2.4 07:45 11.4 0.0 0.0 9.0 30.6 19:16 ENE 28 6.1 8.5 00:00 3.7 09:21 12.2 0.0 33.8 8.8 32.2 08:29 NNE 29 8.2 11.6 11:21 3.9 02:00 10.1 0.0 0.0 11.6 35.4 01:40 E 30 11.1 13.5 13:42 7.6 01:52 7.2 0.0 0.0 9.5 33.8 12:45 ESE 31 11.4 15.3 14:35 8.4 05:46 6.9 0.0 0.0 4.9 22.5 15:10 NE ---------------------------------------------------------------------------------- 7.7 15.3 31 1.9 17 327.6 0.0 191.0 7.7 57.9 20 NNE Max >= 27.0: 0 Max <= 5.0: 0 Min <= 20.0: 31 Min <= 0.0: 0 Max Rain: 33.8 on day 28 Days of Rain: 13 (>= 0.2 mm) 10 (>= 2.0 mm) 5 (>= 20.0 mm) Heat Base: 18.3 Cool Base: 18.3 Method: Integration