Rapporti Climatici in stile NOAA
Selezionare un Anno o un Mese
2024: Gen Feb Mar Apr Mag Giu Lug Ago Set Ott Nov Dic
2023: Gen Feb Mar Apr Mag Giu Lug Ago Set Ott Nov Dic
2022: Gen Feb Mar Apr Mag Giu Lug Ago Set Ott Nov Dic
2021: Gen Feb Mar Apr Mag Giu Lug Ago Set Ott Nov Dic
2020: Gen Feb Mar Apr Mag Giu Lug Ago Set Ott Nov Dic
2019: Gen Feb Mar Apr Mag Giu Lug Ago Set Ott Nov Dic
2018: Gen Feb Mar Apr Mag Giu Lug Ago Set Ott Nov Dic
2017: Gen Feb Mar Apr Mag Giu Lug Ago Set Ott Nov Dic
2016: Gen Feb Mar Apr Mag Giu Lug Ago Set Ott Nov Dic
2015: Gen Feb Mar Apr Mag Giu Lug Ago Set Ott Nov Dic
2014: Gen Feb Mar Apr Mag Giu Lug Ago Set Ott Nov Dic
2013: Gen Feb Mar Apr Mag Giu Lug Ago Set Ott Nov Dic
2012: Gen Feb Mar Apr Mag Giu Lug Ago Set Ott Nov Dic
2011: Gen Feb Mar Apr Mag Giu Lug Ago Set Ott Nov Dic
2010: Gen Feb Mar Apr Mag Giu Lug Ago Set Ott Nov Dic
2009: Gen Feb Mar Apr Mag Giu Lug Ago Set Ott Nov Dic
2008: Gen Feb Mar Apr Mag Giu Lug Ago Set Ott Nov Dic
2007: Gen Feb Mar Apr Mag Giu Lug Ago Set Ott Nov Dic
2006: Gen Feb Mar Apr Mag Giu Lug Ago Set Ott Nov Dic
2024: Gen Feb Mar Apr Mag Giu Lug Ago Set Ott Nov Dic
2023: Gen Feb Mar Apr Mag Giu Lug Ago Set Ott Nov Dic
2022: Gen Feb Mar Apr Mag Giu Lug Ago Set Ott Nov Dic
2021: Gen Feb Mar Apr Mag Giu Lug Ago Set Ott Nov Dic
2020: Gen Feb Mar Apr Mag Giu Lug Ago Set Ott Nov Dic
2019: Gen Feb Mar Apr Mag Giu Lug Ago Set Ott Nov Dic
2018: Gen Feb Mar Apr Mag Giu Lug Ago Set Ott Nov Dic
2017: Gen Feb Mar Apr Mag Giu Lug Ago Set Ott Nov Dic
2016: Gen Feb Mar Apr Mag Giu Lug Ago Set Ott Nov Dic
2015: Gen Feb Mar Apr Mag Giu Lug Ago Set Ott Nov Dic
2014: Gen Feb Mar Apr Mag Giu Lug Ago Set Ott Nov Dic
2013: Gen Feb Mar Apr Mag Giu Lug Ago Set Ott Nov Dic
2012: Gen Feb Mar Apr Mag Giu Lug Ago Set Ott Nov Dic
2011: Gen Feb Mar Apr Mag Giu Lug Ago Set Ott Nov Dic
2010: Gen Feb Mar Apr Mag Giu Lug Ago Set Ott Nov Dic
2009: Gen Feb Mar Apr Mag Giu Lug Ago Set Ott Nov Dic
2008: Gen Feb Mar Apr Mag Giu Lug Ago Set Ott Nov Dic
2007: Gen Feb Mar Apr Mag Giu Lug Ago Set Ott Nov Dic
2006: Gen Feb Mar Apr Mag Giu Lug Ago Set Ott Nov Dic
Archivio 2012 Novembre
Monthly Climatological Summary for nov 2012 Name: San Fruttuoso City: Genova State: Italy Elevation: 70 m Lat: N 44° 24' 34" Lon: E 008° 57' 38" Temperature (°C), Rain (mm), Wind Speed (km/h) Heat Cool Avg Mean Deg Deg Wind Dom Day Temp High Time Low Time Days Days Rain Speed High Time Dir ---------------------------------------------------------------------------------- 1 12.6 15.9 14:42 8.6 00:03 5.7 0.0 5.0 11.2 49.9 02:00 ESE 2 15.9 18.3 12:51 12.8 06:37 2.4 0.0 0.0 11.0 41.8 23:33 SE 3 15.9 17.1 14:54 14.1 22:29 2.4 0.0 22.4 12.6 43.5 03:55 SE 4 14.6 17.7 19:48 12.3 07:43 3.7 0.0 24.9 7.5 41.8 19:30 E 5 16.6 19.2 12:23 12.7 23:43 1.8 0.1 1.0 9.8 33.8 00:39 SE 6 13.9 18.4 13:18 10.4 03:47 4.4 0.0 0.0 7.4 24.1 15:04 NNW 7 13.3 18.2 15:26 9.8 23:37 5.0 0.0 0.0 7.8 33.8 04:25 N 8 12.6 16.2 12:05 8.8 06:14 5.7 0.0 0.0 8.6 24.1 16:05 N 9 14.0 16.4 09:51 12.7 07:11 4.3 0.0 1.5 4.3 27.4 09:59 ESE 10 12.3 15.4 13:21 10.3 16:48 6.0 0.0 96.8 6.9 41.8 14:47 NNE 11 12.5 16.6 15:16 10.2 06:22 5.8 0.0 16.3 7.4 49.9 06:51 N 12 14.5 17.4 13:44 12.3 01:03 3.8 0.0 0.0 7.5 43.5 07:05 NNE 13 15.3 17.0 13:29 14.3 05:31 3.0 0.0 0.0 8.7 38.6 06:58 N 14 15.1 17.3 12:34 12.9 23:57 3.2 0.0 0.0 8.7 37.0 05:36 N 15 12.3 15.2 14:18 10.1 23:54 6.0 0.0 0.0 7.8 35.4 23:46 N 16 10.3 12.2 13:06 8.9 07:28 8.0 0.0 0.0 10.9 45.1 02:53 NNE 18 9.6 12.6 13:01 7.8 07:07 8.1 0.0 0.0 22.9 49.9 23:38 NNE 19 12.3 15.2 13:33 8.3 00:45 6.0 0.0 0.0 20.6 46.7 03:49 NNE 20 15.7 19.8 15:04 13.2 05:52 2.8 0.2 0.0 9.6 29.0 00:12 NNE 21 12.5 16.2 13:18 10.2 07:59 5.8 0.0 0.0 8.3 35.4 07:18 NNE 22 13.3 14.9 14:45 11.7 00:02 5.0 0.0 0.2 5.5 24.1 03:22 NNE 23 13.4 16.2 12:58 11.1 07:56 4.9 0.0 0.0 5.8 20.9 01:38 NNW 24 14.2 15.8 21:13 12.1 06:48 4.1 0.0 0.5 7.2 29.0 20:45 SE 25 14.8 16.2 23:19 13.4 03:03 3.5 0.0 8.1 5.7 32.2 19:00 SSE 26 15.5 16.2 23:12 14.1 04:42 2.8 0.0 9.9 13.0 38.6 13:27 SE 27 15.3 16.7 10:25 12.9 23:24 3.0 0.0 9.4 9.7 46.7 04:25 SE 28 12.4 15.2 14:43 10.6 23:30 5.9 0.0 64.3 7.0 48.3 19:28 NNE 29 11.1 12.7 15:45 10.1 03:17 7.2 0.0 3.3 8.4 38.6 16:22 N 30 9.1 10.6 00:00 7.8 05:37 9.2 0.0 0.8 9.6 40.2 11:11 N ---------------------------------------------------------------------------------- 13.5 19.8 20 7.8 18 139.5 0.3 264.4 9.0 49.9 1 NE Max >= 27.0: 0 Max <= 5.0: 0 Min <= 20.0: 29 Min <= 0.0: 0 Max Rain: 96.8 on day 10 Days of Rain: 15 (>= 0.2 mm) 10 (>= 2.0 mm) 4 (>= 20.0 mm) Heat Base: 18.3 Cool Base: 18.3 Method: Integration