Rapporti Climatici in stile NOAA
Selezionare un Anno o un Mese
2024: Gen Feb Mar Apr Mag Giu Lug Ago Set Ott Nov Dic
2023: Gen Feb Mar Apr Mag Giu Lug Ago Set Ott Nov Dic
2022: Gen Feb Mar Apr Mag Giu Lug Ago Set Ott Nov Dic
2021: Gen Feb Mar Apr Mag Giu Lug Ago Set Ott Nov Dic
2020: Gen Feb Mar Apr Mag Giu Lug Ago Set Ott Nov Dic
2019: Gen Feb Mar Apr Mag Giu Lug Ago Set Ott Nov Dic
2018: Gen Feb Mar Apr Mag Giu Lug Ago Set Ott Nov Dic
2017: Gen Feb Mar Apr Mag Giu Lug Ago Set Ott Nov Dic
2016: Gen Feb Mar Apr Mag Giu Lug Ago Set Ott Nov Dic
2015: Gen Feb Mar Apr Mag Giu Lug Ago Set Ott Nov Dic
2014: Gen Feb Mar Apr Mag Giu Lug Ago Set Ott Nov Dic
2013: Gen Feb Mar Apr Mag Giu Lug Ago Set Ott Nov Dic
2012: Gen Feb Mar Apr Mag Giu Lug Ago Set Ott Nov Dic
2011: Gen Feb Mar Apr Mag Giu Lug Ago Set Ott Nov Dic
2010: Gen Feb Mar Apr Mag Giu Lug Ago Set Ott Nov Dic
2009: Gen Feb Mar Apr Mag Giu Lug Ago Set Ott Nov Dic
2008: Gen Feb Mar Apr Mag Giu Lug Ago Set Ott Nov Dic
2007: Gen Feb Mar Apr Mag Giu Lug Ago Set Ott Nov Dic
2006: Gen Feb Mar Apr Mag Giu Lug Ago Set Ott Nov Dic
2024: Gen Feb Mar Apr Mag Giu Lug Ago Set Ott Nov Dic
2023: Gen Feb Mar Apr Mag Giu Lug Ago Set Ott Nov Dic
2022: Gen Feb Mar Apr Mag Giu Lug Ago Set Ott Nov Dic
2021: Gen Feb Mar Apr Mag Giu Lug Ago Set Ott Nov Dic
2020: Gen Feb Mar Apr Mag Giu Lug Ago Set Ott Nov Dic
2019: Gen Feb Mar Apr Mag Giu Lug Ago Set Ott Nov Dic
2018: Gen Feb Mar Apr Mag Giu Lug Ago Set Ott Nov Dic
2017: Gen Feb Mar Apr Mag Giu Lug Ago Set Ott Nov Dic
2016: Gen Feb Mar Apr Mag Giu Lug Ago Set Ott Nov Dic
2015: Gen Feb Mar Apr Mag Giu Lug Ago Set Ott Nov Dic
2014: Gen Feb Mar Apr Mag Giu Lug Ago Set Ott Nov Dic
2013: Gen Feb Mar Apr Mag Giu Lug Ago Set Ott Nov Dic
2012: Gen Feb Mar Apr Mag Giu Lug Ago Set Ott Nov Dic
2011: Gen Feb Mar Apr Mag Giu Lug Ago Set Ott Nov Dic
2010: Gen Feb Mar Apr Mag Giu Lug Ago Set Ott Nov Dic
2009: Gen Feb Mar Apr Mag Giu Lug Ago Set Ott Nov Dic
2008: Gen Feb Mar Apr Mag Giu Lug Ago Set Ott Nov Dic
2007: Gen Feb Mar Apr Mag Giu Lug Ago Set Ott Nov Dic
2006: Gen Feb Mar Apr Mag Giu Lug Ago Set Ott Nov Dic
Archivio 2012 Ottobre
Monthly Climatological Summary for ott 2012 Name: San Fruttuoso City: Genova State: Italy Elevation: 70 m Lat: N 44° 24' 34" Lon: E 008° 57' 38" Temperature (°C), Rain (mm), Wind Speed (km/h) Heat Cool Avg Mean Deg Deg Wind Dom Day Temp High Time Low Time Days Days Rain Speed High Time Dir ---------------------------------------------------------------------------------- 1 18.3 20.0 00:00 16.4 23:52 0.3 0.3 11.9 3.3 25.7 14:30 ENE 2 18.5 21.7 13:47 15.1 06:13 0.9 1.2 0.0 7.3 24.1 13:58 SE 3 19.3 21.9 14:09 16.1 03:23 0.5 1.4 0.0 7.9 30.6 14:23 SE 4 20.3 21.4 13:13 19.6 04:07 0.0 2.0 0.8 11.0 33.8 12:25 SE 5 20.0 22.1 15:14 16.4 23:40 0.2 1.9 0.0 9.0 30.6 10:54 SSE 6 18.8 22.0 12:26 14.9 06:36 1.0 1.5 0.0 7.7 25.7 13:09 NNE 7 20.2 21.5 14:47 17.4 23:45 0.0 1.9 0.0 7.5 27.4 10:21 SE 8 20.1 24.8 11:39 16.5 05:32 0.5 2.3 0.0 6.0 25.7 16:26 NNW 9 20.3 25.4 15:05 17.8 23:36 0.0 2.1 1.2 5.1 27.4 10:48 N 10 19.8 22.7 14:14 17.5 00:17 0.1 1.7 0.0 4.9 22.5 13:26 NNW 11 17.2 19.7 10:36 16.1 04:50 1.2 0.1 14.5 6.4 25.7 12:44 N 12 18.7 22.3 12:08 16.1 23:49 0.5 1.0 0.0 8.2 20.9 02:35 NNE 13 18.1 21.3 14:33 15.7 23:37 1.0 0.8 0.0 4.6 25.7 09:23 N 14 17.3 20.3 12:40 14.3 22:39 1.5 0.6 35.3 11.1 45.1 17:59 S 15 15.9 19.0 15:03 11.7 18:58 2.4 0.0 18.3 11.6 49.9 05:28 SSE 16 15.6 18.9 14:17 10.7 07:20 2.7 0.0 0.0 7.4 32.2 16:15 ESE 17 16.5 18.4 04:20 13.9 16:28 1.8 0.0 7.4 8.8 33.8 01:52 E 18 16.2 20.3 15:04 13.8 05:48 2.3 0.2 0.5 7.6 33.8 05:40 NNE 19 17.6 20.8 12:11 15.3 05:59 1.2 0.5 0.0 7.0 30.6 19:33 NNE 20 20.1 24.7 13:21 16.8 04:45 0.4 2.1 0.0 6.3 29.0 02:52 NNE 21 20.7 25.6 13:03 18.1 06:22 0.0 2.4 0.0 6.8 33.8 05:10 N 22 21.1 24.3 11:13 18.6 02:39 0.0 2.8 0.0 3.9 27.4 06:52 NNE 23 19.6 23.7 14:26 17.6 06:44 0.1 1.5 0.0 6.3 38.6 04:14 NNE 24 18.0 22.8 15:12 14.7 05:59 1.5 1.1 0.0 7.1 32.2 04:11 N 25 17.3 20.8 12:08 13.3 05:56 1.6 0.7 0.0 7.3 22.5 14:55 N 26 17.1 19.2 03:01 14.0 23:51 1.3 0.1 20.0 3.8 29.0 22:58 N 27 16.5 19.1 14:50 13.2 23:24 1.8 0.0 6.4 5.3 45.1 22:34 SSE 28 9.9 14.6 00:00 7.7 23:42 8.4 0.0 3.0 15.4 61.2 03:47 SE 29 9.8 13.7 14:28 6.8 01:10 8.5 0.0 0.0 9.1 43.5 11:44 NNW 30 9.8 12.8 17:59 6.7 02:55 8.5 0.0 3.6 8.1 30.6 10:40 N 31 8.3 9.3 21:30 7.3 04:53 10.0 0.0 30.0 12.2 56.3 20:57 N ---------------------------------------------------------------------------------- 17.3 25.6 21 6.7 30 60.2 30.2 152.9 7.6 61.2 28 NE Max >= 27.0: 0 Max <= 5.0: 0 Min <= 20.0: 31 Min <= 0.0: 0 Max Rain: 35.3 on day 14 Days of Rain: 13 (>= 0.2 mm) 10 (>= 2.0 mm) 3 (>= 20.0 mm) Heat Base: 18.3 Cool Base: 18.3 Method: Integration