Rapporti Climatici in stile NOAA
Selezionare un Anno o un Mese
2024: Gen Feb Mar Apr Mag Giu Lug Ago Set Ott Nov Dic
2023: Gen Feb Mar Apr Mag Giu Lug Ago Set Ott Nov Dic
2022: Gen Feb Mar Apr Mag Giu Lug Ago Set Ott Nov Dic
2021: Gen Feb Mar Apr Mag Giu Lug Ago Set Ott Nov Dic
2020: Gen Feb Mar Apr Mag Giu Lug Ago Set Ott Nov Dic
2019: Gen Feb Mar Apr Mag Giu Lug Ago Set Ott Nov Dic
2018: Gen Feb Mar Apr Mag Giu Lug Ago Set Ott Nov Dic
2017: Gen Feb Mar Apr Mag Giu Lug Ago Set Ott Nov Dic
2016: Gen Feb Mar Apr Mag Giu Lug Ago Set Ott Nov Dic
2015: Gen Feb Mar Apr Mag Giu Lug Ago Set Ott Nov Dic
2014: Gen Feb Mar Apr Mag Giu Lug Ago Set Ott Nov Dic
2013: Gen Feb Mar Apr Mag Giu Lug Ago Set Ott Nov Dic
2012: Gen Feb Mar Apr Mag Giu Lug Ago Set Ott Nov Dic
2011: Gen Feb Mar Apr Mag Giu Lug Ago Set Ott Nov Dic
2010: Gen Feb Mar Apr Mag Giu Lug Ago Set Ott Nov Dic
2009: Gen Feb Mar Apr Mag Giu Lug Ago Set Ott Nov Dic
2008: Gen Feb Mar Apr Mag Giu Lug Ago Set Ott Nov Dic
2007: Gen Feb Mar Apr Mag Giu Lug Ago Set Ott Nov Dic
2006: Gen Feb Mar Apr Mag Giu Lug Ago Set Ott Nov Dic
2024: Gen Feb Mar Apr Mag Giu Lug Ago Set Ott Nov Dic
2023: Gen Feb Mar Apr Mag Giu Lug Ago Set Ott Nov Dic
2022: Gen Feb Mar Apr Mag Giu Lug Ago Set Ott Nov Dic
2021: Gen Feb Mar Apr Mag Giu Lug Ago Set Ott Nov Dic
2020: Gen Feb Mar Apr Mag Giu Lug Ago Set Ott Nov Dic
2019: Gen Feb Mar Apr Mag Giu Lug Ago Set Ott Nov Dic
2018: Gen Feb Mar Apr Mag Giu Lug Ago Set Ott Nov Dic
2017: Gen Feb Mar Apr Mag Giu Lug Ago Set Ott Nov Dic
2016: Gen Feb Mar Apr Mag Giu Lug Ago Set Ott Nov Dic
2015: Gen Feb Mar Apr Mag Giu Lug Ago Set Ott Nov Dic
2014: Gen Feb Mar Apr Mag Giu Lug Ago Set Ott Nov Dic
2013: Gen Feb Mar Apr Mag Giu Lug Ago Set Ott Nov Dic
2012: Gen Feb Mar Apr Mag Giu Lug Ago Set Ott Nov Dic
2011: Gen Feb Mar Apr Mag Giu Lug Ago Set Ott Nov Dic
2010: Gen Feb Mar Apr Mag Giu Lug Ago Set Ott Nov Dic
2009: Gen Feb Mar Apr Mag Giu Lug Ago Set Ott Nov Dic
2008: Gen Feb Mar Apr Mag Giu Lug Ago Set Ott Nov Dic
2007: Gen Feb Mar Apr Mag Giu Lug Ago Set Ott Nov Dic
2006: Gen Feb Mar Apr Mag Giu Lug Ago Set Ott Nov Dic
Archivio 2012 Settembre
Monthly Climatological Summary for set 2012 Name: San Fruttuoso City: Genova State: Italy Elevation: 70 m Lat: N 44° 24' 34" Lon: E 008° 57' 38" Temperature (°C), Rain (mm), Wind Speed (km/h) Heat Cool Avg Mean Deg Deg Wind Dom Day Temp High Time Low Time Days Days Rain Speed High Time Dir ---------------------------------------------------------------------------------- 1 16.9 20.6 16:55 14.1 10:33 1.6 0.2 23.9 10.6 45.1 04:50 NNE 2 19.2 21.2 16:42 16.2 00:00 0.4 1.3 0.0 7.8 40.2 11:11 N 3 20.4 23.9 14:04 18.1 07:59 0.0 2.1 30.0 8.3 46.7 15:39 N 4 21.1 24.0 17:13 19.3 05:07 0.0 2.8 1.5 8.0 35.4 22:26 N 5 22.6 26.1 16:43 20.6 03:46 0.0 4.3 0.0 6.6 37.0 02:39 N 6 24.7 28.6 11:39 21.4 23:41 0.0 6.4 0.0 4.6 17.7 05:00 NNW 7 23.3 26.7 11:09 19.7 06:12 0.0 5.0 0.0 7.3 17.7 04:21 NW 8 23.5 27.1 14:19 20.0 05:30 0.0 5.2 0.0 5.1 20.9 12:59 W 9 23.2 26.2 09:05 20.0 05:59 0.0 4.9 0.0 4.3 20.9 13:04 SSW 10 22.3 25.5 15:42 19.1 05:34 0.0 4.0 0.0 6.9 20.9 12:50 WNW 11 22.2 24.6 11:44 19.4 05:54 0.0 3.9 0.0 8.6 27.4 23:28 S 12 22.8 24.1 16:32 20.8 21:41 0.0 4.5 0.0 10.4 43.5 23:24 ESE 13 21.2 24.2 15:59 18.5 23:51 0.0 2.9 0.0 7.8 48.3 11:26 N 14 20.7 25.8 16:28 16.1 04:55 0.4 2.8 0.0 10.8 48.3 09:36 NNW 15 21.7 25.2 10:23 19.2 07:55 0.0 3.4 0.0 5.6 25.7 11:48 ENE 16 21.2 24.3 12:15 17.8 06:24 0.0 3.0 0.0 6.7 27.4 03:42 WNW 17 20.5 23.6 12:27 16.9 06:24 0.2 2.4 0.0 6.4 30.6 12:28 W 18 20.5 22.9 10:58 17.2 04:46 0.1 2.4 0.0 5.4 24.1 13:28 W 19 21.1 23.1 14:54 19.1 23:38 0.0 2.8 0.3 4.0 24.1 14:14 SSE 20 20.2 24.0 13:40 17.5 23:59 0.1 2.0 0.0 7.1 29.0 14:02 N 21 19.1 22.3 11:03 16.2 03:49 0.6 1.4 0.0 6.6 30.6 12:48 NNW 22 19.7 23.3 17:20 15.3 03:34 0.8 2.2 0.0 7.9 30.6 15:28 ENE 23 20.9 22.1 00:02 19.4 13:58 0.0 2.6 1.2 4.6 22.5 08:46 NNE 24 20.9 22.4 17:19 17.1 13:58 0.0 2.6 14.3 8.1 43.5 13:24 SE 25 21.1 22.6 14:57 19.0 00:44 0.0 2.8 3.0 12.2 45.1 20:32 SSE 26 21.7 24.0 14:06 17.9 05:15 0.0 3.4 40.9 14.8 49.9 04:57 SE 27 20.3 22.0 00:25 18.9 23:32 0.0 2.0 0.0 13.8 45.1 00:10 SE 28 20.4 24.3 14:35 15.6 06:18 0.5 2.6 0.0 8.3 46.7 23:34 NNW 29 18.7 20.7 00:23 17.3 08:35 0.1 0.5 5.9 11.3 46.7 15:08 NNE 30 20.8 24.8 14:27 17.7 05:32 0.1 2.6 0.0 5.0 25.7 02:59 NNE ---------------------------------------------------------------------------------- 21.1 28.6 6 14.1 1 4.9 89.0 121.0 7.8 49.9 26 NNE Max >= 27.0: 2 Max <= 5.0: 0 Min <= 20.0: 27 Min <= 0.0: 0 Max Rain: 40.9 on day 26 Days of Rain: 9 (>= 0.2 mm) 6 (>= 2.0 mm) 3 (>= 20.0 mm) Heat Base: 18.3 Cool Base: 18.3 Method: Integration