Rapporti Climatici in stile NOAA
Selezionare un Anno o un Mese
2024: Gen Feb Mar Apr Mag Giu Lug Ago Set Ott Nov Dic
2023: Gen Feb Mar Apr Mag Giu Lug Ago Set Ott Nov Dic
2022: Gen Feb Mar Apr Mag Giu Lug Ago Set Ott Nov Dic
2021: Gen Feb Mar Apr Mag Giu Lug Ago Set Ott Nov Dic
2020: Gen Feb Mar Apr Mag Giu Lug Ago Set Ott Nov Dic
2019: Gen Feb Mar Apr Mag Giu Lug Ago Set Ott Nov Dic
2018: Gen Feb Mar Apr Mag Giu Lug Ago Set Ott Nov Dic
2017: Gen Feb Mar Apr Mag Giu Lug Ago Set Ott Nov Dic
2016: Gen Feb Mar Apr Mag Giu Lug Ago Set Ott Nov Dic
2015: Gen Feb Mar Apr Mag Giu Lug Ago Set Ott Nov Dic
2014: Gen Feb Mar Apr Mag Giu Lug Ago Set Ott Nov Dic
2013: Gen Feb Mar Apr Mag Giu Lug Ago Set Ott Nov Dic
2012: Gen Feb Mar Apr Mag Giu Lug Ago Set Ott Nov Dic
2011: Gen Feb Mar Apr Mag Giu Lug Ago Set Ott Nov Dic
2010: Gen Feb Mar Apr Mag Giu Lug Ago Set Ott Nov Dic
2009: Gen Feb Mar Apr Mag Giu Lug Ago Set Ott Nov Dic
2008: Gen Feb Mar Apr Mag Giu Lug Ago Set Ott Nov Dic
2007: Gen Feb Mar Apr Mag Giu Lug Ago Set Ott Nov Dic
2006: Gen Feb Mar Apr Mag Giu Lug Ago Set Ott Nov Dic
2024: Gen Feb Mar Apr Mag Giu Lug Ago Set Ott Nov Dic
2023: Gen Feb Mar Apr Mag Giu Lug Ago Set Ott Nov Dic
2022: Gen Feb Mar Apr Mag Giu Lug Ago Set Ott Nov Dic
2021: Gen Feb Mar Apr Mag Giu Lug Ago Set Ott Nov Dic
2020: Gen Feb Mar Apr Mag Giu Lug Ago Set Ott Nov Dic
2019: Gen Feb Mar Apr Mag Giu Lug Ago Set Ott Nov Dic
2018: Gen Feb Mar Apr Mag Giu Lug Ago Set Ott Nov Dic
2017: Gen Feb Mar Apr Mag Giu Lug Ago Set Ott Nov Dic
2016: Gen Feb Mar Apr Mag Giu Lug Ago Set Ott Nov Dic
2015: Gen Feb Mar Apr Mag Giu Lug Ago Set Ott Nov Dic
2014: Gen Feb Mar Apr Mag Giu Lug Ago Set Ott Nov Dic
2013: Gen Feb Mar Apr Mag Giu Lug Ago Set Ott Nov Dic
2012: Gen Feb Mar Apr Mag Giu Lug Ago Set Ott Nov Dic
2011: Gen Feb Mar Apr Mag Giu Lug Ago Set Ott Nov Dic
2010: Gen Feb Mar Apr Mag Giu Lug Ago Set Ott Nov Dic
2009: Gen Feb Mar Apr Mag Giu Lug Ago Set Ott Nov Dic
2008: Gen Feb Mar Apr Mag Giu Lug Ago Set Ott Nov Dic
2007: Gen Feb Mar Apr Mag Giu Lug Ago Set Ott Nov Dic
2006: Gen Feb Mar Apr Mag Giu Lug Ago Set Ott Nov Dic
Archivio 2012 Agosto
Monthly Climatological Summary for ago 2012 Name: San Fruttuoso City: Genova State: Italy Elevation: 70 m Lat: N 44° 24' 34" Lon: E 008° 57' 38" Temperature (°C), Rain (mm), Wind Speed (km/h) Heat Cool Avg Mean Deg Deg Wind Dom Day Temp High Time Low Time Days Days Rain Speed High Time Dir ---------------------------------------------------------------------------------- 1 26.2 29.4 13:41 23.3 03:45 0.0 7.9 0.0 4.4 19.3 12:45 SSW 2 25.5 27.9 13:15 23.2 23:46 0.0 7.2 0.0 4.6 22.5 14:29 SSE 3 24.0 26.3 14:08 20.9 05:15 0.0 5.7 0.0 7.5 24.1 10:39 SW 4 24.3 26.9 15:55 20.8 05:23 0.0 6.0 0.0 7.0 20.9 11:40 W 5 24.7 27.4 14:41 21.0 03:02 0.0 6.4 0.0 7.2 29.0 10:42 SW 6 25.4 27.0 13:19 24.2 00:00 0.0 7.1 0.0 10.8 35.4 06:41 SE 7 24.3 27.1 15:04 21.2 23:43 0.0 6.0 0.0 8.6 37.0 13:22 SE 8 23.1 26.4 16:46 17.9 06:03 0.0 4.8 0.0 6.5 19.3 06:00 WNW 9 24.9 27.9 18:04 21.1 05:43 0.0 6.6 0.0 4.7 20.9 12:44 SW 10 27.3 31.8 14:02 22.7 06:31 0.0 9.0 0.0 6.0 37.0 10:52 NNW 11 26.1 28.6 16:29 22.4 05:52 0.0 7.8 0.0 6.1 22.5 14:55 W 12 24.4 27.1 13:22 20.9 06:07 0.0 6.1 0.0 5.7 22.5 12:40 WNW 13 25.5 28.8 14:46 22.8 01:32 0.0 7.2 0.0 5.1 24.1 03:38 SE 14 24.9 27.7 12:57 21.8 05:34 0.0 6.6 0.0 6.2 22.5 15:10 W 15 24.4 26.8 15:06 21.1 06:05 0.0 6.1 0.0 6.8 25.7 13:30 SSW 16 24.5 26.7 15:20 21.4 05:00 0.0 6.2 0.0 7.7 30.6 11:11 SSE 17 25.7 28.8 12:54 21.8 05:13 0.0 7.4 0.0 4.9 17.7 03:55 W 18 28.8 31.9 13:17 25.1 05:39 0.0 10.5 0.0 4.4 20.9 16:05 W 19 29.7 33.3 11:43 26.1 05:04 0.0 11.4 0.0 3.9 19.3 11:55 SSW 20 29.2 31.3 13:38 26.7 23:30 0.0 10.9 0.0 4.4 22.5 03:11 SW 21 27.0 29.2 16:02 24.6 06:12 0.0 8.6 0.0 5.2 22.5 11:40 SSW 22 26.2 28.1 14:36 23.8 06:30 0.0 7.9 0.0 5.8 24.1 12:59 SSW 23 26.1 28.3 13:23 23.2 05:51 0.0 7.8 0.0 7.4 25.7 12:25 SSW 24 26.3 28.6 13:23 22.7 06:16 0.0 7.9 0.0 15.0 43.5 14:39 SE 25 27.0 28.4 13:18 25.8 23:37 0.0 8.7 0.3 12.9 38.6 10:24 SE 26 25.8 28.0 10:12 22.2 23:42 0.0 7.5 0.0 8.0 38.6 13:02 SE 27 24.2 27.1 10:40 20.6 06:24 0.0 5.9 0.0 7.0 30.6 03:02 WNW 28 24.4 27.2 12:33 21.3 01:59 0.0 6.1 0.0 6.9 24.1 12:49 WNW 29 23.2 26.7 14:16 19.3 06:20 0.0 4.9 0.7 8.2 32.2 18:40 NW 30 23.3 25.4 14:05 20.3 04:37 0.0 5.0 0.8 7.8 29.0 16:09 E 31 21.3 26.2 13:45 17.4 22:08 0.1 3.1 82.0 8.9 59.5 17:04 NNE ---------------------------------------------------------------------------------- 25.4 33.3 19 17.4 31 0.1 220.3 83.8 6.9 59.5 31 SSW Max >= 27.0: 23 Max <= 5.0: 0 Min <= 20.0: 3 Min <= 0.0: 0 Max Rain: 82.0 on day 31 Days of Rain: 4 (>= 0.2 mm) 1 (>= 2.0 mm) 1 (>= 20.0 mm) Heat Base: 18.3 Cool Base: 18.3 Method: Integration