Rapporti Climatici in stile NOAA
Selezionare un Anno o un Mese
2024: Gen Feb Mar Apr Mag Giu Lug Ago Set Ott Nov Dic
2023: Gen Feb Mar Apr Mag Giu Lug Ago Set Ott Nov Dic
2022: Gen Feb Mar Apr Mag Giu Lug Ago Set Ott Nov Dic
2021: Gen Feb Mar Apr Mag Giu Lug Ago Set Ott Nov Dic
2020: Gen Feb Mar Apr Mag Giu Lug Ago Set Ott Nov Dic
2019: Gen Feb Mar Apr Mag Giu Lug Ago Set Ott Nov Dic
2018: Gen Feb Mar Apr Mag Giu Lug Ago Set Ott Nov Dic
2017: Gen Feb Mar Apr Mag Giu Lug Ago Set Ott Nov Dic
2016: Gen Feb Mar Apr Mag Giu Lug Ago Set Ott Nov Dic
2015: Gen Feb Mar Apr Mag Giu Lug Ago Set Ott Nov Dic
2014: Gen Feb Mar Apr Mag Giu Lug Ago Set Ott Nov Dic
2013: Gen Feb Mar Apr Mag Giu Lug Ago Set Ott Nov Dic
2012: Gen Feb Mar Apr Mag Giu Lug Ago Set Ott Nov Dic
2011: Gen Feb Mar Apr Mag Giu Lug Ago Set Ott Nov Dic
2010: Gen Feb Mar Apr Mag Giu Lug Ago Set Ott Nov Dic
2009: Gen Feb Mar Apr Mag Giu Lug Ago Set Ott Nov Dic
2008: Gen Feb Mar Apr Mag Giu Lug Ago Set Ott Nov Dic
2007: Gen Feb Mar Apr Mag Giu Lug Ago Set Ott Nov Dic
2006: Gen Feb Mar Apr Mag Giu Lug Ago Set Ott Nov Dic
2024: Gen Feb Mar Apr Mag Giu Lug Ago Set Ott Nov Dic
2023: Gen Feb Mar Apr Mag Giu Lug Ago Set Ott Nov Dic
2022: Gen Feb Mar Apr Mag Giu Lug Ago Set Ott Nov Dic
2021: Gen Feb Mar Apr Mag Giu Lug Ago Set Ott Nov Dic
2020: Gen Feb Mar Apr Mag Giu Lug Ago Set Ott Nov Dic
2019: Gen Feb Mar Apr Mag Giu Lug Ago Set Ott Nov Dic
2018: Gen Feb Mar Apr Mag Giu Lug Ago Set Ott Nov Dic
2017: Gen Feb Mar Apr Mag Giu Lug Ago Set Ott Nov Dic
2016: Gen Feb Mar Apr Mag Giu Lug Ago Set Ott Nov Dic
2015: Gen Feb Mar Apr Mag Giu Lug Ago Set Ott Nov Dic
2014: Gen Feb Mar Apr Mag Giu Lug Ago Set Ott Nov Dic
2013: Gen Feb Mar Apr Mag Giu Lug Ago Set Ott Nov Dic
2012: Gen Feb Mar Apr Mag Giu Lug Ago Set Ott Nov Dic
2011: Gen Feb Mar Apr Mag Giu Lug Ago Set Ott Nov Dic
2010: Gen Feb Mar Apr Mag Giu Lug Ago Set Ott Nov Dic
2009: Gen Feb Mar Apr Mag Giu Lug Ago Set Ott Nov Dic
2008: Gen Feb Mar Apr Mag Giu Lug Ago Set Ott Nov Dic
2007: Gen Feb Mar Apr Mag Giu Lug Ago Set Ott Nov Dic
2006: Gen Feb Mar Apr Mag Giu Lug Ago Set Ott Nov Dic
Archivio 2012 Luglio
Monthly Climatological Summary for lug 2012 Name: San Fruttuoso City: Genova State: Italy Elevation: 70 m Lat: N 44° 24' 34" Lon: E 008° 57' 38" Temperature (°C), Rain (mm), Wind Speed (km/h) Heat Cool Avg Mean Deg Deg Wind Dom Day Temp High Time Low Time Days Days Rain Speed High Time Dir ---------------------------------------------------------------------------------- 1 25.8 29.2 19:20 21.6 04:14 0.0 7.5 0.0 6.0 20.9 11:48 WNW 2 24.3 27.6 07:37 21.7 22:00 0.0 6.0 0.0 9.6 45.1 09:31 SSE 3 22.5 23.9 14:02 21.4 23:49 0.0 4.2 0.0 6.9 25.7 13:41 SSE 4 22.5 24.9 18:50 19.2 05:17 0.0 4.2 0.0 6.7 25.7 14:47 WSW 5 23.7 26.7 18:01 20.3 04:46 0.0 5.4 0.0 4.8 19.3 11:17 SW 6 23.6 26.4 15:52 20.9 05:18 0.0 5.3 1.8 8.0 32.2 18:20 S 7 23.8 25.6 13:51 21.6 05:31 0.0 5.5 0.0 9.2 37.0 13:03 SE 8 23.8 26.8 16:10 19.2 05:10 0.0 5.5 0.0 9.9 33.8 16:51 SE 9 24.1 26.1 15:13 21.5 05:34 0.0 5.8 0.0 8.9 27.4 08:54 S 10 23.9 26.6 13:32 20.7 05:19 0.0 5.6 0.0 11.4 41.8 14:27 SE 11 24.2 26.3 14:32 22.1 05:17 0.0 5.9 0.3 9.5 38.6 17:54 SE 12 24.2 26.2 12:50 21.3 05:18 0.0 5.9 0.0 9.8 37.0 11:35 SE 13 23.8 25.8 12:51 22.6 03:17 0.0 5.5 0.0 20.6 41.8 09:41 SE 14 22.8 23.8 15:17 22.0 07:18 0.0 4.5 2.5 20.2 41.8 02:23 SE 15 23.0 24.9 13:14 20.1 23:58 0.0 4.7 0.0 9.5 40.2 14:42 SE 16 23.6 28.0 15:00 18.4 03:04 0.0 5.3 0.0 7.7 29.0 13:30 NW 17 23.7 27.0 16:50 19.4 05:26 0.0 5.4 0.0 6.0 20.9 11:09 WSW 18 24.0 26.7 15:27 20.5 03:48 0.0 5.7 0.0 5.7 20.9 11:08 SSW 19 22.7 25.3 12:09 19.3 04:49 0.0 4.4 0.0 12.0 38.6 12:29 SSE 20 23.3 25.7 16:32 21.6 05:21 0.0 5.0 0.0 13.1 40.2 07:57 SSE 21 23.4 25.9 12:51 22.1 22:38 0.0 5.1 1.3 11.7 41.8 14:04 SE 22 24.3 29.5 14:51 20.9 06:16 0.0 6.0 0.2 7.3 38.6 19:09 NNE 23 23.5 27.4 13:10 19.4 03:53 0.0 5.2 0.0 7.9 45.1 03:47 NNE 24 26.2 31.2 15:58 21.4 06:33 0.0 7.9 0.0 8.2 46.7 11:20 N 25 25.1 27.4 13:05 22.9 05:44 0.0 6.8 0.0 6.7 22.5 10:40 SSE 26 23.3 25.3 12:34 20.6 05:11 0.0 5.0 0.0 6.4 27.4 11:49 S 27 23.7 26.7 15:04 20.5 04:46 0.0 5.4 0.0 4.3 20.9 12:32 SSW 28 24.9 29.6 15:14 20.9 05:26 0.0 6.6 0.0 7.3 30.6 15:31 SSE 29 24.3 25.9 13:44 23.4 01:49 0.0 6.0 0.0 10.6 37.0 14:41 SE 30 23.8 25.8 10:11 20.8 05:39 0.0 5.5 0.0 6.6 29.0 10:48 SSE 31 24.0 25.9 16:47 20.8 05:26 0.0 5.7 0.0 5.7 24.1 15:35 WSW ---------------------------------------------------------------------------------- 23.9 31.2 24 18.4 16 0.0 172.5 6.1 9.0 46.7 24 SSE Max >= 27.0: 9 Max <= 5.0: 0 Min <= 20.0: 6 Min <= 0.0: 0 Max Rain: 2.5 on day 14 Days of Rain: 5 (>= 0.2 mm) 1 (>= 2.0 mm) 0 (>= 20.0 mm) Heat Base: 18.3 Cool Base: 18.3 Method: Integration