Rapporti Climatici in stile NOAA
Selezionare un Anno o un Mese
2024: Gen Feb Mar Apr Mag Giu Lug Ago Set Ott Nov Dic
2023: Gen Feb Mar Apr Mag Giu Lug Ago Set Ott Nov Dic
2022: Gen Feb Mar Apr Mag Giu Lug Ago Set Ott Nov Dic
2021: Gen Feb Mar Apr Mag Giu Lug Ago Set Ott Nov Dic
2020: Gen Feb Mar Apr Mag Giu Lug Ago Set Ott Nov Dic
2019: Gen Feb Mar Apr Mag Giu Lug Ago Set Ott Nov Dic
2018: Gen Feb Mar Apr Mag Giu Lug Ago Set Ott Nov Dic
2017: Gen Feb Mar Apr Mag Giu Lug Ago Set Ott Nov Dic
2016: Gen Feb Mar Apr Mag Giu Lug Ago Set Ott Nov Dic
2015: Gen Feb Mar Apr Mag Giu Lug Ago Set Ott Nov Dic
2014: Gen Feb Mar Apr Mag Giu Lug Ago Set Ott Nov Dic
2013: Gen Feb Mar Apr Mag Giu Lug Ago Set Ott Nov Dic
2012: Gen Feb Mar Apr Mag Giu Lug Ago Set Ott Nov Dic
2011: Gen Feb Mar Apr Mag Giu Lug Ago Set Ott Nov Dic
2010: Gen Feb Mar Apr Mag Giu Lug Ago Set Ott Nov Dic
2009: Gen Feb Mar Apr Mag Giu Lug Ago Set Ott Nov Dic
2008: Gen Feb Mar Apr Mag Giu Lug Ago Set Ott Nov Dic
2007: Gen Feb Mar Apr Mag Giu Lug Ago Set Ott Nov Dic
2006: Gen Feb Mar Apr Mag Giu Lug Ago Set Ott Nov Dic
2024: Gen Feb Mar Apr Mag Giu Lug Ago Set Ott Nov Dic
2023: Gen Feb Mar Apr Mag Giu Lug Ago Set Ott Nov Dic
2022: Gen Feb Mar Apr Mag Giu Lug Ago Set Ott Nov Dic
2021: Gen Feb Mar Apr Mag Giu Lug Ago Set Ott Nov Dic
2020: Gen Feb Mar Apr Mag Giu Lug Ago Set Ott Nov Dic
2019: Gen Feb Mar Apr Mag Giu Lug Ago Set Ott Nov Dic
2018: Gen Feb Mar Apr Mag Giu Lug Ago Set Ott Nov Dic
2017: Gen Feb Mar Apr Mag Giu Lug Ago Set Ott Nov Dic
2016: Gen Feb Mar Apr Mag Giu Lug Ago Set Ott Nov Dic
2015: Gen Feb Mar Apr Mag Giu Lug Ago Set Ott Nov Dic
2014: Gen Feb Mar Apr Mag Giu Lug Ago Set Ott Nov Dic
2013: Gen Feb Mar Apr Mag Giu Lug Ago Set Ott Nov Dic
2012: Gen Feb Mar Apr Mag Giu Lug Ago Set Ott Nov Dic
2011: Gen Feb Mar Apr Mag Giu Lug Ago Set Ott Nov Dic
2010: Gen Feb Mar Apr Mag Giu Lug Ago Set Ott Nov Dic
2009: Gen Feb Mar Apr Mag Giu Lug Ago Set Ott Nov Dic
2008: Gen Feb Mar Apr Mag Giu Lug Ago Set Ott Nov Dic
2007: Gen Feb Mar Apr Mag Giu Lug Ago Set Ott Nov Dic
2006: Gen Feb Mar Apr Mag Giu Lug Ago Set Ott Nov Dic
Archivio 2012 Maggio
Monthly Climatological Summary for mag 2012 Name: San Fruttuoso City: Genova State: Italy Elevation: 70 m Lat: N 44° 24' 34" Lon: E 008° 57' 38" Temperature (°C), Rain (mm), Wind Speed (km/h) Heat Cool Avg Mean Deg Deg Wind Dom Day Temp High Time Low Time Days Days Rain Speed High Time Dir ---------------------------------------------------------------------------------- 1 15.4 17.9 11:28 12.6 22:49 2.9 0.0 11.2 5.2 41.8 22:29 ESE 2 14.0 15.6 14:23 12.7 01:18 4.3 0.0 3.8 7.8 27.4 07:20 SSE 3 14.4 16.3 10:19 12.8 00:24 3.9 0.0 0.0 6.9 30.6 10:52 SE 4 15.0 16.7 14:30 14.0 00:50 3.3 0.0 0.0 10.6 33.8 14:00 SE 5 15.3 16.2 15:11 14.6 06:50 3.0 0.0 6.6 14.3 41.8 08:46 SE 7 16.1 17.7 15:25 14.9 05:15 3.1 0.0 0.0 12.5 32.2 13:58 SSE 8 16.0 17.8 14:55 13.5 06:04 2.3 0.0 0.0 12.9 32.2 11:40 SE 9 16.4 18.7 13:51 12.9 03:57 1.9 0.0 0.0 6.8 22.5 14:53 SSW 10 17.9 21.6 16:58 13.7 05:50 1.2 0.8 0.0 4.8 17.7 13:46 W 11 20.5 24.5 16:23 16.4 05:13 0.4 2.6 0.0 4.2 17.7 12:11 WSW 12 19.5 22.2 12:46 16.2 06:00 0.2 1.5 0.0 4.5 22.5 14:24 SSE 13 17.9 23.5 16:34 13.2 23:28 1.2 0.8 0.0 6.6 45.1 21:06 NNW 14 15.3 19.3 11:50 11.7 05:29 3.0 0.0 0.0 7.6 30.6 12:13 WNW 15 15.8 18.3 15:23 12.5 02:06 2.5 0.0 0.0 8.7 30.6 13:50 SE 16 17.2 21.0 16:16 12.8 02:34 1.6 0.5 0.0 13.5 57.9 11:54 NNW 17 16.1 19.8 11:01 12.3 06:05 2.4 0.2 0.0 7.5 30.6 04:36 N 18 15.6 19.3 14:04 11.9 05:03 2.8 0.1 0.0 6.7 20.9 15:55 NW 19 16.8 21.0 16:46 12.3 03:58 1.9 0.4 0.0 5.7 22.5 22:45 NNW 20 15.7 18.2 08:26 12.7 18:58 2.6 0.0 15.7 3.7 24.1 04:19 NE 21 14.2 16.6 16:57 12.6 01:17 4.1 0.0 19.3 4.8 32.2 11:25 S 22 15.8 18.9 13:04 12.1 04:09 2.5 0.0 0.0 6.6 27.4 13:17 WSW 23 17.5 19.7 16:02 14.8 04:57 1.1 0.3 0.0 4.1 19.3 13:48 SW 24 20.6 25.6 13:14 15.9 04:28 0.4 2.7 0.0 2.5 17.7 02:14 W 25 21.6 25.3 14:34 18.2 06:03 0.0 3.3 0.0 4.5 19.3 10:48 W 26 19.7 22.4 09:58 16.6 23:50 0.2 1.6 3.3 7.6 35.4 07:25 N 27 19.1 22.3 12:47 16.1 03:03 0.5 1.3 0.0 5.2 19.3 12:02 WSW 28 19.0 21.5 07:44 16.9 01:05 0.3 0.9 0.0 6.6 27.4 12:14 SSE 29 18.2 20.6 15:44 14.8 04:10 0.9 0.8 0.0 7.0 25.7 12:57 SW 30 19.3 21.6 12:31 16.9 04:44 0.2 1.2 0.0 5.4 22.5 12:55 SSW 31 19.6 21.4 15:52 17.6 02:06 0.1 1.4 0.0 5.5 22.5 10:10 SSE ---------------------------------------------------------------------------------- 17.2 25.6 24 11.7 14 54.8 20.4 59.9 6.9 57.9 16 S Max >= 27.0: 0 Max <= 5.0: 0 Min <= 20.0: 30 Min <= 0.0: 0 Max Rain: 19.3 on day 21 Days of Rain: 6 (>= 0.2 mm) 6 (>= 2.0 mm) 0 (>= 20.0 mm) Heat Base: 18.3 Cool Base: 18.3 Method: Integration