Rapporti Climatici in stile NOAA
Selezionare un Anno o un Mese
2024: Gen Feb Mar Apr Mag Giu Lug Ago Set Ott Nov Dic
2023: Gen Feb Mar Apr Mag Giu Lug Ago Set Ott Nov Dic
2022: Gen Feb Mar Apr Mag Giu Lug Ago Set Ott Nov Dic
2021: Gen Feb Mar Apr Mag Giu Lug Ago Set Ott Nov Dic
2020: Gen Feb Mar Apr Mag Giu Lug Ago Set Ott Nov Dic
2019: Gen Feb Mar Apr Mag Giu Lug Ago Set Ott Nov Dic
2018: Gen Feb Mar Apr Mag Giu Lug Ago Set Ott Nov Dic
2017: Gen Feb Mar Apr Mag Giu Lug Ago Set Ott Nov Dic
2016: Gen Feb Mar Apr Mag Giu Lug Ago Set Ott Nov Dic
2015: Gen Feb Mar Apr Mag Giu Lug Ago Set Ott Nov Dic
2014: Gen Feb Mar Apr Mag Giu Lug Ago Set Ott Nov Dic
2013: Gen Feb Mar Apr Mag Giu Lug Ago Set Ott Nov Dic
2012: Gen Feb Mar Apr Mag Giu Lug Ago Set Ott Nov Dic
2011: Gen Feb Mar Apr Mag Giu Lug Ago Set Ott Nov Dic
2010: Gen Feb Mar Apr Mag Giu Lug Ago Set Ott Nov Dic
2009: Gen Feb Mar Apr Mag Giu Lug Ago Set Ott Nov Dic
2008: Gen Feb Mar Apr Mag Giu Lug Ago Set Ott Nov Dic
2007: Gen Feb Mar Apr Mag Giu Lug Ago Set Ott Nov Dic
2006: Gen Feb Mar Apr Mag Giu Lug Ago Set Ott Nov Dic
2024: Gen Feb Mar Apr Mag Giu Lug Ago Set Ott Nov Dic
2023: Gen Feb Mar Apr Mag Giu Lug Ago Set Ott Nov Dic
2022: Gen Feb Mar Apr Mag Giu Lug Ago Set Ott Nov Dic
2021: Gen Feb Mar Apr Mag Giu Lug Ago Set Ott Nov Dic
2020: Gen Feb Mar Apr Mag Giu Lug Ago Set Ott Nov Dic
2019: Gen Feb Mar Apr Mag Giu Lug Ago Set Ott Nov Dic
2018: Gen Feb Mar Apr Mag Giu Lug Ago Set Ott Nov Dic
2017: Gen Feb Mar Apr Mag Giu Lug Ago Set Ott Nov Dic
2016: Gen Feb Mar Apr Mag Giu Lug Ago Set Ott Nov Dic
2015: Gen Feb Mar Apr Mag Giu Lug Ago Set Ott Nov Dic
2014: Gen Feb Mar Apr Mag Giu Lug Ago Set Ott Nov Dic
2013: Gen Feb Mar Apr Mag Giu Lug Ago Set Ott Nov Dic
2012: Gen Feb Mar Apr Mag Giu Lug Ago Set Ott Nov Dic
2011: Gen Feb Mar Apr Mag Giu Lug Ago Set Ott Nov Dic
2010: Gen Feb Mar Apr Mag Giu Lug Ago Set Ott Nov Dic
2009: Gen Feb Mar Apr Mag Giu Lug Ago Set Ott Nov Dic
2008: Gen Feb Mar Apr Mag Giu Lug Ago Set Ott Nov Dic
2007: Gen Feb Mar Apr Mag Giu Lug Ago Set Ott Nov Dic
2006: Gen Feb Mar Apr Mag Giu Lug Ago Set Ott Nov Dic
Archivio 2012 Aprile
Monthly Climatological Summary for apr 2012 Name: San Fruttuoso City: Genova State: Italy Elevation: 70 m Lat: N 44° 24' 34" Lon: E 008° 57' 38" Temperature (°C), Rain (mm), Wind Speed (km/h) Heat Cool Avg Mean Deg Deg Wind Dom Day Temp High Time Low Time Days Days Rain Speed High Time Dir ---------------------------------------------------------------------------------- 1 14.8 17.1 16:43 12.0 05:29 3.5 0.0 0.0 6.2 20.9 14:55 W 2 14.1 17.3 15:12 11.2 05:04 4.2 0.0 0.0 5.3 33.8 05:28 NE 3 14.6 16.8 13:52 12.8 02:38 3.7 0.0 0.6 6.7 24.1 10:33 SE 4 14.5 16.2 11:09 13.3 03:40 3.8 0.0 4.5 5.3 25.7 11:21 NNE 5 14.2 17.0 15:02 12.2 02:21 4.1 0.0 18.8 4.8 30.6 03:10 WSW 6 14.6 16.3 11:42 12.8 01:21 3.7 0.0 0.0 9.4 29.0 10:49 SSE 7 14.5 15.7 12:56 13.9 17:05 3.8 0.0 0.3 14.5 41.8 12:57 SSE 8 14.2 14.3 00:30 14.1 00:00 4.1 0.0 0.0 5.0 17.7 00:15 N 9 13.0 14.2 00:00 8.7 23:56 5.3 0.0 0.0 6.1 19.3 16:04 N 10 10.9 12.9 16:46 8.4 00:27 7.4 0.0 22.3 10.9 38.6 20:17 ESE 11 10.2 13.1 05:33 6.4 08:04 8.1 0.0 30.8 11.1 54.7 07:34 NNW 12 11.9 15.4 11:15 7.0 04:42 6.4 0.0 0.0 12.1 41.8 10:40 ESE 13 14.0 17.8 16:20 11.2 06:22 4.3 0.0 0.2 6.6 41.8 13:02 NNW 14 12.5 14.9 11:48 10.9 23:41 5.8 0.0 2.3 5.5 32.2 09:56 NNW 15 12.4 14.9 14:04 10.4 06:34 5.9 0.0 8.6 3.7 25.7 12:17 SE 16 13.8 16.7 16:51 11.0 06:20 4.5 0.0 0.0 9.1 43.5 13:16 NNW 17 14.9 17.2 13:45 12.8 05:01 3.4 0.0 0.0 6.2 25.7 00:23 SSE 18 13.9 16.0 10:39 12.6 23:55 4.4 0.0 0.0 10.1 43.5 10:08 SSE 19 12.1 14.2 09:35 10.0 19:47 6.2 0.0 14.8 7.8 43.5 13:16 SSE 20 12.7 15.7 12:47 10.3 01:21 5.6 0.0 0.0 6.4 33.8 14:19 SE 21 13.3 16.4 15:02 8.7 04:56 5.0 0.0 0.0 14.7 43.5 21:08 ESE 22 14.5 16.4 15:33 13.5 23:39 3.8 0.0 0.0 15.2 43.5 13:55 SE 23 14.1 16.0 10:27 12.5 06:07 4.2 0.0 0.0 10.8 48.3 23:55 SSE 24 13.6 15.4 10:27 12.1 05:00 4.7 0.0 3.5 15.2 61.2 03:37 SE 25 13.1 15.6 14:47 8.8 05:24 5.2 0.0 0.0 11.2 40.2 09:51 SE 26 15.0 17.2 15:36 12.5 01:53 3.3 0.0 0.0 7.4 32.2 10:18 SSE 27 18.7 22.6 16:51 13.1 00:58 1.2 1.6 0.0 5.9 22.5 05:02 NNE 28 21.4 26.0 11:55 17.8 23:59 0.0 3.1 0.0 6.1 35.4 03:43 NE 29 16.9 19.9 05:26 15.1 23:53 1.4 0.1 2.1 8.0 48.3 06:41 SE 30 15.3 17.7 09:38 13.3 03:04 3.0 0.0 5.3 4.4 25.7 13:09 N ---------------------------------------------------------------------------------- 14.1 26.0 28 6.4 11 130.0 4.8 114.1 8.4 61.2 24 ESE Max >= 27.0: 0 Max <= 5.0: 0 Min <= 20.0: 30 Min <= 0.0: 0 Max Rain: 30.8 on day 11 Days of Rain: 13 (>= 0.2 mm) 10 (>= 2.0 mm) 2 (>= 20.0 mm) Heat Base: 18.3 Cool Base: 18.3 Method: Integration