Rapporti Climatici in stile NOAA
Selezionare un Anno o un Mese
2024: Gen Feb Mar Apr Mag Giu Lug Ago Set Ott Nov Dic
2023: Gen Feb Mar Apr Mag Giu Lug Ago Set Ott Nov Dic
2022: Gen Feb Mar Apr Mag Giu Lug Ago Set Ott Nov Dic
2021: Gen Feb Mar Apr Mag Giu Lug Ago Set Ott Nov Dic
2020: Gen Feb Mar Apr Mag Giu Lug Ago Set Ott Nov Dic
2019: Gen Feb Mar Apr Mag Giu Lug Ago Set Ott Nov Dic
2018: Gen Feb Mar Apr Mag Giu Lug Ago Set Ott Nov Dic
2017: Gen Feb Mar Apr Mag Giu Lug Ago Set Ott Nov Dic
2016: Gen Feb Mar Apr Mag Giu Lug Ago Set Ott Nov Dic
2015: Gen Feb Mar Apr Mag Giu Lug Ago Set Ott Nov Dic
2014: Gen Feb Mar Apr Mag Giu Lug Ago Set Ott Nov Dic
2013: Gen Feb Mar Apr Mag Giu Lug Ago Set Ott Nov Dic
2012: Gen Feb Mar Apr Mag Giu Lug Ago Set Ott Nov Dic
2011: Gen Feb Mar Apr Mag Giu Lug Ago Set Ott Nov Dic
2010: Gen Feb Mar Apr Mag Giu Lug Ago Set Ott Nov Dic
2009: Gen Feb Mar Apr Mag Giu Lug Ago Set Ott Nov Dic
2008: Gen Feb Mar Apr Mag Giu Lug Ago Set Ott Nov Dic
2007: Gen Feb Mar Apr Mag Giu Lug Ago Set Ott Nov Dic
2006: Gen Feb Mar Apr Mag Giu Lug Ago Set Ott Nov Dic
2024: Gen Feb Mar Apr Mag Giu Lug Ago Set Ott Nov Dic
2023: Gen Feb Mar Apr Mag Giu Lug Ago Set Ott Nov Dic
2022: Gen Feb Mar Apr Mag Giu Lug Ago Set Ott Nov Dic
2021: Gen Feb Mar Apr Mag Giu Lug Ago Set Ott Nov Dic
2020: Gen Feb Mar Apr Mag Giu Lug Ago Set Ott Nov Dic
2019: Gen Feb Mar Apr Mag Giu Lug Ago Set Ott Nov Dic
2018: Gen Feb Mar Apr Mag Giu Lug Ago Set Ott Nov Dic
2017: Gen Feb Mar Apr Mag Giu Lug Ago Set Ott Nov Dic
2016: Gen Feb Mar Apr Mag Giu Lug Ago Set Ott Nov Dic
2015: Gen Feb Mar Apr Mag Giu Lug Ago Set Ott Nov Dic
2014: Gen Feb Mar Apr Mag Giu Lug Ago Set Ott Nov Dic
2013: Gen Feb Mar Apr Mag Giu Lug Ago Set Ott Nov Dic
2012: Gen Feb Mar Apr Mag Giu Lug Ago Set Ott Nov Dic
2011: Gen Feb Mar Apr Mag Giu Lug Ago Set Ott Nov Dic
2010: Gen Feb Mar Apr Mag Giu Lug Ago Set Ott Nov Dic
2009: Gen Feb Mar Apr Mag Giu Lug Ago Set Ott Nov Dic
2008: Gen Feb Mar Apr Mag Giu Lug Ago Set Ott Nov Dic
2007: Gen Feb Mar Apr Mag Giu Lug Ago Set Ott Nov Dic
2006: Gen Feb Mar Apr Mag Giu Lug Ago Set Ott Nov Dic
Archivio 2012 Febbraio
Monthly Climatological Summary for feb 2012 Name: San Fruttuoso City: Genova State: Italy Elevation: 70 m Lat: N 44° 24' 34" Lon: E 008° 57' 38" Temperature (°C), Rain (mm), Wind Speed (km/h) Heat Cool Avg Mean Deg Deg Wind Dom Day Temp High Time Low Time Days Days Rain Speed High Time Dir ---------------------------------------------------------------------------------- 1 0.6 1.6 13:57 -0.8 01:51 17.7 0.0 0.3 12.7 48.3 03:52 N 2 0.3 3.1 13:17 -1.5 23:25 18.0 0.0 0.0 9.9 43.5 22:12 NNW 3 -0.5 1.7 14:44 -1.8 01:19 18.8 0.0 0.0 11.8 54.7 13:32 NNW 4 -1.5 0.1 16:25 -2.6 01:52 19.8 0.0 0.0 9.5 48.3 00:56 N 5 -2.4 0.1 14:05 -4.1 07:34 20.7 0.0 0.0 10.2 43.5 17:55 N 6 -2.1 0.8 13:58 -4.6 06:56 20.4 0.0 0.0 11.4 43.5 07:40 N 7 -0.3 5.6 23:45 -3.6 04:28 18.6 0.0 0.0 11.3 51.5 14:06 N 8 3.7 6.8 16:22 1.5 06:48 14.6 0.0 0.0 11.4 57.9 06:40 N 9 5.5 10.3 15:09 2.2 00:07 12.8 0.0 0.0 7.2 37.0 05:43 NNE 10 1.1 2.8 00:00 -0.3 18:49 17.2 0.0 0.0 10.1 53.1 05:59 NNE 11 0.4 2.7 14:27 -1.7 08:19 17.9 0.0 0.0 7.8 43.5 11:07 NNE 12 -0.4 2.1 15:13 -2.1 07:47 18.7 0.0 0.0 9.1 38.6 14:50 N 13 2.8 6.9 15:56 -1.7 04:26 15.5 0.0 0.0 7.1 40.2 03:42 N 14 5.5 8.1 13:59 1.0 08:00 12.8 0.0 0.0 9.3 27.4 04:35 NW 15 8.0 10.5 14:39 4.3 23:57 10.3 0.0 0.0 7.9 25.7 10:38 SSW 16 7.5 12.9 15:58 2.6 06:56 10.8 0.0 0.0 6.0 20.9 12:33 NNW 17 9.4 12.7 11:44 5.3 01:35 8.9 0.0 0.0 8.4 27.4 14:01 ENE 18 11.4 13.3 13:48 9.3 03:28 6.9 0.0 0.0 8.6 32.2 10:34 SSE 19 10.3 12.0 13:38 8.8 23:52 8.0 0.0 12.7 6.4 25.7 01:17 SSE 20 7.5 8.8 00:00 6.0 08:50 10.8 0.0 4.0 6.0 38.6 13:44 NNE 21 7.7 11.2 14:29 5.3 04:04 10.6 0.0 0.0 10.8 41.8 04:03 N 22 9.5 13.7 14:24 5.7 07:09 8.8 0.0 0.0 10.5 45.1 09:00 N 23 11.7 15.4 10:55 8.7 05:42 6.6 0.0 0.0 6.6 33.8 00:19 NNE 24 10.6 13.9 14:00 6.8 05:31 7.7 0.0 0.0 6.6 19.3 13:23 NW 25 11.4 12.4 11:53 10.2 00:52 6.9 0.0 0.0 5.4 20.9 11:19 SSE 26 12.4 16.3 18:37 10.5 08:57 5.9 0.0 0.0 4.2 32.2 21:09 SW 27 11.1 14.9 14:31 7.2 08:04 7.2 0.0 0.0 5.8 22.5 02:03 NW 28 10.0 13.1 13:05 6.0 06:42 8.3 0.0 0.0 7.5 19.3 13:21 NW 29 12.1 13.7 12:51 10.9 00:06 6.2 0.0 0.0 4.7 20.9 12:11 SSE ---------------------------------------------------------------------------------- 5.6 16.3 26 -4.6 6 367.4 0.0 17.0 8.4 57.9 8 N Max >= 27.0: 0 Max <= 5.0: 9 Min <= 20.0: 29 Min <= 0.0: 11 Max Rain: 12.7 on day 19 Days of Rain: 3 (>= 0.2 mm) 2 (>= 2.0 mm) 0 (>= 20.0 mm) Heat Base: 18.3 Cool Base: 18.3 Method: Integration