Rapporti Climatici in stile NOAA
Selezionare un Anno o un Mese
2024: Gen Feb Mar Apr Mag Giu Lug Ago Set Ott Nov Dic
2023: Gen Feb Mar Apr Mag Giu Lug Ago Set Ott Nov Dic
2022: Gen Feb Mar Apr Mag Giu Lug Ago Set Ott Nov Dic
2021: Gen Feb Mar Apr Mag Giu Lug Ago Set Ott Nov Dic
2020: Gen Feb Mar Apr Mag Giu Lug Ago Set Ott Nov Dic
2019: Gen Feb Mar Apr Mag Giu Lug Ago Set Ott Nov Dic
2018: Gen Feb Mar Apr Mag Giu Lug Ago Set Ott Nov Dic
2017: Gen Feb Mar Apr Mag Giu Lug Ago Set Ott Nov Dic
2016: Gen Feb Mar Apr Mag Giu Lug Ago Set Ott Nov Dic
2015: Gen Feb Mar Apr Mag Giu Lug Ago Set Ott Nov Dic
2014: Gen Feb Mar Apr Mag Giu Lug Ago Set Ott Nov Dic
2013: Gen Feb Mar Apr Mag Giu Lug Ago Set Ott Nov Dic
2012: Gen Feb Mar Apr Mag Giu Lug Ago Set Ott Nov Dic
2011: Gen Feb Mar Apr Mag Giu Lug Ago Set Ott Nov Dic
2010: Gen Feb Mar Apr Mag Giu Lug Ago Set Ott Nov Dic
2009: Gen Feb Mar Apr Mag Giu Lug Ago Set Ott Nov Dic
2008: Gen Feb Mar Apr Mag Giu Lug Ago Set Ott Nov Dic
2007: Gen Feb Mar Apr Mag Giu Lug Ago Set Ott Nov Dic
2006: Gen Feb Mar Apr Mag Giu Lug Ago Set Ott Nov Dic
2024: Gen Feb Mar Apr Mag Giu Lug Ago Set Ott Nov Dic
2023: Gen Feb Mar Apr Mag Giu Lug Ago Set Ott Nov Dic
2022: Gen Feb Mar Apr Mag Giu Lug Ago Set Ott Nov Dic
2021: Gen Feb Mar Apr Mag Giu Lug Ago Set Ott Nov Dic
2020: Gen Feb Mar Apr Mag Giu Lug Ago Set Ott Nov Dic
2019: Gen Feb Mar Apr Mag Giu Lug Ago Set Ott Nov Dic
2018: Gen Feb Mar Apr Mag Giu Lug Ago Set Ott Nov Dic
2017: Gen Feb Mar Apr Mag Giu Lug Ago Set Ott Nov Dic
2016: Gen Feb Mar Apr Mag Giu Lug Ago Set Ott Nov Dic
2015: Gen Feb Mar Apr Mag Giu Lug Ago Set Ott Nov Dic
2014: Gen Feb Mar Apr Mag Giu Lug Ago Set Ott Nov Dic
2013: Gen Feb Mar Apr Mag Giu Lug Ago Set Ott Nov Dic
2012: Gen Feb Mar Apr Mag Giu Lug Ago Set Ott Nov Dic
2011: Gen Feb Mar Apr Mag Giu Lug Ago Set Ott Nov Dic
2010: Gen Feb Mar Apr Mag Giu Lug Ago Set Ott Nov Dic
2009: Gen Feb Mar Apr Mag Giu Lug Ago Set Ott Nov Dic
2008: Gen Feb Mar Apr Mag Giu Lug Ago Set Ott Nov Dic
2007: Gen Feb Mar Apr Mag Giu Lug Ago Set Ott Nov Dic
2006: Gen Feb Mar Apr Mag Giu Lug Ago Set Ott Nov Dic
Archivio 2012 Gennaio
Monthly Climatological Summary for gen 2012 Name: San Fruttuoso City: Genova State: Italy Elevation: 70 m Lat: N 44° 24' 34" Lon: E 008° 57' 38" Temperature (°C), Rain (mm), Wind Speed (km/h) Heat Cool Avg Mean Deg Deg Wind Dom Day Temp High Time Low Time Days Days Rain Speed High Time Dir ---------------------------------------------------------------------------------- 1 10.9 12.9 21:28 6.8 00:29 7.4 0.0 0.0 5.2 25.7 23:50 ENE 2 11.6 14.1 17:36 5.9 19:14 6.7 0.0 16.5 11.6 43.5 16:31 ESE 3 10.3 14.0 14:50 5.2 01:01 8.0 0.0 0.0 8.4 41.8 00:09 N 4 11.1 12.7 10:27 7.2 00:56 7.2 0.0 0.0 5.6 40.2 16:15 NNE 5 10.1 13.4 15:08 6.4 07:28 8.2 0.0 0.0 7.9 38.6 13:27 NNE 6 11.2 12.8 14:27 8.3 08:14 7.1 0.0 0.3 16.3 57.9 11:55 NNW 7 9.6 13.2 12:46 5.3 08:31 8.7 0.0 0.0 6.4 22.5 05:59 NNW 8 8.7 14.2 15:13 4.7 05:46 9.6 0.0 0.0 6.7 20.9 03:16 NNW 9 11.7 15.7 15:41 7.2 23:39 6.6 0.0 0.0 6.9 27.4 13:18 NNW 10 9.5 14.2 13:00 6.3 05:55 8.8 0.0 0.0 7.9 19.3 04:08 NNW 11 9.5 14.2 13:53 6.0 03:35 8.8 0.0 0.0 7.2 19.3 04:11 NNW 12 10.8 12.1 16:05 8.1 01:26 7.5 0.0 0.0 5.1 24.1 19:31 ENE 13 11.7 12.8 10:30 8.1 23:54 6.6 0.0 0.0 5.8 30.6 06:05 ESE 14 9.4 13.5 15:05 6.2 22:11 8.9 0.0 0.0 7.5 27.4 06:37 NNW 15 7.5 11.3 14:04 4.0 07:01 10.8 0.0 0.0 8.6 25.7 23:33 NNW 16 4.0 5.8 00:00 2.9 17:32 14.3 0.0 0.0 12.2 35.4 04:13 N 17 6.4 10.7 15:05 3.0 01:19 11.9 0.0 0.0 8.3 32.2 01:43 N 18 9.3 12.5 13:40 6.4 00:03 9.0 0.0 0.0 6.1 19.3 13:44 N 19 11.4 12.3 23:28 9.8 02:47 6.9 0.0 0.0 7.0 30.6 15:12 SE 20 12.5 15.2 17:10 9.5 08:18 5.8 0.0 0.0 5.1 30.6 18:26 NNW 21 11.6 14.8 12:24 7.9 23:43 6.7 0.0 0.0 5.1 27.4 13:24 N 22 11.6 14.5 15:40 7.6 01:06 6.7 0.0 0.0 3.6 16.1 00:02 ENE 23 12.6 15.1 12:22 10.8 23:56 5.7 0.0 0.0 5.0 22.5 12:44 SSE 24 12.1 16.8 13:29 8.3 08:34 6.2 0.0 0.0 7.2 29.0 12:10 NNW 25 8.6 12.2 11:58 5.3 08:28 9.7 0.0 0.0 8.2 20.9 12:56 NNW 26 8.5 10.4 13:40 5.3 04:45 9.8 0.0 0.0 5.8 19.3 12:10 N 27 7.1 10.0 00:00 5.4 08:55 11.2 0.0 1.5 7.4 27.4 10:07 N 28 4.7 6.9 00:14 1.7 22:28 13.6 0.0 30.2 9.0 48.3 21:14 NNE 29 2.6 3.5 15:40 1.5 00:16 15.7 0.0 12.2 9.8 41.8 13:27 NNE 30 2.6 4.7 13:31 0.7 07:13 15.7 0.0 0.0 12.9 49.9 06:57 N 31 0.1 2.2 00:06 -1.5 20:15 18.2 0.0 0.0 10.1 40.2 19:33 N ---------------------------------------------------------------------------------- 9.0 16.8 24 -1.5 31 288.0 0.0 60.7 7.7 57.9 6 N Max >= 27.0: 0 Max <= 5.0: 3 Min <= 20.0: 31 Min <= 0.0: 1 Max Rain: 30.2 on day 28 Days of Rain: 5 (>= 0.2 mm) 3 (>= 2.0 mm) 1 (>= 20.0 mm) Heat Base: 18.3 Cool Base: 18.3 Method: Integration