Rapporti Climatici in stile NOAA
Selezionare un Anno o un Mese
2024: Gen Feb Mar Apr Mag Giu Lug Ago Set Ott Nov Dic
2023: Gen Feb Mar Apr Mag Giu Lug Ago Set Ott Nov Dic
2022: Gen Feb Mar Apr Mag Giu Lug Ago Set Ott Nov Dic
2021: Gen Feb Mar Apr Mag Giu Lug Ago Set Ott Nov Dic
2020: Gen Feb Mar Apr Mag Giu Lug Ago Set Ott Nov Dic
2019: Gen Feb Mar Apr Mag Giu Lug Ago Set Ott Nov Dic
2018: Gen Feb Mar Apr Mag Giu Lug Ago Set Ott Nov Dic
2017: Gen Feb Mar Apr Mag Giu Lug Ago Set Ott Nov Dic
2016: Gen Feb Mar Apr Mag Giu Lug Ago Set Ott Nov Dic
2015: Gen Feb Mar Apr Mag Giu Lug Ago Set Ott Nov Dic
2014: Gen Feb Mar Apr Mag Giu Lug Ago Set Ott Nov Dic
2013: Gen Feb Mar Apr Mag Giu Lug Ago Set Ott Nov Dic
2012: Gen Feb Mar Apr Mag Giu Lug Ago Set Ott Nov Dic
2011: Gen Feb Mar Apr Mag Giu Lug Ago Set Ott Nov Dic
2010: Gen Feb Mar Apr Mag Giu Lug Ago Set Ott Nov Dic
2009: Gen Feb Mar Apr Mag Giu Lug Ago Set Ott Nov Dic
2008: Gen Feb Mar Apr Mag Giu Lug Ago Set Ott Nov Dic
2007: Gen Feb Mar Apr Mag Giu Lug Ago Set Ott Nov Dic
2006: Gen Feb Mar Apr Mag Giu Lug Ago Set Ott Nov Dic
2024: Gen Feb Mar Apr Mag Giu Lug Ago Set Ott Nov Dic
2023: Gen Feb Mar Apr Mag Giu Lug Ago Set Ott Nov Dic
2022: Gen Feb Mar Apr Mag Giu Lug Ago Set Ott Nov Dic
2021: Gen Feb Mar Apr Mag Giu Lug Ago Set Ott Nov Dic
2020: Gen Feb Mar Apr Mag Giu Lug Ago Set Ott Nov Dic
2019: Gen Feb Mar Apr Mag Giu Lug Ago Set Ott Nov Dic
2018: Gen Feb Mar Apr Mag Giu Lug Ago Set Ott Nov Dic
2017: Gen Feb Mar Apr Mag Giu Lug Ago Set Ott Nov Dic
2016: Gen Feb Mar Apr Mag Giu Lug Ago Set Ott Nov Dic
2015: Gen Feb Mar Apr Mag Giu Lug Ago Set Ott Nov Dic
2014: Gen Feb Mar Apr Mag Giu Lug Ago Set Ott Nov Dic
2013: Gen Feb Mar Apr Mag Giu Lug Ago Set Ott Nov Dic
2012: Gen Feb Mar Apr Mag Giu Lug Ago Set Ott Nov Dic
2011: Gen Feb Mar Apr Mag Giu Lug Ago Set Ott Nov Dic
2010: Gen Feb Mar Apr Mag Giu Lug Ago Set Ott Nov Dic
2009: Gen Feb Mar Apr Mag Giu Lug Ago Set Ott Nov Dic
2008: Gen Feb Mar Apr Mag Giu Lug Ago Set Ott Nov Dic
2007: Gen Feb Mar Apr Mag Giu Lug Ago Set Ott Nov Dic
2006: Gen Feb Mar Apr Mag Giu Lug Ago Set Ott Nov Dic
Archivio 2011 Dicembre
Monthly Climatological Summary for dic 2011 Name: San Fruttuoso City: Genova State: Italy Elevation: 70 m Lat: N 44° 24' 34" Lon: E 008° 57' 38" Temperature (°C), Rain (mm), Wind Speed (km/h) Heat Cool Avg Mean Deg Deg Wind Dom Day Temp High Time Low Time Days Days Rain Speed High Time Dir ---------------------------------------------------------------------------------- 1 14.4 16.3 21:33 12.2 10:02 3.9 0.0 0.7 6.7 32.2 22:02 E 2 14.5 15.9 00:00 13.0 23:47 3.8 0.0 5.1 4.0 19.3 08:10 SE 3 14.9 16.6 13:08 12.9 00:12 3.4 0.0 3.3 5.6 27.4 23:00 SE 4 14.2 16.6 12:48 10.3 07:59 4.1 0.0 0.0 6.3 29.0 14:44 ESE 5 15.2 17.2 11:38 12.7 23:57 3.1 0.0 0.0 5.0 30.6 09:34 E 6 12.0 16.1 15:37 8.3 23:10 6.3 0.0 0.0 6.4 29.0 03:54 NNW 7 10.7 15.8 13:49 6.7 07:07 7.6 0.0 0.0 9.5 32.2 13:18 N 8 12.0 17.3 15:00 8.5 06:08 6.3 0.0 0.0 7.1 27.4 13:02 NNW 9 14.4 15.7 10:25 12.0 00:48 3.9 0.0 0.0 10.8 37.0 23:17 SSE 10 14.0 15.8 12:39 11.9 23:33 4.3 0.0 0.0 8.5 38.6 00:35 SSE 11 12.8 15.9 14:09 11.0 05:20 5.5 0.0 0.0 6.2 22.5 20:50 NNW 12 11.4 13.2 14:03 10.2 21:33 6.9 0.0 0.0 6.6 37.0 20:39 N 13 11.7 14.9 14:01 7.3 06:55 6.6 0.0 0.0 8.4 35.4 19:33 NE 14 13.7 15.1 12:10 11.7 01:44 4.6 0.0 1.0 5.0 30.6 12:55 SE 15 12.7 16.2 11:38 8.8 23:47 5.6 0.0 0.0 6.0 30.6 11:56 NNW 16 13.4 15.6 19:04 8.7 00:00 4.9 0.0 0.0 14.5 64.4 15:01 S 17 10.6 13.8 14:51 6.8 20:35 7.7 0.0 0.0 6.1 35.4 05:40 N 18 7.5 9.1 00:00 5.6 05:39 10.8 0.0 0.0 7.3 30.6 11:23 N 19 7.4 10.4 13:25 5.8 07:48 10.9 0.0 0.0 7.1 45.1 04:49 NNW 20 5.8 9.2 12:20 2.3 06:28 12.5 0.0 0.0 6.2 22.5 05:35 N 21 8.9 13.7 13:32 4.9 06:07 9.4 0.0 0.0 4.6 27.4 00:36 N 22 9.1 13.7 13:33 5.4 01:12 9.2 0.0 0.0 6.7 25.7 07:44 NNW 23 9.8 14.0 13:50 5.6 05:36 8.5 0.0 0.0 7.9 19.3 01:53 NNW 24 11.4 12.9 16:00 7.7 11:56 6.9 0.0 1.5 9.8 64.4 13:58 NNE 25 10.3 13.2 13:11 8.1 08:14 8.0 0.0 0.0 6.3 33.8 05:59 N 26 11.5 15.8 15:48 8.9 05:21 6.8 0.0 0.0 6.4 32.2 06:40 NNE 27 11.2 15.7 14:52 7.2 23:40 7.1 0.0 0.0 6.8 32.2 07:02 N 28 9.2 13.5 14:01 5.7 07:30 9.1 0.0 0.0 6.9 17.7 07:27 NNW 29 9.7 12.3 14:32 7.1 23:32 8.6 0.0 0.0 5.2 32.2 21:13 N 30 9.6 14.4 15:17 5.2 07:06 8.7 0.0 0.0 7.1 35.4 19:53 N 31 8.8 13.2 11:48 5.3 06:56 9.5 0.0 0.0 9.5 27.4 12:51 NNW ---------------------------------------------------------------------------------- 11.4 17.3 8 2.3 20 214.5 0.0 11.6 7.1 64.4 16 NNE Max >= 27.0: 0 Max <= 5.0: 0 Min <= 20.0: 31 Min <= 0.0: 0 Max Rain: 5.1 on day 2 Days of Rain: 5 (>= 0.2 mm) 2 (>= 2.0 mm) 0 (>= 20.0 mm) Heat Base: 18.3 Cool Base: 18.3 Method: Integration