Rapporti Climatici in stile NOAA
Selezionare un Anno o un Mese
2024: Gen Feb Mar Apr Mag Giu Lug Ago Set Ott Nov Dic
2023: Gen Feb Mar Apr Mag Giu Lug Ago Set Ott Nov Dic
2022: Gen Feb Mar Apr Mag Giu Lug Ago Set Ott Nov Dic
2021: Gen Feb Mar Apr Mag Giu Lug Ago Set Ott Nov Dic
2020: Gen Feb Mar Apr Mag Giu Lug Ago Set Ott Nov Dic
2019: Gen Feb Mar Apr Mag Giu Lug Ago Set Ott Nov Dic
2018: Gen Feb Mar Apr Mag Giu Lug Ago Set Ott Nov Dic
2017: Gen Feb Mar Apr Mag Giu Lug Ago Set Ott Nov Dic
2016: Gen Feb Mar Apr Mag Giu Lug Ago Set Ott Nov Dic
2015: Gen Feb Mar Apr Mag Giu Lug Ago Set Ott Nov Dic
2014: Gen Feb Mar Apr Mag Giu Lug Ago Set Ott Nov Dic
2013: Gen Feb Mar Apr Mag Giu Lug Ago Set Ott Nov Dic
2012: Gen Feb Mar Apr Mag Giu Lug Ago Set Ott Nov Dic
2011: Gen Feb Mar Apr Mag Giu Lug Ago Set Ott Nov Dic
2010: Gen Feb Mar Apr Mag Giu Lug Ago Set Ott Nov Dic
2009: Gen Feb Mar Apr Mag Giu Lug Ago Set Ott Nov Dic
2008: Gen Feb Mar Apr Mag Giu Lug Ago Set Ott Nov Dic
2007: Gen Feb Mar Apr Mag Giu Lug Ago Set Ott Nov Dic
2006: Gen Feb Mar Apr Mag Giu Lug Ago Set Ott Nov Dic
2024: Gen Feb Mar Apr Mag Giu Lug Ago Set Ott Nov Dic
2023: Gen Feb Mar Apr Mag Giu Lug Ago Set Ott Nov Dic
2022: Gen Feb Mar Apr Mag Giu Lug Ago Set Ott Nov Dic
2021: Gen Feb Mar Apr Mag Giu Lug Ago Set Ott Nov Dic
2020: Gen Feb Mar Apr Mag Giu Lug Ago Set Ott Nov Dic
2019: Gen Feb Mar Apr Mag Giu Lug Ago Set Ott Nov Dic
2018: Gen Feb Mar Apr Mag Giu Lug Ago Set Ott Nov Dic
2017: Gen Feb Mar Apr Mag Giu Lug Ago Set Ott Nov Dic
2016: Gen Feb Mar Apr Mag Giu Lug Ago Set Ott Nov Dic
2015: Gen Feb Mar Apr Mag Giu Lug Ago Set Ott Nov Dic
2014: Gen Feb Mar Apr Mag Giu Lug Ago Set Ott Nov Dic
2013: Gen Feb Mar Apr Mag Giu Lug Ago Set Ott Nov Dic
2012: Gen Feb Mar Apr Mag Giu Lug Ago Set Ott Nov Dic
2011: Gen Feb Mar Apr Mag Giu Lug Ago Set Ott Nov Dic
2010: Gen Feb Mar Apr Mag Giu Lug Ago Set Ott Nov Dic
2009: Gen Feb Mar Apr Mag Giu Lug Ago Set Ott Nov Dic
2008: Gen Feb Mar Apr Mag Giu Lug Ago Set Ott Nov Dic
2007: Gen Feb Mar Apr Mag Giu Lug Ago Set Ott Nov Dic
2006: Gen Feb Mar Apr Mag Giu Lug Ago Set Ott Nov Dic
Archivio 2011 Settembre
Monthly Climatological Summary for set 2011 Name: San Fruttuoso City: Genova State: Italy Elevation: 70 m Lat: N 44° 24' 34" Lon: E 008° 57' 38" Temperature (°C), Rain (mm), Wind Speed (km/h) Heat Cool Avg Mean Deg Deg Wind Dom Day Temp High Time Low Time Days Days Rain Speed High Time Dir ---------------------------------------------------------------------------------- 1 24.3 26.4 13:37 22.1 00:00 0.0 6.0 0.0 7.2 30.6 10:50 SE 2 24.4 27.2 15:24 21.2 05:56 0.0 6.1 0.0 6.1 20.9 12:54 WNW 3 25.0 28.9 11:20 21.8 04:25 0.0 6.7 0.0 5.5 20.9 14:01 WNW 4 22.7 25.8 14:59 19.8 23:02 0.0 4.4 13.7 5.7 37.0 18:04 SSW 5 22.7 25.7 14:17 20.4 00:00 0.0 4.4 0.3 7.8 35.4 16:06 SE 6 23.3 27.7 15:20 19.8 05:02 0.0 5.0 0.0 6.5 22.5 11:16 NNW 7 22.2 24.7 16:00 19.4 23:55 0.0 3.9 0.0 8.7 30.6 13:49 ESE 16 21.5 24.8 16:40 17.6 06:23 0.0 3.2 0.0 7.5 17.7 03:52 WNW 17 21.7 25.0 14:53 18.3 04:35 0.0 3.4 5.1 11.9 27.4 16:30 SE 18 21.6 23.1 20:27 19.4 01:16 0.0 3.3 14.4 16.6 56.3 10:20 S 19 19.1 22.1 17:00 15.4 06:08 0.0 0.8 0.0 8.1 43.5 12:49 NNW 20 20.8 26.2 15:19 14.6 06:13 0.0 2.5 0.0 7.4 35.4 13:41 NNW 21 20.9 26.8 13:21 16.2 06:31 0.0 2.6 0.0 8.0 27.4 14:14 NW 22 20.4 24.3 15:18 16.7 06:16 0.0 2.1 0.0 6.9 19.3 13:19 NW 23 22.3 27.3 15:11 17.4 06:11 0.0 4.0 0.0 4.3 30.6 17:01 NNW 24 22.3 24.9 10:42 20.1 06:10 0.0 4.0 0.0 4.7 24.1 05:56 NNE 25 21.8 24.9 16:12 18.8 06:03 0.0 3.5 0.3 7.8 25.7 15:25 N 26 23.6 27.6 14:58 20.3 06:26 0.0 5.3 0.0 6.3 27.4 05:05 NNE 27 24.3 28.3 16:57 20.2 06:11 0.0 6.0 0.0 8.7 32.2 13:45 N 28 24.4 28.1 17:03 21.8 05:39 0.0 6.1 0.0 7.5 32.2 14:45 N 29 24.2 27.9 16:33 21.2 05:42 0.0 5.9 0.0 6.8 33.8 13:19 N 30 23.8 28.1 16:27 20.4 06:56 0.0 5.5 0.0 7.8 32.2 14:22 N ---------------------------------------------------------------------------------- 22.6 28.9 3 14.6 20 0.0 94.7 33.8 7.6 56.3 18 N Max >= 27.0: 9 Max <= 5.0: 0 Min <= 20.0: 12 Min <= 0.0: 0 Max Rain: 14.4 on day 18 Days of Rain: 5 (>= 0.2 mm) 3 (>= 2.0 mm) 0 (>= 20.0 mm) Heat Base: 18.3 Cool Base: 18.3 Method: Integration