Rapporti Climatici in stile NOAA
Selezionare un Anno o un Mese
2024: Gen Feb Mar Apr Mag Giu Lug Ago Set Ott Nov Dic
2023: Gen Feb Mar Apr Mag Giu Lug Ago Set Ott Nov Dic
2022: Gen Feb Mar Apr Mag Giu Lug Ago Set Ott Nov Dic
2021: Gen Feb Mar Apr Mag Giu Lug Ago Set Ott Nov Dic
2020: Gen Feb Mar Apr Mag Giu Lug Ago Set Ott Nov Dic
2019: Gen Feb Mar Apr Mag Giu Lug Ago Set Ott Nov Dic
2018: Gen Feb Mar Apr Mag Giu Lug Ago Set Ott Nov Dic
2017: Gen Feb Mar Apr Mag Giu Lug Ago Set Ott Nov Dic
2016: Gen Feb Mar Apr Mag Giu Lug Ago Set Ott Nov Dic
2015: Gen Feb Mar Apr Mag Giu Lug Ago Set Ott Nov Dic
2014: Gen Feb Mar Apr Mag Giu Lug Ago Set Ott Nov Dic
2013: Gen Feb Mar Apr Mag Giu Lug Ago Set Ott Nov Dic
2012: Gen Feb Mar Apr Mag Giu Lug Ago Set Ott Nov Dic
2011: Gen Feb Mar Apr Mag Giu Lug Ago Set Ott Nov Dic
2010: Gen Feb Mar Apr Mag Giu Lug Ago Set Ott Nov Dic
2009: Gen Feb Mar Apr Mag Giu Lug Ago Set Ott Nov Dic
2008: Gen Feb Mar Apr Mag Giu Lug Ago Set Ott Nov Dic
2007: Gen Feb Mar Apr Mag Giu Lug Ago Set Ott Nov Dic
2006: Gen Feb Mar Apr Mag Giu Lug Ago Set Ott Nov Dic
2024: Gen Feb Mar Apr Mag Giu Lug Ago Set Ott Nov Dic
2023: Gen Feb Mar Apr Mag Giu Lug Ago Set Ott Nov Dic
2022: Gen Feb Mar Apr Mag Giu Lug Ago Set Ott Nov Dic
2021: Gen Feb Mar Apr Mag Giu Lug Ago Set Ott Nov Dic
2020: Gen Feb Mar Apr Mag Giu Lug Ago Set Ott Nov Dic
2019: Gen Feb Mar Apr Mag Giu Lug Ago Set Ott Nov Dic
2018: Gen Feb Mar Apr Mag Giu Lug Ago Set Ott Nov Dic
2017: Gen Feb Mar Apr Mag Giu Lug Ago Set Ott Nov Dic
2016: Gen Feb Mar Apr Mag Giu Lug Ago Set Ott Nov Dic
2015: Gen Feb Mar Apr Mag Giu Lug Ago Set Ott Nov Dic
2014: Gen Feb Mar Apr Mag Giu Lug Ago Set Ott Nov Dic
2013: Gen Feb Mar Apr Mag Giu Lug Ago Set Ott Nov Dic
2012: Gen Feb Mar Apr Mag Giu Lug Ago Set Ott Nov Dic
2011: Gen Feb Mar Apr Mag Giu Lug Ago Set Ott Nov Dic
2010: Gen Feb Mar Apr Mag Giu Lug Ago Set Ott Nov Dic
2009: Gen Feb Mar Apr Mag Giu Lug Ago Set Ott Nov Dic
2008: Gen Feb Mar Apr Mag Giu Lug Ago Set Ott Nov Dic
2007: Gen Feb Mar Apr Mag Giu Lug Ago Set Ott Nov Dic
2006: Gen Feb Mar Apr Mag Giu Lug Ago Set Ott Nov Dic
Archivio 2011 Agosto
Monthly Climatological Summary for ago 2011 Name: San Fruttuoso City: Genova State: Italy Elevation: 70 m Lat: N 44° 24' 34" Lon: E 008° 57' 38" Temperature (°C), Rain (mm), Wind Speed (km/h) Heat Cool Avg Mean Deg Deg Wind Dom Day Temp High Time Low Time Days Days Rain Speed High Time Dir ---------------------------------------------------------------------------------- 1 21.6 24.7 16:41 17.6 05:03 0.0 3.3 0.0 7.4 20.9 13:10 W 2 22.3 25.8 16:04 18.3 05:25 0.0 4.0 0.0 6.5 24.1 16:20 WNW 3 22.5 25.0 17:41 19.3 05:27 0.0 4.2 0.0 7.3 27.4 15:18 SSW 4 22.6 25.7 16:08 19.0 05:32 0.0 4.3 0.0 6.8 22.5 13:21 WNW 5 23.0 25.6 12:25 19.8 05:31 0.0 4.7 0.0 5.5 22.5 14:30 WSW 6 23.0 25.1 14:37 20.4 05:25 0.0 4.7 0.0 8.5 29.0 23:42 SSE 7 23.9 25.2 15:25 22.9 23:49 0.0 5.6 1.0 13.4 38.6 16:03 SE 8 24.0 26.0 13:54 21.9 23:59 0.0 5.7 3.1 12.3 45.1 15:06 SE 9 24.5 29.1 18:00 19.0 03:08 0.0 6.2 0.0 8.1 41.8 12:28 NNW 10 24.2 29.3 15:33 20.1 06:06 0.0 5.9 0.0 7.4 27.4 03:18 NNW 11 22.2 25.7 16:53 18.6 06:10 0.0 3.9 0.0 8.5 24.1 03:29 WNW 12 21.2 24.3 13:37 17.4 05:39 0.0 2.9 0.0 8.9 30.6 12:52 SSE 13 21.9 24.7 13:42 18.2 05:40 0.0 3.6 0.0 6.3 22.5 12:44 SSW 14 23.0 25.6 16:13 19.7 06:16 0.0 4.7 0.0 4.5 24.1 14:36 SSW 15 23.5 25.9 14:42 20.7 06:30 0.0 5.2 0.0 6.4 32.2 11:29 S 16 24.2 28.2 18:05 20.5 05:22 0.0 4.1 0.0 8.0 29.2 12:03 NW 17 25.6 29.8 15:37 22.7 06:12 0.0 6.6 0.0 9.0 27.7 11:31 WSW 18 26.2 30.2 14:39 23.3 06:02 0.0 7.6 0.0 11.8 24.5 09:44 W 19 25.1 27.9 12:02 22.7 05:21 0.0 3.9 0.0 4.2 29.2 09:54 SSE 20 25.3 29.2 17:08 21.9 03:37 0.0 7.4 0.0 12.9 26.1 10:37 W 21 28.0 32.3 12:01 22.7 06:18 0.0 10.9 0.0 7.7 37.4 17:20 WSW 22 30.7 35.2 11:15 27.1 00:03 0.0 13.5 0.0 15.1 30.9 11:32 W 23 28.0 31.4 11:26 24.8 23:56 0.0 9.3 0.0 6.9 27.7 11:48 WSW 24 25.9 30.1 15:37 22.9 05:51 0.0 8.7 0.0 7.0 30.9 17:51 WNW 25 25.7 30.6 16:17 22.0 05:07 0.0 9.2 0.0 9.8 29.2 13:31 W 26 26.2 30.1 16:38 22.7 06:19 0.0 8.9 0.0 7.4 34.1 13:21 SE 27 21.8 24.1 18:53 20.4 23:57 0.0 3.5 0.0 9.5 22.5 19:06 NNE 28 22.6 26.7 15:37 18.2 05:56 0.0 4.3 0.0 10.0 19.3 04:17 WNW 29 22.3 25.7 11:31 18.8 06:07 0.0 4.0 0.0 10.1 29.0 11:44 W 30 22.2 25.8 14:42 17.8 05:01 0.0 3.9 0.0 8.6 27.4 09:23 W 31 22.7 25.6 12:25 19.8 03:08 0.0 4.4 0.0 8.1 33.8 10:26 SSE ---------------------------------------------------------------------------------- 24.1 35.2 10 17.4 12 0.0 89.0 4.1 8.1 45.1 8 SW Max >= 27.0: 13 Max <= 5.0: 0 Min <= 20.0: 14 Min <= 0.0: 0 Max Rain: 3.1 on day 8 Days of Rain: 2 (>= 0.2 mm) 1 (>= 2.0 mm) 0 (>= 20.0 mm) Heat Base: 18.3 Cool Base: 18.3 Method: Integration