Rapporti Climatici in stile NOAA
Selezionare un Anno o un Mese
2024: Gen Feb Mar Apr Mag Giu Lug Ago Set Ott Nov Dic
2023: Gen Feb Mar Apr Mag Giu Lug Ago Set Ott Nov Dic
2022: Gen Feb Mar Apr Mag Giu Lug Ago Set Ott Nov Dic
2021: Gen Feb Mar Apr Mag Giu Lug Ago Set Ott Nov Dic
2020: Gen Feb Mar Apr Mag Giu Lug Ago Set Ott Nov Dic
2019: Gen Feb Mar Apr Mag Giu Lug Ago Set Ott Nov Dic
2018: Gen Feb Mar Apr Mag Giu Lug Ago Set Ott Nov Dic
2017: Gen Feb Mar Apr Mag Giu Lug Ago Set Ott Nov Dic
2016: Gen Feb Mar Apr Mag Giu Lug Ago Set Ott Nov Dic
2015: Gen Feb Mar Apr Mag Giu Lug Ago Set Ott Nov Dic
2014: Gen Feb Mar Apr Mag Giu Lug Ago Set Ott Nov Dic
2013: Gen Feb Mar Apr Mag Giu Lug Ago Set Ott Nov Dic
2012: Gen Feb Mar Apr Mag Giu Lug Ago Set Ott Nov Dic
2011: Gen Feb Mar Apr Mag Giu Lug Ago Set Ott Nov Dic
2010: Gen Feb Mar Apr Mag Giu Lug Ago Set Ott Nov Dic
2009: Gen Feb Mar Apr Mag Giu Lug Ago Set Ott Nov Dic
2008: Gen Feb Mar Apr Mag Giu Lug Ago Set Ott Nov Dic
2007: Gen Feb Mar Apr Mag Giu Lug Ago Set Ott Nov Dic
2006: Gen Feb Mar Apr Mag Giu Lug Ago Set Ott Nov Dic
2024: Gen Feb Mar Apr Mag Giu Lug Ago Set Ott Nov Dic
2023: Gen Feb Mar Apr Mag Giu Lug Ago Set Ott Nov Dic
2022: Gen Feb Mar Apr Mag Giu Lug Ago Set Ott Nov Dic
2021: Gen Feb Mar Apr Mag Giu Lug Ago Set Ott Nov Dic
2020: Gen Feb Mar Apr Mag Giu Lug Ago Set Ott Nov Dic
2019: Gen Feb Mar Apr Mag Giu Lug Ago Set Ott Nov Dic
2018: Gen Feb Mar Apr Mag Giu Lug Ago Set Ott Nov Dic
2017: Gen Feb Mar Apr Mag Giu Lug Ago Set Ott Nov Dic
2016: Gen Feb Mar Apr Mag Giu Lug Ago Set Ott Nov Dic
2015: Gen Feb Mar Apr Mag Giu Lug Ago Set Ott Nov Dic
2014: Gen Feb Mar Apr Mag Giu Lug Ago Set Ott Nov Dic
2013: Gen Feb Mar Apr Mag Giu Lug Ago Set Ott Nov Dic
2012: Gen Feb Mar Apr Mag Giu Lug Ago Set Ott Nov Dic
2011: Gen Feb Mar Apr Mag Giu Lug Ago Set Ott Nov Dic
2010: Gen Feb Mar Apr Mag Giu Lug Ago Set Ott Nov Dic
2009: Gen Feb Mar Apr Mag Giu Lug Ago Set Ott Nov Dic
2008: Gen Feb Mar Apr Mag Giu Lug Ago Set Ott Nov Dic
2007: Gen Feb Mar Apr Mag Giu Lug Ago Set Ott Nov Dic
2006: Gen Feb Mar Apr Mag Giu Lug Ago Set Ott Nov Dic
Archivio 2011 Luglio
Monthly Climatological Summary for lug 2011 Name: San Fruttuoso City: Genova State: Italy Elevation: 70 m Lat: N 44° 24' 34" Lon: E 008° 57' 38" Temperature (°C), Rain (mm), Wind Speed (km/h) Heat Cool Avg Mean Deg Deg Wind Dom Day Temp High Time Low Time Days Days Rain Speed High Time Dir ---------------------------------------------------------------------------------- 1 24.5 29.1 15:03 21.8 05:38 0.0 6.2 0.0 6.4 33.8 12:49 NW 2 22.2 25.2 12:10 19.9 03:42 0.0 3.9 0.0 5.9 30.6 10:49 NNW 3 22.2 25.4 15:07 18.7 02:53 0.0 3.9 0.0 7.7 30.6 11:53 SSE 4 22.4 24.2 15:17 20.4 23:49 0.0 4.1 4.1 7.3 33.8 10:47 SE 5 22.5 25.1 16:09 19.6 05:01 0.0 4.2 13.7 5.2 32.2 00:16 SW 6 23.0 25.6 14:58 20.3 02:45 0.0 4.7 0.0 8.4 29.0 13:12 SSE 7 23.6 25.2 12:13 22.1 23:48 0.0 5.3 0.0 10.3 38.6 13:02 SE 8 24.7 26.6 13:52 22.1 00:00 0.0 6.4 0.0 10.3 41.8 10:04 SE 9 25.0 28.3 16:59 21.7 05:12 0.0 6.7 0.0 5.9 24.1 12:38 SW 10 24.3 27.0 15:41 20.9 04:38 0.0 6.0 0.0 6.4 20.9 14:24 WSW 11 25.1 28.7 17:07 20.9 05:34 0.0 6.8 0.0 6.5 17.7 12:50 WNW 12 26.9 32.4 14:57 21.5 05:12 0.0 8.6 0.0 4.9 14.5 01:10 NW 13 26.2 30.2 14:46 22.8 04:34 0.0 7.9 0.0 9.7 41.8 15:02 ESE 14 24.3 25.6 13:21 22.7 20:29 0.0 6.0 0.0 9.0 33.8 07:39 SSE 15 23.1 24.8 09:13 20.4 23:59 0.0 4.8 0.7 8.0 33.8 15:19 SE 16 22.6 24.9 10:44 20.1 02:28 0.0 4.3 0.0 8.8 40.2 11:07 SE 17 22.9 24.7 13:07 20.2 01:55 0.0 4.6 12.0 15.8 46.7 13:47 SE 18 22.1 23.8 15:10 21.1 04:28 0.0 3.8 0.0 11.7 38.6 13:02 SE 19 20.1 22.6 11:27 15.9 23:46 0.0 1.8 9.9 12.0 45.1 12:57 SSE 20 19.6 23.3 15:50 14.8 05:07 0.0 1.3 9.1 6.8 32.2 15:57 SSE 21 20.6 23.5 13:15 16.3 04:22 0.0 2.3 0.0 10.3 40.2 10:19 SE 22 21.3 24.3 15:47 17.8 04:27 0.0 3.0 0.0 10.1 37.0 14:32 SE 23 21.6 24.1 10:46 18.1 23:24 0.0 3.3 11.7 7.9 40.2 13:54 SE 24 21.2 26.6 16:09 16.2 04:16 0.0 2.9 0.3 9.3 46.7 11:28 NW 25 20.9 23.7 14:57 17.8 05:57 0.0 2.6 0.0 7.2 29.0 15:14 ESE 26 20.6 23.4 14:23 17.0 04:30 0.0 2.3 0.0 7.3 25.7 15:43 WNW 27 20.2 22.4 16:11 17.5 05:15 0.0 1.9 0.0 7.3 32.2 23:13 NNW 28 21.5 24.1 13:43 18.8 05:57 0.0 3.2 0.0 6.5 27.4 01:01 SE 29 22.3 25.0 13:24 18.8 02:39 0.0 4.0 0.2 6.0 33.8 04:56 SSE 30 21.2 23.4 12:32 18.5 04:38 0.0 2.9 0.0 8.9 25.7 11:42 SSE 31 21.7 24.6 12:37 18.4 03:49 0.0 3.4 0.0 6.6 20.9 13:23 WNW ---------------------------------------------------------------------------------- 22.6 32.4 12 14.8 20 0.0 133.1 61.7 8.2 46.7 17 SSE Max >= 27.0: 6 Max <= 5.0: 0 Min <= 20.0: 16 Min <= 0.0: 0 Max Rain: 13.7 on day 5 Days of Rain: 9 (>= 0.2 mm) 6 (>= 2.0 mm) 0 (>= 20.0 mm) Heat Base: 18.3 Cool Base: 18.3 Method: Integration