Rapporti Climatici in stile NOAA
Selezionare un Anno o un Mese
2024: Gen Feb Mar Apr Mag Giu Lug Ago Set Ott Nov Dic
2023: Gen Feb Mar Apr Mag Giu Lug Ago Set Ott Nov Dic
2022: Gen Feb Mar Apr Mag Giu Lug Ago Set Ott Nov Dic
2021: Gen Feb Mar Apr Mag Giu Lug Ago Set Ott Nov Dic
2020: Gen Feb Mar Apr Mag Giu Lug Ago Set Ott Nov Dic
2019: Gen Feb Mar Apr Mag Giu Lug Ago Set Ott Nov Dic
2018: Gen Feb Mar Apr Mag Giu Lug Ago Set Ott Nov Dic
2017: Gen Feb Mar Apr Mag Giu Lug Ago Set Ott Nov Dic
2016: Gen Feb Mar Apr Mag Giu Lug Ago Set Ott Nov Dic
2015: Gen Feb Mar Apr Mag Giu Lug Ago Set Ott Nov Dic
2014: Gen Feb Mar Apr Mag Giu Lug Ago Set Ott Nov Dic
2013: Gen Feb Mar Apr Mag Giu Lug Ago Set Ott Nov Dic
2012: Gen Feb Mar Apr Mag Giu Lug Ago Set Ott Nov Dic
2011: Gen Feb Mar Apr Mag Giu Lug Ago Set Ott Nov Dic
2010: Gen Feb Mar Apr Mag Giu Lug Ago Set Ott Nov Dic
2009: Gen Feb Mar Apr Mag Giu Lug Ago Set Ott Nov Dic
2008: Gen Feb Mar Apr Mag Giu Lug Ago Set Ott Nov Dic
2007: Gen Feb Mar Apr Mag Giu Lug Ago Set Ott Nov Dic
2006: Gen Feb Mar Apr Mag Giu Lug Ago Set Ott Nov Dic
2024: Gen Feb Mar Apr Mag Giu Lug Ago Set Ott Nov Dic
2023: Gen Feb Mar Apr Mag Giu Lug Ago Set Ott Nov Dic
2022: Gen Feb Mar Apr Mag Giu Lug Ago Set Ott Nov Dic
2021: Gen Feb Mar Apr Mag Giu Lug Ago Set Ott Nov Dic
2020: Gen Feb Mar Apr Mag Giu Lug Ago Set Ott Nov Dic
2019: Gen Feb Mar Apr Mag Giu Lug Ago Set Ott Nov Dic
2018: Gen Feb Mar Apr Mag Giu Lug Ago Set Ott Nov Dic
2017: Gen Feb Mar Apr Mag Giu Lug Ago Set Ott Nov Dic
2016: Gen Feb Mar Apr Mag Giu Lug Ago Set Ott Nov Dic
2015: Gen Feb Mar Apr Mag Giu Lug Ago Set Ott Nov Dic
2014: Gen Feb Mar Apr Mag Giu Lug Ago Set Ott Nov Dic
2013: Gen Feb Mar Apr Mag Giu Lug Ago Set Ott Nov Dic
2012: Gen Feb Mar Apr Mag Giu Lug Ago Set Ott Nov Dic
2011: Gen Feb Mar Apr Mag Giu Lug Ago Set Ott Nov Dic
2010: Gen Feb Mar Apr Mag Giu Lug Ago Set Ott Nov Dic
2009: Gen Feb Mar Apr Mag Giu Lug Ago Set Ott Nov Dic
2008: Gen Feb Mar Apr Mag Giu Lug Ago Set Ott Nov Dic
2007: Gen Feb Mar Apr Mag Giu Lug Ago Set Ott Nov Dic
2006: Gen Feb Mar Apr Mag Giu Lug Ago Set Ott Nov Dic
Archivio 2011 Maggio
Monthly Climatological Summary for mag 2011 Name: San Fruttuoso City: Genova State: Italy Elevation: 70 m Lat: N 44° 24' 34" Lon: E 008° 57' 38" Temperature (°C), Rain (mm), Wind Speed (km/h) Heat Cool Avg Mean Deg Deg Wind Dom Day Temp High Time Low Time Days Days Rain Speed High Time Dir ---------------------------------------------------------------------------------- 1 16.9 22.3 11:59 13.5 05:09 1.4 0.0 0.0 7.2 30.6 13:56 N 2 16.1 19.4 16:44 12.4 04:01 2.2 0.0 0.0 6.9 22.5 14:12 W 3 18.2 23.3 11:41 15.1 04:06 0.1 0.0 0.0 5.7 30.6 06:27 NNW 4 18.1 23.2 15:49 14.2 01:56 0.2 0.0 0.0 6.5 38.6 13:26 NW 5 17.4 19.6 14:34 14.3 06:04 0.9 0.0 0.0 6.4 25.7 12:39 W 6 17.8 20.3 16:24 14.9 05:42 0.5 0.0 0.0 5.9 22.5 14:21 WSW 7 16.8 20.3 15:06 12.9 05:52 1.5 0.0 0.0 7.1 24.1 09:38 WNW 8 16.7 19.4 12:01 13.0 04:37 1.6 0.0 0.0 7.1 22.5 13:51 WNW 9 19.1 24.1 16:09 15.1 02:59 0.0 0.8 0.0 7.3 40.2 11:45 NNW 10 19.4 23.2 11:19 13.8 04:55 0.0 1.1 0.0 6.0 24.1 12:18 WNW 11 18.1 21.0 10:39 14.2 05:10 0.2 0.0 0.0 7.1 20.9 12:39 W 12 17.4 19.8 13:53 14.1 04:45 0.9 0.0 0.0 8.4 32.2 11:11 SSE 13 17.9 19.8 09:17 15.5 05:01 0.4 0.0 0.0 6.0 20.9 10:46 SSW 14 18.0 19.8 14:01 16.1 04:48 0.3 0.0 0.0 7.4 29.0 14:35 SE 15 19.0 22.7 14:17 14.3 08:35 0.0 0.7 2.0 9.3 48.3 07:42 NE 16 18.0 21.1 13:57 14.3 05:55 0.3 0.0 0.0 6.2 27.4 00:35 WSW 17 16.7 20.2 15:10 12.3 05:25 1.6 0.0 0.0 7.9 22.5 11:22 WNW 18 19.8 26.1 16:26 14.9 02:25 0.0 1.5 0.0 5.9 29.0 13:07 NNW 19 19.7 22.9 14:00 15.8 03:18 0.0 1.4 0.0 6.2 20.9 11:40 W 20 19.4 23.8 15:00 15.4 03:27 0.0 1.1 0.0 6.8 19.3 10:18 WNW 21 20.7 25.6 16:21 15.1 05:04 0.0 2.4 0.0 6.4 19.3 14:37 WNW 22 23.0 26.7 14:07 18.4 04:03 0.0 4.7 0.0 6.2 19.3 03:58 NW 23 25.5 29.7 17:11 19.7 03:55 0.0 7.2 0.0 5.4 22.5 06:58 NW 24 24.6 28.8 09:49 20.3 04:54 0.0 6.3 0.0 6.1 25.7 12:02 WNW 25 24.8 28.9 12:38 20.2 05:16 0.0 6.5 0.0 6.0 20.9 12:19 NW 26 24.2 27.3 10:43 20.1 05:13 0.0 5.9 0.0 6.3 20.9 13:11 W 27 21.1 23.3 14:32 18.9 21:56 0.0 2.8 3.1 12.7 46.7 10:01 ESE 28 20.9 23.7 12:34 17.3 23:56 0.0 2.6 0.0 7.8 35.4 01:47 NNW 29 19.8 23.2 17:56 15.2 05:17 0.0 1.5 0.0 6.6 20.9 10:37 W 30 21.3 25.1 15:06 17.5 04:35 0.0 3.0 0.0 5.6 20.9 15:24 SW 31 19.9 22.2 09:25 17.4 04:59 0.0 1.6 0.0 7.5 27.4 19:46 S ---------------------------------------------------------------------------------- 19.6 29.7 23 12.3 17 12.1 51.1 5.1 6.9 48.3 15 WNW Max >= 27.0: 4 Max <= 5.0: 0 Min <= 20.0: 28 Min <= 0.0: 0 Max Rain: 3.1 on day 27 Days of Rain: 2 (>= 0.2 mm) 2 (>= 2.0 mm) 0 (>= 20.0 mm) Heat Base: 18.3 Cool Base: 18.3 Method: Integration