Rapporti Climatici in stile NOAA
Selezionare un Anno o un Mese
2024: Gen Feb Mar Apr Mag Giu Lug Ago Set Ott Nov Dic
2023: Gen Feb Mar Apr Mag Giu Lug Ago Set Ott Nov Dic
2022: Gen Feb Mar Apr Mag Giu Lug Ago Set Ott Nov Dic
2021: Gen Feb Mar Apr Mag Giu Lug Ago Set Ott Nov Dic
2020: Gen Feb Mar Apr Mag Giu Lug Ago Set Ott Nov Dic
2019: Gen Feb Mar Apr Mag Giu Lug Ago Set Ott Nov Dic
2018: Gen Feb Mar Apr Mag Giu Lug Ago Set Ott Nov Dic
2017: Gen Feb Mar Apr Mag Giu Lug Ago Set Ott Nov Dic
2016: Gen Feb Mar Apr Mag Giu Lug Ago Set Ott Nov Dic
2015: Gen Feb Mar Apr Mag Giu Lug Ago Set Ott Nov Dic
2014: Gen Feb Mar Apr Mag Giu Lug Ago Set Ott Nov Dic
2013: Gen Feb Mar Apr Mag Giu Lug Ago Set Ott Nov Dic
2012: Gen Feb Mar Apr Mag Giu Lug Ago Set Ott Nov Dic
2011: Gen Feb Mar Apr Mag Giu Lug Ago Set Ott Nov Dic
2010: Gen Feb Mar Apr Mag Giu Lug Ago Set Ott Nov Dic
2009: Gen Feb Mar Apr Mag Giu Lug Ago Set Ott Nov Dic
2008: Gen Feb Mar Apr Mag Giu Lug Ago Set Ott Nov Dic
2007: Gen Feb Mar Apr Mag Giu Lug Ago Set Ott Nov Dic
2006: Gen Feb Mar Apr Mag Giu Lug Ago Set Ott Nov Dic
2024: Gen Feb Mar Apr Mag Giu Lug Ago Set Ott Nov Dic
2023: Gen Feb Mar Apr Mag Giu Lug Ago Set Ott Nov Dic
2022: Gen Feb Mar Apr Mag Giu Lug Ago Set Ott Nov Dic
2021: Gen Feb Mar Apr Mag Giu Lug Ago Set Ott Nov Dic
2020: Gen Feb Mar Apr Mag Giu Lug Ago Set Ott Nov Dic
2019: Gen Feb Mar Apr Mag Giu Lug Ago Set Ott Nov Dic
2018: Gen Feb Mar Apr Mag Giu Lug Ago Set Ott Nov Dic
2017: Gen Feb Mar Apr Mag Giu Lug Ago Set Ott Nov Dic
2016: Gen Feb Mar Apr Mag Giu Lug Ago Set Ott Nov Dic
2015: Gen Feb Mar Apr Mag Giu Lug Ago Set Ott Nov Dic
2014: Gen Feb Mar Apr Mag Giu Lug Ago Set Ott Nov Dic
2013: Gen Feb Mar Apr Mag Giu Lug Ago Set Ott Nov Dic
2012: Gen Feb Mar Apr Mag Giu Lug Ago Set Ott Nov Dic
2011: Gen Feb Mar Apr Mag Giu Lug Ago Set Ott Nov Dic
2010: Gen Feb Mar Apr Mag Giu Lug Ago Set Ott Nov Dic
2009: Gen Feb Mar Apr Mag Giu Lug Ago Set Ott Nov Dic
2008: Gen Feb Mar Apr Mag Giu Lug Ago Set Ott Nov Dic
2007: Gen Feb Mar Apr Mag Giu Lug Ago Set Ott Nov Dic
2006: Gen Feb Mar Apr Mag Giu Lug Ago Set Ott Nov Dic
Archivio 2011 Aprile
Monthly Climatological Summary for apr 2011 Name: San Fruttuoso City: Genova State: Italy Elevation: 70 m Lat: N 44° 24' 34" Lon: E 008° 57' 38" Temperature (°C), Rain (mm), Wind Speed (km/h) Heat Cool Avg Mean Deg Deg Wind Dom Day Temp High Time Low Time Days Days Rain Speed High Time Dir ---------------------------------------------------------------------------------- 1 13.7 17.4 12:44 10.0 06:01 4.6 0.0 0.0 4.0 17.7 14:50 WSW 2 13.7 16.3 15:31 10.3 06:20 4.6 0.0 0.0 3.7 17.7 12:50 SW 3 13.4 15.2 15:12 11.4 06:55 4.9 0.0 0.0 4.8 20.9 13:22 SW 4 14.5 16.8 14:42 12.1 05:46 3.8 0.0 0.0 6.6 32.2 11:41 SE 5 17.2 22.1 12:53 12.2 01:14 1.1 0.0 0.0 7.3 38.6 11:18 NNW 6 15.6 19.2 15:59 11.7 06:11 2.7 0.0 0.0 6.5 19.3 12:04 NW 7 16.2 20.9 16:33 12.3 04:43 2.1 0.0 0.0 3.5 16.1 10:36 SSW 8 15.1 18.3 15:08 11.7 05:25 3.2 0.0 0.0 6.7 29.0 10:43 SSE 9 14.8 17.2 15:48 12.7 04:47 3.5 0.0 0.0 4.4 17.7 15:32 WSW 10 15.8 19.2 17:44 12.5 05:28 2.5 0.0 0.0 4.5 19.3 10:56 WSW 11 18.3 22.9 11:54 13.8 05:42 0.0 0.0 0.0 5.1 24.1 11:58 NW 12 15.2 17.8 23:52 12.4 06:44 3.1 0.0 0.0 6.1 29.0 23:48 SSE 13 16.6 20.5 17:02 13.2 23:51 1.7 0.0 0.0 8.2 46.7 01:57 NNW 14 12.4 15.7 10:51 8.5 23:55 5.9 0.0 15.5 6.7 37.0 08:48 ESE 15 12.8 18.1 16:06 8.3 00:07 5.5 0.0 0.0 4.2 24.1 10:02 NNE 16 14.9 18.2 14:28 11.5 00:46 3.4 0.0 0.0 7.1 35.4 11:34 NNW 17 15.4 20.1 16:29 10.9 06:35 2.9 0.0 0.0 6.9 29.0 16:43 NW 18 14.9 17.4 17:30 12.0 06:32 3.4 0.0 0.0 6.7 24.1 14:04 W 19 15.4 19.7 15:10 11.1 01:52 2.9 0.0 0.0 5.2 22.5 12:33 W 20 16.8 20.8 16:12 12.0 06:51 1.5 0.0 0.0 5.8 22.5 10:52 WNW 21 15.5 20.3 17:38 11.1 05:50 2.8 0.0 0.0 7.4 20.9 11:04 NW 22 16.0 20.4 16:20 10.5 05:02 2.3 0.0 0.0 7.2 19.3 04:56 NW 23 14.1 15.8 00:00 13.1 06:54 4.2 0.0 3.1 2.9 17.7 04:10 N 24 15.2 17.7 14:52 13.4 03:40 3.1 0.0 0.7 3.7 22.5 13:29 WSW 25 19.0 23.3 16:46 13.9 02:27 0.0 0.7 0.0 6.4 32.2 15:58 N 26 19.6 23.3 13:48 16.0 22:46 0.0 1.3 0.0 6.4 29.0 11:29 NNE 27 18.3 21.7 12:39 15.3 02:06 0.0 0.0 0.0 6.5 35.4 10:47 NNW 28 16.6 18.8 16:07 15.1 22:47 1.7 0.0 0.8 6.2 33.8 03:15 N 29 16.2 19.6 15:35 14.3 03:19 2.1 0.0 0.0 5.1 22.5 12:32 N 30 16.8 20.7 15:01 13.8 01:50 1.5 0.0 0.0 10.1 51.5 16:14 NNW ---------------------------------------------------------------------------------- 15.7 23.3 25 8.3 15 81.0 2.0 20.1 5.9 51.5 30 NW Max >= 27.0: 0 Max <= 5.0: 0 Min <= 20.0: 30 Min <= 0.0: 0 Max Rain: 15.5 on day 14 Days of Rain: 4 (>= 0.2 mm) 2 (>= 2.0 mm) 0 (>= 20.0 mm) Heat Base: 18.3 Cool Base: 18.3 Method: Integration