Rapporti Climatici in stile NOAA
Selezionare un Anno o un Mese
2024: Gen Feb Mar Apr Mag Giu Lug Ago Set Ott Nov Dic
2023: Gen Feb Mar Apr Mag Giu Lug Ago Set Ott Nov Dic
2022: Gen Feb Mar Apr Mag Giu Lug Ago Set Ott Nov Dic
2021: Gen Feb Mar Apr Mag Giu Lug Ago Set Ott Nov Dic
2020: Gen Feb Mar Apr Mag Giu Lug Ago Set Ott Nov Dic
2019: Gen Feb Mar Apr Mag Giu Lug Ago Set Ott Nov Dic
2018: Gen Feb Mar Apr Mag Giu Lug Ago Set Ott Nov Dic
2017: Gen Feb Mar Apr Mag Giu Lug Ago Set Ott Nov Dic
2016: Gen Feb Mar Apr Mag Giu Lug Ago Set Ott Nov Dic
2015: Gen Feb Mar Apr Mag Giu Lug Ago Set Ott Nov Dic
2014: Gen Feb Mar Apr Mag Giu Lug Ago Set Ott Nov Dic
2013: Gen Feb Mar Apr Mag Giu Lug Ago Set Ott Nov Dic
2012: Gen Feb Mar Apr Mag Giu Lug Ago Set Ott Nov Dic
2011: Gen Feb Mar Apr Mag Giu Lug Ago Set Ott Nov Dic
2010: Gen Feb Mar Apr Mag Giu Lug Ago Set Ott Nov Dic
2009: Gen Feb Mar Apr Mag Giu Lug Ago Set Ott Nov Dic
2008: Gen Feb Mar Apr Mag Giu Lug Ago Set Ott Nov Dic
2007: Gen Feb Mar Apr Mag Giu Lug Ago Set Ott Nov Dic
2006: Gen Feb Mar Apr Mag Giu Lug Ago Set Ott Nov Dic
2024: Gen Feb Mar Apr Mag Giu Lug Ago Set Ott Nov Dic
2023: Gen Feb Mar Apr Mag Giu Lug Ago Set Ott Nov Dic
2022: Gen Feb Mar Apr Mag Giu Lug Ago Set Ott Nov Dic
2021: Gen Feb Mar Apr Mag Giu Lug Ago Set Ott Nov Dic
2020: Gen Feb Mar Apr Mag Giu Lug Ago Set Ott Nov Dic
2019: Gen Feb Mar Apr Mag Giu Lug Ago Set Ott Nov Dic
2018: Gen Feb Mar Apr Mag Giu Lug Ago Set Ott Nov Dic
2017: Gen Feb Mar Apr Mag Giu Lug Ago Set Ott Nov Dic
2016: Gen Feb Mar Apr Mag Giu Lug Ago Set Ott Nov Dic
2015: Gen Feb Mar Apr Mag Giu Lug Ago Set Ott Nov Dic
2014: Gen Feb Mar Apr Mag Giu Lug Ago Set Ott Nov Dic
2013: Gen Feb Mar Apr Mag Giu Lug Ago Set Ott Nov Dic
2012: Gen Feb Mar Apr Mag Giu Lug Ago Set Ott Nov Dic
2011: Gen Feb Mar Apr Mag Giu Lug Ago Set Ott Nov Dic
2010: Gen Feb Mar Apr Mag Giu Lug Ago Set Ott Nov Dic
2009: Gen Feb Mar Apr Mag Giu Lug Ago Set Ott Nov Dic
2008: Gen Feb Mar Apr Mag Giu Lug Ago Set Ott Nov Dic
2007: Gen Feb Mar Apr Mag Giu Lug Ago Set Ott Nov Dic
2006: Gen Feb Mar Apr Mag Giu Lug Ago Set Ott Nov Dic
Archivio 2011 Marzo
Monthly Climatological Summary for mar 2011 Name: San Fruttuoso City: Genova State: Italy Elevation: 70 m Lat: N 44° 24' 34" Lon: E 008° 57' 38" Temperature (°C), Rain (mm), Wind Speed (km/h) Heat Cool Avg Mean Deg Deg Wind Dom Day Temp High Time Low Time Days Days Rain Speed High Time Dir ---------------------------------------------------------------------------------- 1 9.2 10.7 17:59 7.5 01:08 9.1 0.0 0.0 8.7 48.3 11:02 NNW 2 8.6 10.1 00:20 6.3 23:53 9.7 0.0 0.0 5.6 38.6 13:10 NE 3 4.6 6.7 01:47 3.0 23:50 13.7 0.0 12.2 10.7 45.1 07:56 N 4 5.9 8.8 15:05 3.1 00:00 12.4 0.0 1.0 11.0 43.5 12:21 NNE 5 9.8 12.6 15:21 6.5 06:44 8.5 0.0 0.0 7.3 33.8 12:53 NNE 6 11.2 14.4 15:09 6.8 07:20 7.1 0.0 0.0 5.1 19.3 13:28 NW 7 8.1 11.3 16:23 6.1 23:10 10.2 0.0 0.0 10.8 45.1 14:40 NNW 8 7.4 10.7 15:39 4.5 05:18 10.9 0.0 0.0 6.8 22.5 12:22 NNE 9 7.2 10.4 14:30 2.9 06:35 11.1 0.0 0.0 6.1 22.5 01:56 WNW 10 7.9 10.3 13:47 4.2 04:18 10.4 0.0 0.0 7.1 24.1 12:26 NNW 11 10.2 11.2 15:35 8.8 04:58 8.1 0.0 0.0 4.4 24.1 13:14 ESE 12 10.3 12.2 13:33 8.3 23:54 8.0 0.0 9.7 4.3 27.4 10:15 ENE 13 8.5 9.4 07:13 8.1 11:46 9.8 0.0 38.8 7.9 35.4 20:41 N 14 11.0 15.1 15:00 8.7 02:22 7.3 0.0 3.3 6.1 37.0 00:36 NNE 15 11.1 12.4 11:45 10.0 01:28 7.2 0.0 27.2 8.3 30.6 19:57 NNE 16 11.5 12.8 00:18 10.6 09:39 6.8 0.0 29.0 3.9 24.1 00:14 NNE 17 11.9 13.7 13:27 10.4 23:15 6.4 0.0 0.5 4.6 25.7 09:26 SE 18 12.5 15.6 14:35 9.3 02:47 5.8 0.0 0.0 6.1 25.7 12:07 E 19 12.3 14.6 13:12 9.8 03:38 6.0 0.0 4.6 5.1 33.8 20:13 WNW 20 12.9 17.8 16:07 9.7 23:47 5.4 0.0 0.7 5.1 33.8 10:54 N 21 11.6 15.3 14:46 7.8 03:28 6.7 0.0 0.0 6.1 27.4 13:40 N 22 13.0 16.7 16:27 9.3 05:53 5.3 0.0 0.0 7.5 46.7 14:28 NNW 23 14.0 18.4 11:03 10.6 23:59 4.3 0.0 0.0 5.4 29.0 07:05 NNE 24 13.7 19.2 16:10 8.4 06:38 4.6 0.0 0.0 4.4 17.7 14:40 WNW 25 12.4 15.2 14:29 8.6 06:49 5.9 0.0 0.0 7.6 29.0 13:09 SE 26 12.6 14.8 12:32 10.4 05:24 5.7 0.0 0.0 7.3 33.8 11:18 SE 27 12.4 13.8 13:08 11.6 18:20 5.9 0.0 6.9 7.5 30.6 12:35 SE 28 13.1 15.0 16:47 11.8 04:32 5.2 0.0 3.5 4.3 37.0 03:17 N 29 13.6 17.0 14:25 10.6 06:21 4.7 0.0 0.0 5.7 20.9 10:26 NNW 30 12.7 16.1 17:05 9.3 06:05 5.6 0.0 0.0 5.8 19.3 11:50 NW 31 13.1 16.3 15:38 9.4 05:06 5.2 0.0 0.0 6.3 17.7 14:42 WNW ---------------------------------------------------------------------------------- 10.8 19.2 24 2.9 9 233.0 0.0 137.4 6.5 48.3 1 N Max >= 27.0: 0 Max <= 5.0: 0 Min <= 20.0: 31 Min <= 0.0: 0 Max Rain: 38.8 on day 13 Days of Rain: 12 (>= 0.2 mm) 9 (>= 2.0 mm) 3 (>= 20.0 mm) Heat Base: 18.3 Cool Base: 18.3 Method: Integration