Rapporti Climatici in stile NOAA
Selezionare un Anno o un Mese
2024: Gen Feb Mar Apr Mag Giu Lug Ago Set Ott Nov Dic
2023: Gen Feb Mar Apr Mag Giu Lug Ago Set Ott Nov Dic
2022: Gen Feb Mar Apr Mag Giu Lug Ago Set Ott Nov Dic
2021: Gen Feb Mar Apr Mag Giu Lug Ago Set Ott Nov Dic
2020: Gen Feb Mar Apr Mag Giu Lug Ago Set Ott Nov Dic
2019: Gen Feb Mar Apr Mag Giu Lug Ago Set Ott Nov Dic
2018: Gen Feb Mar Apr Mag Giu Lug Ago Set Ott Nov Dic
2017: Gen Feb Mar Apr Mag Giu Lug Ago Set Ott Nov Dic
2016: Gen Feb Mar Apr Mag Giu Lug Ago Set Ott Nov Dic
2015: Gen Feb Mar Apr Mag Giu Lug Ago Set Ott Nov Dic
2014: Gen Feb Mar Apr Mag Giu Lug Ago Set Ott Nov Dic
2013: Gen Feb Mar Apr Mag Giu Lug Ago Set Ott Nov Dic
2012: Gen Feb Mar Apr Mag Giu Lug Ago Set Ott Nov Dic
2011: Gen Feb Mar Apr Mag Giu Lug Ago Set Ott Nov Dic
2010: Gen Feb Mar Apr Mag Giu Lug Ago Set Ott Nov Dic
2009: Gen Feb Mar Apr Mag Giu Lug Ago Set Ott Nov Dic
2008: Gen Feb Mar Apr Mag Giu Lug Ago Set Ott Nov Dic
2007: Gen Feb Mar Apr Mag Giu Lug Ago Set Ott Nov Dic
2006: Gen Feb Mar Apr Mag Giu Lug Ago Set Ott Nov Dic
2024: Gen Feb Mar Apr Mag Giu Lug Ago Set Ott Nov Dic
2023: Gen Feb Mar Apr Mag Giu Lug Ago Set Ott Nov Dic
2022: Gen Feb Mar Apr Mag Giu Lug Ago Set Ott Nov Dic
2021: Gen Feb Mar Apr Mag Giu Lug Ago Set Ott Nov Dic
2020: Gen Feb Mar Apr Mag Giu Lug Ago Set Ott Nov Dic
2019: Gen Feb Mar Apr Mag Giu Lug Ago Set Ott Nov Dic
2018: Gen Feb Mar Apr Mag Giu Lug Ago Set Ott Nov Dic
2017: Gen Feb Mar Apr Mag Giu Lug Ago Set Ott Nov Dic
2016: Gen Feb Mar Apr Mag Giu Lug Ago Set Ott Nov Dic
2015: Gen Feb Mar Apr Mag Giu Lug Ago Set Ott Nov Dic
2014: Gen Feb Mar Apr Mag Giu Lug Ago Set Ott Nov Dic
2013: Gen Feb Mar Apr Mag Giu Lug Ago Set Ott Nov Dic
2012: Gen Feb Mar Apr Mag Giu Lug Ago Set Ott Nov Dic
2011: Gen Feb Mar Apr Mag Giu Lug Ago Set Ott Nov Dic
2010: Gen Feb Mar Apr Mag Giu Lug Ago Set Ott Nov Dic
2009: Gen Feb Mar Apr Mag Giu Lug Ago Set Ott Nov Dic
2008: Gen Feb Mar Apr Mag Giu Lug Ago Set Ott Nov Dic
2007: Gen Feb Mar Apr Mag Giu Lug Ago Set Ott Nov Dic
2006: Gen Feb Mar Apr Mag Giu Lug Ago Set Ott Nov Dic
Archivio 2011 Febbraio
Monthly Climatological Summary for feb 2011 Name: San Fruttuoso City: Genova State: Italy Elevation: 70 m Lat: N 44° 24' 34" Lon: E 008° 57' 38" Temperature (°C), Rain (mm), Wind Speed (km/h) Heat Cool Avg Mean Deg Deg Wind Dom Day Temp High Time Low Time Days Days Rain Speed High Time Dir ---------------------------------------------------------------------------------- 1 8.1 10.7 14:59 5.7 08:41 10.2 0.0 0.0 10.8 43.5 11:33 NNE 2 9.8 13.8 15:56 7.8 08:00 8.5 0.0 0.0 8.7 37.0 01:12 NNE 3 9.9 13.9 14:51 6.8 05:12 8.4 0.0 0.0 8.5 41.8 18:32 NNE 4 10.9 14.1 15:37 7.6 06:20 7.4 0.0 0.0 5.7 25.7 08:39 N 5 9.7 13.6 13:01 5.5 06:30 8.6 0.0 0.0 5.8 17.7 06:56 NNW 6 9.6 12.8 13:59 6.2 07:26 8.7 0.0 0.0 6.1 16.1 07:54 NW 7 9.8 11.3 14:50 7.8 06:35 8.5 0.0 0.0 4.5 14.5 07:10 NW 8 10.6 12.0 13:25 9.3 05:33 7.7 0.0 0.0 4.6 19.3 11:51 S 9 9.8 12.0 14:50 5.7 07:41 8.5 0.0 0.0 5.2 17.7 08:10 WNW 10 11.0 12.1 15:25 10.1 03:13 7.3 0.0 0.0 3.7 19.3 16:52 SE 11 11.3 12.1 22:56 10.8 02:44 7.0 0.0 0.0 6.3 29.0 13:35 SSE 12 12.0 12.8 12:02 11.3 23:51 6.3 0.0 0.5 6.4 24.1 02:28 SSE 13 11.3 12.7 12:57 10.2 06:07 7.0 0.0 2.3 6.0 24.1 13:24 SE 14 10.6 11.7 01:57 9.8 12:10 7.7 0.0 2.5 4.1 30.6 02:06 SW 15 10.3 10.9 06:40 9.1 01:37 8.0 0.0 32.5 9.2 48.3 17:01 ESE 16 7.7 9.3 00:00 6.7 23:23 10.6 0.0 19.8 7.0 32.2 13:37 N 17 8.5 11.4 13:10 6.6 02:07 9.8 0.0 4.1 5.4 29.0 23:55 N 18 10.6 13.3 15:34 8.4 01:43 7.7 0.0 0.3 10.8 48.3 11:42 NNW 19 12.3 17.0 13:21 9.9 23:33 6.0 0.0 0.0 7.3 38.6 02:53 N 20 9.6 11.2 10:16 7.9 21:45 8.7 0.0 5.6 4.3 29.0 23:30 NNW 21 9.6 13.6 15:14 7.4 07:12 8.7 0.0 0.0 7.8 32.2 00:18 NNW 22 8.0 10.9 15:02 6.2 23:35 10.3 0.0 12.1 6.8 30.6 02:07 N 23 7.4 12.7 15:57 4.3 06:42 10.9 0.0 0.0 8.9 41.8 10:30 NNW 24 7.9 12.1 16:19 4.2 05:09 10.4 0.0 0.0 5.8 22.5 15:20 NNW 25 8.2 11.2 15:12 4.3 04:26 10.1 0.0 0.0 6.1 20.9 11:04 NNE 26 7.5 10.3 13:26 4.2 07:04 10.8 0.0 0.0 8.5 40.2 05:48 N 27 6.7 9.6 14:15 4.3 06:59 11.6 0.0 5.1 7.7 37.0 19:59 N 28 6.7 9.2 15:02 4.3 04:35 11.6 0.0 0.0 8.4 35.4 03:26 N ---------------------------------------------------------------------------------- 9.5 17.0 19 4.2 24 247.0 0.0 84.8 6.8 48.3 15 N Max >= 27.0: 0 Max <= 5.0: 0 Min <= 20.0: 28 Min <= 0.0: 0 Max Rain: 32.5 on day 15 Days of Rain: 10 (>= 0.2 mm) 8 (>= 2.0 mm) 1 (>= 20.0 mm) Heat Base: 18.3 Cool Base: 18.3 Method: Integration