Rapporti Climatici in stile NOAA
Selezionare un Anno o un Mese
2024: Gen Feb Mar Apr Mag Giu Lug Ago Set Ott Nov Dic
2023: Gen Feb Mar Apr Mag Giu Lug Ago Set Ott Nov Dic
2022: Gen Feb Mar Apr Mag Giu Lug Ago Set Ott Nov Dic
2021: Gen Feb Mar Apr Mag Giu Lug Ago Set Ott Nov Dic
2020: Gen Feb Mar Apr Mag Giu Lug Ago Set Ott Nov Dic
2019: Gen Feb Mar Apr Mag Giu Lug Ago Set Ott Nov Dic
2018: Gen Feb Mar Apr Mag Giu Lug Ago Set Ott Nov Dic
2017: Gen Feb Mar Apr Mag Giu Lug Ago Set Ott Nov Dic
2016: Gen Feb Mar Apr Mag Giu Lug Ago Set Ott Nov Dic
2015: Gen Feb Mar Apr Mag Giu Lug Ago Set Ott Nov Dic
2014: Gen Feb Mar Apr Mag Giu Lug Ago Set Ott Nov Dic
2013: Gen Feb Mar Apr Mag Giu Lug Ago Set Ott Nov Dic
2012: Gen Feb Mar Apr Mag Giu Lug Ago Set Ott Nov Dic
2011: Gen Feb Mar Apr Mag Giu Lug Ago Set Ott Nov Dic
2010: Gen Feb Mar Apr Mag Giu Lug Ago Set Ott Nov Dic
2009: Gen Feb Mar Apr Mag Giu Lug Ago Set Ott Nov Dic
2008: Gen Feb Mar Apr Mag Giu Lug Ago Set Ott Nov Dic
2007: Gen Feb Mar Apr Mag Giu Lug Ago Set Ott Nov Dic
2006: Gen Feb Mar Apr Mag Giu Lug Ago Set Ott Nov Dic
2024: Gen Feb Mar Apr Mag Giu Lug Ago Set Ott Nov Dic
2023: Gen Feb Mar Apr Mag Giu Lug Ago Set Ott Nov Dic
2022: Gen Feb Mar Apr Mag Giu Lug Ago Set Ott Nov Dic
2021: Gen Feb Mar Apr Mag Giu Lug Ago Set Ott Nov Dic
2020: Gen Feb Mar Apr Mag Giu Lug Ago Set Ott Nov Dic
2019: Gen Feb Mar Apr Mag Giu Lug Ago Set Ott Nov Dic
2018: Gen Feb Mar Apr Mag Giu Lug Ago Set Ott Nov Dic
2017: Gen Feb Mar Apr Mag Giu Lug Ago Set Ott Nov Dic
2016: Gen Feb Mar Apr Mag Giu Lug Ago Set Ott Nov Dic
2015: Gen Feb Mar Apr Mag Giu Lug Ago Set Ott Nov Dic
2014: Gen Feb Mar Apr Mag Giu Lug Ago Set Ott Nov Dic
2013: Gen Feb Mar Apr Mag Giu Lug Ago Set Ott Nov Dic
2012: Gen Feb Mar Apr Mag Giu Lug Ago Set Ott Nov Dic
2011: Gen Feb Mar Apr Mag Giu Lug Ago Set Ott Nov Dic
2010: Gen Feb Mar Apr Mag Giu Lug Ago Set Ott Nov Dic
2009: Gen Feb Mar Apr Mag Giu Lug Ago Set Ott Nov Dic
2008: Gen Feb Mar Apr Mag Giu Lug Ago Set Ott Nov Dic
2007: Gen Feb Mar Apr Mag Giu Lug Ago Set Ott Nov Dic
2006: Gen Feb Mar Apr Mag Giu Lug Ago Set Ott Nov Dic
Archivio 2010 Settembre
MONTHLY CLIMATOLOGICAL SUMMARY for SEP. 2010 NAME: SanFruttuoso CITY: Genova STATE: Italy ELEV: 70 m LAT: 44° 24' 34" N LONG: 8° 57' 38" E TEMPERATURE (°C), RAIN (mm), WIND SPEED (km/hr) HEAT COOL AVG MEAN DEG DEG WIND DOM DAY TEMP HIGH TIME LOW TIME DAYS DAYS RAIN SPEED HIGH TIME DIR ------------------------------------------------------------------------------------ 1 20.8 24.2 14:23 17.3 6:28 0.0 2.5 0.0 6.8 22.5 11:58 NNW 2 20.0 24.0 16:37 15.6 5:27 0.6 2.3 0.0 8.0 22.5 11:31 NNW 3 23.1 27.3 16:23 18.1 5:20 0.0 4.8 0.0 5.6 27.4 6:44 NNW 4 22.7 25.8 11:09 19.6 23:53 0.0 4.4 0.0 6.0 24.1 1:04 NNW 5 21.6 24.9 13:24 17.8 4:56 0.0 3.3 0.0 7.6 29.0 12:38 NNW 6 21.9 24.7 13:43 18.5 5:16 0.0 3.6 0.0 6.1 27.4 11:29 NNW 7 22.3 24.1 13:08 17.3 22:43 0.0 4.1 132.3 10.1 59.5 21:44 SE 8 20.3 23.2 13:01 17.2 7:47 0.0 2.0 10.2 6.4 38.6 7:34 NNW 9 20.4 25.0 12:16 16.4 23:26 0.2 2.4 0.3 4.7 33.8 13:13 NNW 10 21.2 26.5 16:24 16.9 0:01 0.1 3.0 0.0 8.0 41.8 11:48 NNW 11 21.3 26.6 15:26 16.1 4:03 0.4 3.4 0.0 7.2 22.5 7:25 NNW 12 20.7 24.5 12:42 16.9 6:52 0.2 2.5 0.0 7.2 19.3 14:35 NNW 13 21.9 26.8 15:43 17.2 5:38 0.2 3.8 0.0 6.4 35.4 15:00 NNW 14 22.6 27.4 15:54 18.9 5:10 0.0 4.2 0.0 6.8 35.4 5:58 NNW 15 21.1 24.4 13:11 17.1 6:14 0.1 2.9 0.0 10.0 33.8 11:13 NNW 16 22.2 24.6 12:31 20.8 1:31 0.0 3.9 0.0 9.8 38.6 20:14 SE 17 21.5 22.4 1:00 21.1 11:41 0.0 3.2 1.8 11.9 38.6 4:15 SE 18 20.5 21.7 14:20 18.4 22:47 0.0 2.2 18.5 9.3 37.0 14:55 SE 19 20.1 24.7 16:03 16.8 6:08 0.3 2.1 5.3 6.6 45.1 11:01 NNW 20 19.8 23.4 14:27 16.6 5:43 0.3 1.9 0.0 6.6 24.1 11:51 NNW 21 21.0 23.8 14:09 18.8 0:01 0.0 2.7 0.0 4.0 19.3 12:03 NNW 22 22.1 25.8 15:58 18.7 6:52 0.0 3.8 0.0 7.1 33.8 9:50 NNW 23 21.1 24.5 12:11 17.6 23:51 0.0 2.8 0.0 6.8 25.7 4:02 NNW 24 18.9 22.4 10:12 16.1 5:55 0.7 1.3 33.0 6.1 22.5 12:09 NNW 25 17.5 21.1 12:44 14.2 23:37 1.4 0.6 0.3 8.4 38.6 0:11 NNW 26 18.6 22.6 13:57 14.4 0:01 0.6 0.9 0.0 6.8 35.4 15:02 NNW 27 16.6 20.8 13:13 12.7 21:00 2.0 0.3 18.8 6.4 30.6 14:10 NNW 28 15.1 19.1 16:40 13.1 3:19 3.2 0.0 6.1 5.6 32.2 12:02 NNW 29 16.4 20.8 15:21 11.9 6:32 2.4 0.6 0.0 7.1 19.3 12:06 NNW 30 17.3 20.2 13:03 14.3 0:25 1.4 0.4 0.0 7.2 24.1 13:54 NNW ------------------------------------------------------------------------------------- 20.4 27.4 14 11.9 29 14.4 76.0 226.6 7.2 59.5 7 NNW Max >= 32.0: 0 Max <= 0.0: 0 Min <= 0.0: 0 Min <= -18.0: 0 Max Rain: 132.33 ON 07/09/10 Days of Rain: 10 (> .2 mm) 7 (> 2 mm) 2 (> 20 mm) Heat Base: 18.3 Cool Base: 18.3 Method: Integration