Rapporti Climatici in stile NOAA
Selezionare un Anno o un Mese
2024: Gen Feb Mar Apr Mag Giu Lug Ago Set Ott Nov Dic
2023: Gen Feb Mar Apr Mag Giu Lug Ago Set Ott Nov Dic
2022: Gen Feb Mar Apr Mag Giu Lug Ago Set Ott Nov Dic
2021: Gen Feb Mar Apr Mag Giu Lug Ago Set Ott Nov Dic
2020: Gen Feb Mar Apr Mag Giu Lug Ago Set Ott Nov Dic
2019: Gen Feb Mar Apr Mag Giu Lug Ago Set Ott Nov Dic
2018: Gen Feb Mar Apr Mag Giu Lug Ago Set Ott Nov Dic
2017: Gen Feb Mar Apr Mag Giu Lug Ago Set Ott Nov Dic
2016: Gen Feb Mar Apr Mag Giu Lug Ago Set Ott Nov Dic
2015: Gen Feb Mar Apr Mag Giu Lug Ago Set Ott Nov Dic
2014: Gen Feb Mar Apr Mag Giu Lug Ago Set Ott Nov Dic
2013: Gen Feb Mar Apr Mag Giu Lug Ago Set Ott Nov Dic
2012: Gen Feb Mar Apr Mag Giu Lug Ago Set Ott Nov Dic
2011: Gen Feb Mar Apr Mag Giu Lug Ago Set Ott Nov Dic
2010: Gen Feb Mar Apr Mag Giu Lug Ago Set Ott Nov Dic
2009: Gen Feb Mar Apr Mag Giu Lug Ago Set Ott Nov Dic
2008: Gen Feb Mar Apr Mag Giu Lug Ago Set Ott Nov Dic
2007: Gen Feb Mar Apr Mag Giu Lug Ago Set Ott Nov Dic
2006: Gen Feb Mar Apr Mag Giu Lug Ago Set Ott Nov Dic
2024: Gen Feb Mar Apr Mag Giu Lug Ago Set Ott Nov Dic
2023: Gen Feb Mar Apr Mag Giu Lug Ago Set Ott Nov Dic
2022: Gen Feb Mar Apr Mag Giu Lug Ago Set Ott Nov Dic
2021: Gen Feb Mar Apr Mag Giu Lug Ago Set Ott Nov Dic
2020: Gen Feb Mar Apr Mag Giu Lug Ago Set Ott Nov Dic
2019: Gen Feb Mar Apr Mag Giu Lug Ago Set Ott Nov Dic
2018: Gen Feb Mar Apr Mag Giu Lug Ago Set Ott Nov Dic
2017: Gen Feb Mar Apr Mag Giu Lug Ago Set Ott Nov Dic
2016: Gen Feb Mar Apr Mag Giu Lug Ago Set Ott Nov Dic
2015: Gen Feb Mar Apr Mag Giu Lug Ago Set Ott Nov Dic
2014: Gen Feb Mar Apr Mag Giu Lug Ago Set Ott Nov Dic
2013: Gen Feb Mar Apr Mag Giu Lug Ago Set Ott Nov Dic
2012: Gen Feb Mar Apr Mag Giu Lug Ago Set Ott Nov Dic
2011: Gen Feb Mar Apr Mag Giu Lug Ago Set Ott Nov Dic
2010: Gen Feb Mar Apr Mag Giu Lug Ago Set Ott Nov Dic
2009: Gen Feb Mar Apr Mag Giu Lug Ago Set Ott Nov Dic
2008: Gen Feb Mar Apr Mag Giu Lug Ago Set Ott Nov Dic
2007: Gen Feb Mar Apr Mag Giu Lug Ago Set Ott Nov Dic
2006: Gen Feb Mar Apr Mag Giu Lug Ago Set Ott Nov Dic
Archivio 2010 Agosto
MONTHLY CLIMATOLOGICAL SUMMARY for AUG. 2010 NAME: SanFruttuoso CITY: Genova STATE: Italy ELEV: 70 m LAT: 44° 24' 34" N LONG: 8° 57' 38" E TEMPERATURE (°C), RAIN (mm), WIND SPEED (km/hr) HEAT COOL AVG MEAN DEG DEG WIND DOM DAY TEMP HIGH TIME LOW TIME DAYS DAYS RAIN SPEED HIGH TIME DIR ------------------------------------------------------------------------------------ 1 22.8 26.2 17:08 18.4 5:27 0.0 4.5 0.0 8.0 24.1 12:16 NNW 2 23.1 26.1 15:47 19.2 4:26 0.0 4.8 0.0 7.9 24.1 12:04 NNW 3 24.4 26.5 15:44 22.4 4:55 0.0 6.1 0.0 6.4 33.8 11:59 SE 4 24.6 29.9 14:14 20.1 5:05 0.0 6.3 1.0 6.6 35.4 10:12 NNW 5 21.1 24.3 17:02 17.8 5:30 0.0 2.8 44.5 7.6 48.3 3:08 NNW 6 23.6 28.6 15:23 20.2 23:58 0.0 5.3 0.0 9.3 35.4 10:10 NW 7 22.3 25.7 14:29 17.9 5:59 0.0 4.0 0.0 8.5 32.2 14:21 NNW 8 22.3 25.4 11:36 18.3 5:00 0.0 4.1 0.0 8.9 30.6 11:56 NNW 9 23.2 25.6 16:40 20.4 6:16 0.0 4.9 0.0 6.1 22.5 9:55 NNW 10 23.4 26.1 13:32 20.2 5:33 0.0 5.1 0.0 6.1 20.9 14:31 NNW 11 23.7 25.9 12:46 20.7 4:14 0.0 5.4 0.0 6.6 22.5 12:47 NNW 12 24.1 25.8 13:14 22.6 23:51 0.0 5.7 0.0 6.4 30.6 8:37 SSE 13 21.5 24.7 12:30 17.8 8:31 0.0 3.2 41.9 6.1 32.2 3:42 NNW 14 19.7 21.7 6:32 18.7 8:26 0.0 1.4 16.5 5.1 32.2 21:53 NNW 15 22.0 24.1 12:07 18.4 4:51 0.0 3.7 0.3 12.9 40.2 17:01 SSE 16 21.8 23.7 17:28 19.1 6:38 0.0 3.6 0.0 6.8 38.6 12:51 SE 17 21.7 24.8 10:47 18.8 6:12 0.0 3.4 0.0 8.4 41.8 12:07 NNW 18 22.4 24.6 13:56 20.9 1:20 0.0 4.1 0.0 7.4 32.2 12:34 SE 19 22.8 24.3 11:54 21.6 3:26 0.0 4.5 0.0 8.2 35.4 12:03 SE 20 23.5 27.3 16:52 20.8 5:01 0.0 5.2 1.0 3.9 25.7 23:21 NNW 21 27.5 31.3 16:24 23.9 5:35 0.0 9.2 0.0 7.9 30.6 12:00 N 22 27.4 31.0 11:23 23.8 23:51 0.0 9.1 0.0 6.0 29.0 2:27 NNW 23 23.2 25.6 10:24 20.9 5:34 0.0 4.9 0.0 9.2 29.0 11:43 NNW 24 23.8 25.3 14:39 22.9 0:01 0.0 5.5 0.0 8.5 29.0 11:44 SE 25 24.6 26.3 13:22 22.3 00:00 0.0 6.3 0.0 6.1 29.0 10:43 SSE 26 23.6 26.1 9:25 20.7 5:58 0.0 5.3 0.0 6.6 24.1 13:57 NNW 27 23.9 25.3 14:03 23.1 0:14 0.0 5.6 0.3 12.6 43.5 14:04 SE 28 24.6 26.6 14:04 22.3 6:58 0.0 6.3 0.3 5.5 30.6 13:14 NNW 29 22.8 27.1 13:32 19.2 6:22 0.0 4.5 0.0 8.0 45.1 8:19 NNW 30 22.7 26.5 16:39 18.1 6:09 0.0 4.4 0.0 9.2 48.3 13:05 NNW 31 22.1 27.1 15:31 18.3 5:28 0.0 3.8 0.0 8.2 45.1 12:11 NNW ------------------------------------------------------------------------------------- 23.2 31.3 21 17.8 5 0.0 152.9 105.7 7.6 48.3 5 NNW Max >= 32.0: 0 Max <= 0.0: 0 Min <= 0.0: 0 Min <= -18.0: 0 Max Rain: 44.45 ON 05/08/10 Days of Rain: 8 (> .2 mm) 3 (> 2 mm) 2 (> 20 mm) Heat Base: 18.3 Cool Base: 18.3 Method: Integration