Rapporti Climatici in stile NOAA
Selezionare un Anno o un Mese
2024: Gen Feb Mar Apr Mag Giu Lug Ago Set Ott Nov Dic
2023: Gen Feb Mar Apr Mag Giu Lug Ago Set Ott Nov Dic
2022: Gen Feb Mar Apr Mag Giu Lug Ago Set Ott Nov Dic
2021: Gen Feb Mar Apr Mag Giu Lug Ago Set Ott Nov Dic
2020: Gen Feb Mar Apr Mag Giu Lug Ago Set Ott Nov Dic
2019: Gen Feb Mar Apr Mag Giu Lug Ago Set Ott Nov Dic
2018: Gen Feb Mar Apr Mag Giu Lug Ago Set Ott Nov Dic
2017: Gen Feb Mar Apr Mag Giu Lug Ago Set Ott Nov Dic
2016: Gen Feb Mar Apr Mag Giu Lug Ago Set Ott Nov Dic
2015: Gen Feb Mar Apr Mag Giu Lug Ago Set Ott Nov Dic
2014: Gen Feb Mar Apr Mag Giu Lug Ago Set Ott Nov Dic
2013: Gen Feb Mar Apr Mag Giu Lug Ago Set Ott Nov Dic
2012: Gen Feb Mar Apr Mag Giu Lug Ago Set Ott Nov Dic
2011: Gen Feb Mar Apr Mag Giu Lug Ago Set Ott Nov Dic
2010: Gen Feb Mar Apr Mag Giu Lug Ago Set Ott Nov Dic
2009: Gen Feb Mar Apr Mag Giu Lug Ago Set Ott Nov Dic
2008: Gen Feb Mar Apr Mag Giu Lug Ago Set Ott Nov Dic
2007: Gen Feb Mar Apr Mag Giu Lug Ago Set Ott Nov Dic
2006: Gen Feb Mar Apr Mag Giu Lug Ago Set Ott Nov Dic
2024: Gen Feb Mar Apr Mag Giu Lug Ago Set Ott Nov Dic
2023: Gen Feb Mar Apr Mag Giu Lug Ago Set Ott Nov Dic
2022: Gen Feb Mar Apr Mag Giu Lug Ago Set Ott Nov Dic
2021: Gen Feb Mar Apr Mag Giu Lug Ago Set Ott Nov Dic
2020: Gen Feb Mar Apr Mag Giu Lug Ago Set Ott Nov Dic
2019: Gen Feb Mar Apr Mag Giu Lug Ago Set Ott Nov Dic
2018: Gen Feb Mar Apr Mag Giu Lug Ago Set Ott Nov Dic
2017: Gen Feb Mar Apr Mag Giu Lug Ago Set Ott Nov Dic
2016: Gen Feb Mar Apr Mag Giu Lug Ago Set Ott Nov Dic
2015: Gen Feb Mar Apr Mag Giu Lug Ago Set Ott Nov Dic
2014: Gen Feb Mar Apr Mag Giu Lug Ago Set Ott Nov Dic
2013: Gen Feb Mar Apr Mag Giu Lug Ago Set Ott Nov Dic
2012: Gen Feb Mar Apr Mag Giu Lug Ago Set Ott Nov Dic
2011: Gen Feb Mar Apr Mag Giu Lug Ago Set Ott Nov Dic
2010: Gen Feb Mar Apr Mag Giu Lug Ago Set Ott Nov Dic
2009: Gen Feb Mar Apr Mag Giu Lug Ago Set Ott Nov Dic
2008: Gen Feb Mar Apr Mag Giu Lug Ago Set Ott Nov Dic
2007: Gen Feb Mar Apr Mag Giu Lug Ago Set Ott Nov Dic
2006: Gen Feb Mar Apr Mag Giu Lug Ago Set Ott Nov Dic
Archivio 2010 Luglio
MONTHLY CLIMATOLOGICAL SUMMARY for JUL. 2010 NAME: SanFruttuoso CITY: Genova STATE: Italy ELEV: 70 m LAT: 44° 24' 34" N LONG: 8° 57' 38" E TEMPERATURE (°C), RAIN (mm), WIND SPEED (km/hr) HEAT COOL AVG MEAN DEG DEG WIND DOM DAY TEMP HIGH TIME LOW TIME DAYS DAYS RAIN SPEED HIGH TIME DIR ------------------------------------------------------------------------------------ 1 25.6 29.5 13:05 20.6 5:17 0.0 7.3 0.0 7.6 19.3 1:53 NNW 2 25.7 29.7 16:47 21.4 5:33 0.0 7.4 0.0 6.6 17.7 0:48 NNW 3 25.8 30.4 18:52 21.3 4:50 0.0 7.5 0.0 6.8 22.5 10:34 NNW 4 24.7 27.1 15:46 22.0 5:06 0.0 6.4 0.0 7.4 29.0 14:09 NNW 5 25.0 27.1 17:55 22.4 4:27 0.0 6.7 0.0 5.1 20.9 11:13 NNW 6 25.3 27.5 13:59 22.7 5:18 0.0 7.0 0.0 5.5 22.5 12:46 NNW 7 26.3 29.5 11:49 22.2 5:36 0.0 8.0 0.0 5.8 22.5 10:26 NNW 8 26.5 28.3 16:32 24.9 2:25 0.0 8.2 0.0 5.6 20.9 12:26 NNW 9 26.8 30.3 9:57 23.6 5:55 0.0 8.5 0.0 5.8 27.4 11:01 NNW 10 27.2 29.9 15:14 23.9 5:21 0.0 8.9 0.0 5.1 22.5 11:54 NNW 11 27.4 29.9 16:21 24.9 5:41 0.0 9.1 0.0 5.1 20.9 13:23 NNW 12 26.8 28.7 15:08 24.6 3:24 0.0 8.5 0.0 6.8 25.7 11:47 SSE 13 26.8 28.7 15:50 25.4 23:56 0.0 8.5 0.0 7.9 33.8 16:06 SE 14 26.2 28.9 18:03 23.4 4:27 0.0 7.9 0.0 8.0 29.0 10:01 NNW 15 26.0 28.9 14:48 22.3 4:55 0.0 7.7 0.0 9.0 32.2 10:59 NNW 16 26.1 28.8 13:49 22.6 5:13 0.0 7.8 0.0 6.8 19.3 11:01 NNW 17 25.7 28.3 8:41 22.1 5:26 0.0 7.4 0.0 7.1 22.5 12:57 NNW 18 28.7 32.9 13:05 23.8 2:46 0.0 10.4 0.0 6.9 35.4 12:39 NNW 19 28.7 32.7 16:16 25.6 6:08 0.0 10.3 0.0 8.0 37.0 12:43 NNW 20 27.2 29.2 11:04 24.9 5:57 0.0 8.9 0.0 6.8 25.7 15:53 SSW 21 26.1 28.6 13:38 23.4 5:05 0.0 7.8 0.0 6.6 24.1 12:17 NNW 22 25.8 28.4 15:47 21.9 5:16 0.0 7.5 0.0 9.2 29.0 11:13 NNW 23 26.6 27.9 12:38 24.7 2:40 0.0 8.3 0.0 9.5 33.8 7:07 SE 24 26.8 30.9 16:10 23.4 5:02 0.0 8.5 0.0 11.6 57.9 12:04 NW 25 25.5 29.5 13:26 22.2 5:21 0.0 7.2 0.0 8.4 38.6 3:44 NNW 26 23.7 25.6 14:35 21.2 23:55 0.0 5.4 0.0 7.4 25.7 9:18 SSW 27 23.0 25.9 15:44 18.8 5:19 0.0 4.7 0.0 8.7 29.0 14:28 NNW 28 23.3 25.7 15:59 19.7 5:25 0.0 5.0 0.0 8.9 29.0 11:57 NNW 29 23.2 24.9 13:42 20.8 8:54 0.0 4.8 12.7 6.1 33.8 15:22 SE 30 22.8 27.6 14:12 19.8 23:30 0.0 4.5 7.1 8.0 35.4 13:30 NNW 31 22.9 26.4 13:07 18.2 4:49 0.0 4.7 0.0 7.2 19.3 11:37 NNW ------------------------------------------------------------------------------------- 25.7 32.9 18 18.2 31 0.0 230.7 19.8 7.3 57.9 24 NNW Max >= 32.0: 2 Max <= 0.0: 0 Min <= 0.0: 0 Min <= -18.0: 0 Max Rain: 12.70 ON 29/07/10 Days of Rain: 2 (> .2 mm) 2 (> 2 mm) 0 (> 20 mm) Heat Base: 18.3 Cool Base: 18.3 Method: Integration