Rapporti Climatici in stile NOAA
Selezionare un Anno o un Mese
2024: Gen Feb Mar Apr Mag Giu Lug Ago Set Ott Nov Dic
2023: Gen Feb Mar Apr Mag Giu Lug Ago Set Ott Nov Dic
2022: Gen Feb Mar Apr Mag Giu Lug Ago Set Ott Nov Dic
2021: Gen Feb Mar Apr Mag Giu Lug Ago Set Ott Nov Dic
2020: Gen Feb Mar Apr Mag Giu Lug Ago Set Ott Nov Dic
2019: Gen Feb Mar Apr Mag Giu Lug Ago Set Ott Nov Dic
2018: Gen Feb Mar Apr Mag Giu Lug Ago Set Ott Nov Dic
2017: Gen Feb Mar Apr Mag Giu Lug Ago Set Ott Nov Dic
2016: Gen Feb Mar Apr Mag Giu Lug Ago Set Ott Nov Dic
2015: Gen Feb Mar Apr Mag Giu Lug Ago Set Ott Nov Dic
2014: Gen Feb Mar Apr Mag Giu Lug Ago Set Ott Nov Dic
2013: Gen Feb Mar Apr Mag Giu Lug Ago Set Ott Nov Dic
2012: Gen Feb Mar Apr Mag Giu Lug Ago Set Ott Nov Dic
2011: Gen Feb Mar Apr Mag Giu Lug Ago Set Ott Nov Dic
2010: Gen Feb Mar Apr Mag Giu Lug Ago Set Ott Nov Dic
2009: Gen Feb Mar Apr Mag Giu Lug Ago Set Ott Nov Dic
2008: Gen Feb Mar Apr Mag Giu Lug Ago Set Ott Nov Dic
2007: Gen Feb Mar Apr Mag Giu Lug Ago Set Ott Nov Dic
2006: Gen Feb Mar Apr Mag Giu Lug Ago Set Ott Nov Dic
2024: Gen Feb Mar Apr Mag Giu Lug Ago Set Ott Nov Dic
2023: Gen Feb Mar Apr Mag Giu Lug Ago Set Ott Nov Dic
2022: Gen Feb Mar Apr Mag Giu Lug Ago Set Ott Nov Dic
2021: Gen Feb Mar Apr Mag Giu Lug Ago Set Ott Nov Dic
2020: Gen Feb Mar Apr Mag Giu Lug Ago Set Ott Nov Dic
2019: Gen Feb Mar Apr Mag Giu Lug Ago Set Ott Nov Dic
2018: Gen Feb Mar Apr Mag Giu Lug Ago Set Ott Nov Dic
2017: Gen Feb Mar Apr Mag Giu Lug Ago Set Ott Nov Dic
2016: Gen Feb Mar Apr Mag Giu Lug Ago Set Ott Nov Dic
2015: Gen Feb Mar Apr Mag Giu Lug Ago Set Ott Nov Dic
2014: Gen Feb Mar Apr Mag Giu Lug Ago Set Ott Nov Dic
2013: Gen Feb Mar Apr Mag Giu Lug Ago Set Ott Nov Dic
2012: Gen Feb Mar Apr Mag Giu Lug Ago Set Ott Nov Dic
2011: Gen Feb Mar Apr Mag Giu Lug Ago Set Ott Nov Dic
2010: Gen Feb Mar Apr Mag Giu Lug Ago Set Ott Nov Dic
2009: Gen Feb Mar Apr Mag Giu Lug Ago Set Ott Nov Dic
2008: Gen Feb Mar Apr Mag Giu Lug Ago Set Ott Nov Dic
2007: Gen Feb Mar Apr Mag Giu Lug Ago Set Ott Nov Dic
2006: Gen Feb Mar Apr Mag Giu Lug Ago Set Ott Nov Dic
Archivio 2010 Maggio
MONTHLY CLIMATOLOGICAL SUMMARY for MAY. 2010 NAME: SanFruttuoso CITY: Genova STATE: Italy ELEV: 70 m LAT: 44° 24' 34" N LONG: 8° 57' 38" E TEMPERATURE (°C), RAIN (mm), WIND SPEED (km/hr) HEAT COOL AVG MEAN DEG DEG WIND DOM DAY TEMP HIGH TIME LOW TIME DAYS DAYS RAIN SPEED HIGH TIME DIR ------------------------------------------------------------------------------------ 1 17.3 18.7 10:53 14.8 2:51 1.0 0.0 0.0 10.5 40.2 11:16 SE 2 16.4 17.9 10:56 15.1 20:22 1.9 0.0 4.1 10.3 35.4 6:39 SE 3 16.7 18.5 11:58 15.3 3:45 1.6 0.0 0.0 9.2 35.4 8:43 SE 4 14.3 16.7 0:01 12.6 22:48 4.0 0.0 23.4 5.8 35.4 13:07 NNW 5 13.6 15.1 15:54 12.5 0:09 4.7 0.0 9.1 6.0 30.6 12:17 SSE 6 12.0 12.8 0:03 10.8 23:49 6.3 0.0 5.6 8.2 33.8 15:15 SSE 7 13.1 15.1 11:49 10.7 1:33 5.3 0.0 3.3 6.3 27.4 15:05 NNW 8 14.1 16.5 14:58 11.4 4:43 4.2 0.0 3.0 7.9 29.0 12:12 SE 9 15.1 15.8 23:55 14.0 7:11 3.2 0.0 21.1 11.4 40.2 3:49 SE 10 16.8 19.0 14:24 14.2 3:14 1.5 0.0 3.0 11.3 41.8 1:06 SE 11 16.5 17.6 13:32 15.4 12:15 1.8 0.0 2.8 9.8 35.4 5:47 SE 12 16.6 18.3 15:33 14.6 23:59 1.8 0.0 0.3 8.9 30.6 13:23 SE 13 15.6 17.7 14:18 14.1 1:08 2.8 0.0 4.6 9.2 32.2 19:34 SE 14 15.5 17.3 14:20 13.6 22:36 2.8 0.0 0.5 9.8 30.6 2:37 SSE 15 15.1 18.1 13:52 13.0 8:11 3.2 0.0 0.0 7.9 45.1 7:37 NNW 16 16.1 19.3 15:21 12.6 4:37 2.2 0.0 0.0 6.1 27.4 15:40 NNW 17 17.3 21.7 12:55 13.0 1:52 1.6 0.6 0.0 6.9 37.0 11:44 NNW 18 17.1 21.4 9:57 12.1 2:32 1.8 0.6 0.0 6.9 24.1 12:17 NNW 19 17.3 21.5 16:18 13.3 23:58 1.4 0.4 0.0 7.1 41.8 9:10 NNW 20 17.8 21.7 10:04 12.0 1:22 1.3 0.9 0.0 6.4 22.5 6:24 NNW 21 17.9 22.3 17:04 13.5 4:22 1.4 1.0 0.0 5.6 20.9 13:10 NNW 22 18.1 21.9 16:48 13.9 4:59 1.3 1.1 0.0 5.8 20.9 14:10 NNW 23 19.5 24.3 17:03 14.3 5:15 1.0 2.2 0.0 6.6 17.7 12:58 NNW 24 19.4 23.0 14:30 15.3 5:10 0.7 1.9 0.0 6.9 19.3 13:38 NNW 25 18.9 21.0 14:23 14.9 4:46 0.6 1.3 0.0 13.2 45.1 13:41 SE 26 19.8 21.3 13:02 18.3 5:47 0.0 1.5 0.0 13.0 40.2 9:21 SE 27 19.1 20.8 15:06 17.1 23:00 0.1 0.9 0.3 9.8 40.2 8:28 SE 28 18.2 20.7 12:55 15.1 5:06 0.8 0.7 0.0 7.4 22.5 10:27 NNW 29 18.9 20.9 15:21 15.9 4:49 0.5 1.1 0.0 6.6 22.5 12:50 NNW 30 19.1 21.7 14:51 16.6 4:11 0.4 1.1 0.0 7.4 32.2 12:51 SE 31 19.9 24.6 17:28 15.7 4:27 0.6 2.2 0.0 6.0 22.5 11:31 NNW ------------------------------------------------------------------------------------- 16.9 24.6 31 10.7 7 61.6 17.5 81.0 8.2 45.1 15 SE Max >= 32.0: 0 Max <= 0.0: 0 Min <= 0.0: 0 Min <= -18.0: 0 Max Rain: 23.37 ON 04/05/10 Days of Rain: 13 (> .2 mm) 10 (> 2 mm) 2 (> 20 mm) Heat Base: 18.3 Cool Base: 18.3 Method: Integration