Rapporti Climatici in stile NOAA
Selezionare un Anno o un Mese
2024: Gen Feb Mar Apr Mag Giu Lug Ago Set Ott Nov Dic
2023: Gen Feb Mar Apr Mag Giu Lug Ago Set Ott Nov Dic
2022: Gen Feb Mar Apr Mag Giu Lug Ago Set Ott Nov Dic
2021: Gen Feb Mar Apr Mag Giu Lug Ago Set Ott Nov Dic
2020: Gen Feb Mar Apr Mag Giu Lug Ago Set Ott Nov Dic
2019: Gen Feb Mar Apr Mag Giu Lug Ago Set Ott Nov Dic
2018: Gen Feb Mar Apr Mag Giu Lug Ago Set Ott Nov Dic
2017: Gen Feb Mar Apr Mag Giu Lug Ago Set Ott Nov Dic
2016: Gen Feb Mar Apr Mag Giu Lug Ago Set Ott Nov Dic
2015: Gen Feb Mar Apr Mag Giu Lug Ago Set Ott Nov Dic
2014: Gen Feb Mar Apr Mag Giu Lug Ago Set Ott Nov Dic
2013: Gen Feb Mar Apr Mag Giu Lug Ago Set Ott Nov Dic
2012: Gen Feb Mar Apr Mag Giu Lug Ago Set Ott Nov Dic
2011: Gen Feb Mar Apr Mag Giu Lug Ago Set Ott Nov Dic
2010: Gen Feb Mar Apr Mag Giu Lug Ago Set Ott Nov Dic
2009: Gen Feb Mar Apr Mag Giu Lug Ago Set Ott Nov Dic
2008: Gen Feb Mar Apr Mag Giu Lug Ago Set Ott Nov Dic
2007: Gen Feb Mar Apr Mag Giu Lug Ago Set Ott Nov Dic
2006: Gen Feb Mar Apr Mag Giu Lug Ago Set Ott Nov Dic
2024: Gen Feb Mar Apr Mag Giu Lug Ago Set Ott Nov Dic
2023: Gen Feb Mar Apr Mag Giu Lug Ago Set Ott Nov Dic
2022: Gen Feb Mar Apr Mag Giu Lug Ago Set Ott Nov Dic
2021: Gen Feb Mar Apr Mag Giu Lug Ago Set Ott Nov Dic
2020: Gen Feb Mar Apr Mag Giu Lug Ago Set Ott Nov Dic
2019: Gen Feb Mar Apr Mag Giu Lug Ago Set Ott Nov Dic
2018: Gen Feb Mar Apr Mag Giu Lug Ago Set Ott Nov Dic
2017: Gen Feb Mar Apr Mag Giu Lug Ago Set Ott Nov Dic
2016: Gen Feb Mar Apr Mag Giu Lug Ago Set Ott Nov Dic
2015: Gen Feb Mar Apr Mag Giu Lug Ago Set Ott Nov Dic
2014: Gen Feb Mar Apr Mag Giu Lug Ago Set Ott Nov Dic
2013: Gen Feb Mar Apr Mag Giu Lug Ago Set Ott Nov Dic
2012: Gen Feb Mar Apr Mag Giu Lug Ago Set Ott Nov Dic
2011: Gen Feb Mar Apr Mag Giu Lug Ago Set Ott Nov Dic
2010: Gen Feb Mar Apr Mag Giu Lug Ago Set Ott Nov Dic
2009: Gen Feb Mar Apr Mag Giu Lug Ago Set Ott Nov Dic
2008: Gen Feb Mar Apr Mag Giu Lug Ago Set Ott Nov Dic
2007: Gen Feb Mar Apr Mag Giu Lug Ago Set Ott Nov Dic
2006: Gen Feb Mar Apr Mag Giu Lug Ago Set Ott Nov Dic
Archivio 2009 Dicembre
MONTHLY CLIMATOLOGICAL SUMMARY for DEC. 2009 Name: San Fruttuoso City: Genova State: Italy Elevation: 70 m Lat: N 44° 24' 34" Lon: E 008° 57' 38" Temperature (°C), Rain (mm), Wind Speed (km/h) Heat Cool Avg Mean Deg Deg Wind Dom Day Temp High Time Low Time Days Days Rain Speed High Time Dir ------------------------------------------------------------------------------------- 01 10.7 12.4 00:44 07.5 23:51 07.6 00.0 00.0 07.4 33.3 10:50 N 02 10.0 14.3 12:30 06.7 06:48 08.3 00.0 00.0 07.3 25.9 02:59 NW 03 09.1 12.2 10:57 06.4 23:59 09.2 00.0 07.1 09.2 35.1 23:34 NNW 04 06.0 09.1 23:42 03.9 08:50 12.3 00.0 13.2 11.8 48.1 09:04 NNW 05 09.6 12.9 13:31 07.5 05:20 08.7 00.0 01.0 08.1 33.3 10:01 N 06 10.9 13.6 21:35 07.4 00:45 07.4 00.0 01.5 07.4 31.4 22:46 NNE 07 12.7 13.4 11:36 11.1 00:00 05.6 00.0 23.1 03.7 20.4 18:11 ESE 08 12.6 16.1 15:27 08.9 04:53 05.7 00.0 00.5 07.6 37.0 13:08 N 09 11.8 15.4 15:15 07.6 23:34 06.5 00.0 00.0 10.3 44.4 02:06 N 10 09.7 15.6 13:27 06.5 07:53 08.6 00.0 00.0 08.5 20.4 05:42 NNW 11 11.1 17.0 13:42 05.9 04:39 07.2 00.0 00.0 06.6 33.3 06:30 N 12 10.4 14.1 14:00 06.9 23:59 07.9 00.0 00.0 06.3 31.4 01:32 N 13 06.1 07.0 13:23 04.8 23:59 12.2 00.0 00.0 08.0 31.4 22:43 NNE 14 04.6 06.1 14:55 03.5 00:00 13.7 00.0 00.0 11.9 48.1 17:39 N 15 03.6 06.6 14:26 02.3 00:00 14.7 00.0 00.0 12.2 48.1 07:00 N 16 04.0 08.2 14:04 01.1 05:36 14.3 00.0 04.8 08.2 35.1 00:49 NNE 17 02.1 03.9 12:15 01.2 07:08 16.2 00.0 00.0 10.9 48.1 05:52 N 18 00.4 03.5 11:57 -01.6 21:57 17.9 00.0 00.0 10.2 42.5 20:09 N 19 00.7 04.5 15:12 -01.3 08:33 17.6 00.0 00.8 09.0 38.9 07:11 NNW 20 02.9 07.1 14:39 -01.6 07:54 15.4 00.0 00.0 07.0 31.4 01:49 N 21 05.0 08.8 06:42 -01.2 00:00 13.3 00.0 03.8 09.2 42.5 22:22 ENE 22 02.2 06.7 23:06 -01.6 00:57 16.1 00.0 55.2 07.4 40.7 20:54 NNE 23 10.1 14.3 12:37 04.2 02:15 08.2 00.0 24.6 10.8 40.7 14:13 ESE 24 11.8 15.0 23:46 07.6 03:15 06.5 00.0 62.2 10.4 51.8 22:26 E 25 13.8 16.3 14:36 10.4 20:46 04.5 00.0 01.3 09.8 51.8 07:31 SE 26 08.2 11.7 00:04 06.1 05:24 10.1 00.0 00.0 08.3 37.0 20:44 N 27 08.7 13.3 14:51 05.6 23:55 09.6 00.0 00.0 07.7 48.1 02:42 NNW 28 08.0 11.9 15:44 05.1 05:51 10.3 00.0 00.0 09.2 40.7 12:55 N 29 07.3 08.5 00:00 05.7 14:30 11.0 00.0 00.3 09.4 31.4 16:01 N 30 08.7 10.8 23:42 06.8 17:19 09.6 00.0 09.1 05.1 42.5 17:26 NNW 31 12.5 13.8 11:41 09.4 22:03 05.8 00.0 00.3 08.7 35.1 11:44 ESE ------------------------------------------------------------------------------------- 7.9 (8.0) 17.0 day 11 -01.6 day 20 321.9 000.0 209.1 08.6 51.8 day 25 N Max <= 5: 3 Min <= 20: 31 Min <= 0: 5 Max Rain: 62.2 ON 24-12-09 Days of Rain: 16 (> .2mm) 9 (> 2mm) 4 (> 20mm)