Rapporti Climatici in stile NOAA
Selezionare un Anno o un Mese
2024: Gen Feb Mar Apr Mag Giu Lug Ago Set Ott Nov Dic
2023: Gen Feb Mar Apr Mag Giu Lug Ago Set Ott Nov Dic
2022: Gen Feb Mar Apr Mag Giu Lug Ago Set Ott Nov Dic
2021: Gen Feb Mar Apr Mag Giu Lug Ago Set Ott Nov Dic
2020: Gen Feb Mar Apr Mag Giu Lug Ago Set Ott Nov Dic
2019: Gen Feb Mar Apr Mag Giu Lug Ago Set Ott Nov Dic
2018: Gen Feb Mar Apr Mag Giu Lug Ago Set Ott Nov Dic
2017: Gen Feb Mar Apr Mag Giu Lug Ago Set Ott Nov Dic
2016: Gen Feb Mar Apr Mag Giu Lug Ago Set Ott Nov Dic
2015: Gen Feb Mar Apr Mag Giu Lug Ago Set Ott Nov Dic
2014: Gen Feb Mar Apr Mag Giu Lug Ago Set Ott Nov Dic
2013: Gen Feb Mar Apr Mag Giu Lug Ago Set Ott Nov Dic
2012: Gen Feb Mar Apr Mag Giu Lug Ago Set Ott Nov Dic
2011: Gen Feb Mar Apr Mag Giu Lug Ago Set Ott Nov Dic
2010: Gen Feb Mar Apr Mag Giu Lug Ago Set Ott Nov Dic
2009: Gen Feb Mar Apr Mag Giu Lug Ago Set Ott Nov Dic
2008: Gen Feb Mar Apr Mag Giu Lug Ago Set Ott Nov Dic
2007: Gen Feb Mar Apr Mag Giu Lug Ago Set Ott Nov Dic
2006: Gen Feb Mar Apr Mag Giu Lug Ago Set Ott Nov Dic
2024: Gen Feb Mar Apr Mag Giu Lug Ago Set Ott Nov Dic
2023: Gen Feb Mar Apr Mag Giu Lug Ago Set Ott Nov Dic
2022: Gen Feb Mar Apr Mag Giu Lug Ago Set Ott Nov Dic
2021: Gen Feb Mar Apr Mag Giu Lug Ago Set Ott Nov Dic
2020: Gen Feb Mar Apr Mag Giu Lug Ago Set Ott Nov Dic
2019: Gen Feb Mar Apr Mag Giu Lug Ago Set Ott Nov Dic
2018: Gen Feb Mar Apr Mag Giu Lug Ago Set Ott Nov Dic
2017: Gen Feb Mar Apr Mag Giu Lug Ago Set Ott Nov Dic
2016: Gen Feb Mar Apr Mag Giu Lug Ago Set Ott Nov Dic
2015: Gen Feb Mar Apr Mag Giu Lug Ago Set Ott Nov Dic
2014: Gen Feb Mar Apr Mag Giu Lug Ago Set Ott Nov Dic
2013: Gen Feb Mar Apr Mag Giu Lug Ago Set Ott Nov Dic
2012: Gen Feb Mar Apr Mag Giu Lug Ago Set Ott Nov Dic
2011: Gen Feb Mar Apr Mag Giu Lug Ago Set Ott Nov Dic
2010: Gen Feb Mar Apr Mag Giu Lug Ago Set Ott Nov Dic
2009: Gen Feb Mar Apr Mag Giu Lug Ago Set Ott Nov Dic
2008: Gen Feb Mar Apr Mag Giu Lug Ago Set Ott Nov Dic
2007: Gen Feb Mar Apr Mag Giu Lug Ago Set Ott Nov Dic
2006: Gen Feb Mar Apr Mag Giu Lug Ago Set Ott Nov Dic
Archivio 2009 Settembre
MONTHLY CLIMATOLOGICAL SUMMARY for SEP. 2009 Name: San Fruttuoso City: Genova State: Italy Elevation: 70 m Lat: N 44° 24' 34" Lon: E 008° 57' 38" Temperature (°C), Rain (mm), Wind Speed (km/h) Heat Cool Avg Mean Deg Deg Wind Dom Day Temp High Time Low Time Days Days Rain Speed High Time Dir ------------------------------------------------------------------------------------- 01 25.1 27.6 11:19 23.0 07:19 00.0 06.8 00.0 07.5 25.9 07:44 SE 02 23.9 26.6 12:29 21.3 06:59 00.0 05.6 00.0 09.4 27.8 13:59 SSE 03 24.4 25.7 15:54 23.8 07:24 00.0 06.1 00.0 14.6 37.0 23:44 SSE 04 25.2 27.3 16:59 23.6 05:34 00.0 06.9 00.0 14.2 59.2 11:39 SE 05 24.8 28.2 17:39 22.0 08:14 00.0 06.5 00.0 10.8 48.1 16:13 NNW 06 22.7 27.2 16:34 18.3 08:14 00.0 04.4 00.0 09.3 42.5 16:14 NNW 07 22.8 27.1 16:54 18.8 07:29 00.0 04.5 00.0 08.7 33.3 16:29 N 08 23.2 28.4 17:19 18.4 08:04 00.0 04.9 00.0 08.6 38.9 16:14 NNE 09 22.9 25.5 14:49 19.7 04:49 00.0 04.6 00.0 07.0 24.1 14:24 N 10 23.3 27.0 12:14 20.0 05:49 00.0 05.0 00.0 06.1 25.9 12:29 NW 11 24.7 29.4 13:09 20.9 06:24 00.0 06.4 00.0 05.3 27.8 16:49 NNE 12 23.7 27.6 12:29 20.9 22:54 00.0 05.4 00.0 06.7 22.2 12:19 NNW 13 22.8 26.4 12:19 19.9 06:59 00.0 04.5 00.0 08.2 25.9 14:29 E 14 18.8 22.5 18:11 16.2 12:19 00.0 00.5 10.0 06.6 29.6 04:59 NNW 15 18.4 20.8 15:59 16.3 07:04 00.0 00.1 08.5 07.4 31.4 04:34 N 16 18.9 22.1 16:08 16.5 06:23 00.0 00.6 39.9 06.0 31.4 10:53 N 17 20.3 23.2 15:49 18.6 07:14 00.0 02.0 00.0 06.8 27.8 14:59 SE 18 19.3 22.9 12:29 16.9 07:34 00.0 01.0 05.7 08.8 22.2 17:09 NNW 19 19.4 23.1 16:39 16.8 07:14 00.0 01.1 37.3 06.2 20.4 22:29 NNW 20 19.3 21.2 12:09 17.2 00:00 00.0 01.0 05.2 05.7 27.8 05:39 NNE 21 20.0 23.9 13:39 16.9 02:39 00.0 01.7 14.0 09.4 42.5 16:49 N 22 23.2 27.4 15:09 20.0 05:54 00.0 04.9 00.0 09.1 33.3 04:19 N 23 22.9 27.5 16:04 19.6 07:24 00.0 04.6 00.0 08.5 29.6 04:54 N 24 23.1 26.8 17:34 19.7 08:09 00.0 04.8 00.0 10.5 38.9 15:04 N 25 24.3 28.4 13:34 21.0 08:24 00.0 06.0 00.0 05.6 31.4 16:09 N 26 22.0 24.2 12:34 19.8 07:29 00.0 03.7 00.0 09.5 44.4 16:39 N 27 22.2 25.9 17:29 18.9 07:14 00.0 03.9 00.0 08.7 38.9 16:54 N 28 21.5 25.9 14:29 18.4 08:04 00.0 03.2 00.0 07.6 29.6 04:14 NNE 29 20.1 23.8 12:04 16.4 07:14 00.0 01.8 00.0 09.7 24.1 14:59 NNW 30 20.8 23.3 14:29 18.2 04:09 00.0 02.5 00.0 10.2 31.4 14:44 SE ------------------------------------------------------------------------------------- 22.1(22.4)29.4 day 11 16.2 day 14 000.0 115.3 120.2 08.4 59.2 day 24 N Min <= 20: 22 Max Rain: 39.9 ON 16-09-09 Days of Rain: 7 (> .2mm) 7 (> 2mm) 2 (> 20mm)