Rapporti Climatici in stile NOAA
Selezionare un Anno o un Mese
2024: Gen Feb Mar Apr Mag Giu Lug Ago Set Ott Nov Dic
2023: Gen Feb Mar Apr Mag Giu Lug Ago Set Ott Nov Dic
2022: Gen Feb Mar Apr Mag Giu Lug Ago Set Ott Nov Dic
2021: Gen Feb Mar Apr Mag Giu Lug Ago Set Ott Nov Dic
2020: Gen Feb Mar Apr Mag Giu Lug Ago Set Ott Nov Dic
2019: Gen Feb Mar Apr Mag Giu Lug Ago Set Ott Nov Dic
2018: Gen Feb Mar Apr Mag Giu Lug Ago Set Ott Nov Dic
2017: Gen Feb Mar Apr Mag Giu Lug Ago Set Ott Nov Dic
2016: Gen Feb Mar Apr Mag Giu Lug Ago Set Ott Nov Dic
2015: Gen Feb Mar Apr Mag Giu Lug Ago Set Ott Nov Dic
2014: Gen Feb Mar Apr Mag Giu Lug Ago Set Ott Nov Dic
2013: Gen Feb Mar Apr Mag Giu Lug Ago Set Ott Nov Dic
2012: Gen Feb Mar Apr Mag Giu Lug Ago Set Ott Nov Dic
2011: Gen Feb Mar Apr Mag Giu Lug Ago Set Ott Nov Dic
2010: Gen Feb Mar Apr Mag Giu Lug Ago Set Ott Nov Dic
2009: Gen Feb Mar Apr Mag Giu Lug Ago Set Ott Nov Dic
2008: Gen Feb Mar Apr Mag Giu Lug Ago Set Ott Nov Dic
2007: Gen Feb Mar Apr Mag Giu Lug Ago Set Ott Nov Dic
2006: Gen Feb Mar Apr Mag Giu Lug Ago Set Ott Nov Dic
2024: Gen Feb Mar Apr Mag Giu Lug Ago Set Ott Nov Dic
2023: Gen Feb Mar Apr Mag Giu Lug Ago Set Ott Nov Dic
2022: Gen Feb Mar Apr Mag Giu Lug Ago Set Ott Nov Dic
2021: Gen Feb Mar Apr Mag Giu Lug Ago Set Ott Nov Dic
2020: Gen Feb Mar Apr Mag Giu Lug Ago Set Ott Nov Dic
2019: Gen Feb Mar Apr Mag Giu Lug Ago Set Ott Nov Dic
2018: Gen Feb Mar Apr Mag Giu Lug Ago Set Ott Nov Dic
2017: Gen Feb Mar Apr Mag Giu Lug Ago Set Ott Nov Dic
2016: Gen Feb Mar Apr Mag Giu Lug Ago Set Ott Nov Dic
2015: Gen Feb Mar Apr Mag Giu Lug Ago Set Ott Nov Dic
2014: Gen Feb Mar Apr Mag Giu Lug Ago Set Ott Nov Dic
2013: Gen Feb Mar Apr Mag Giu Lug Ago Set Ott Nov Dic
2012: Gen Feb Mar Apr Mag Giu Lug Ago Set Ott Nov Dic
2011: Gen Feb Mar Apr Mag Giu Lug Ago Set Ott Nov Dic
2010: Gen Feb Mar Apr Mag Giu Lug Ago Set Ott Nov Dic
2009: Gen Feb Mar Apr Mag Giu Lug Ago Set Ott Nov Dic
2008: Gen Feb Mar Apr Mag Giu Lug Ago Set Ott Nov Dic
2007: Gen Feb Mar Apr Mag Giu Lug Ago Set Ott Nov Dic
2006: Gen Feb Mar Apr Mag Giu Lug Ago Set Ott Nov Dic
Archivio 2009 Marzo
MONTHLY CLIMATOLOGICAL SUMMARY for MAR. 2009 Name: San Fruttuoso City: Genova State: Italy Elevation: 70 m Lat: N 44° 24' 34" Lon: E 008° 57' 38" Temperature (°C), Rain (mm), Wind Speed (km/h) Heat Cool Avg Mean Deg Deg Wind Dom Day Temp High Time Low Time Days Days Rain Speed High Time Dir ------------------------------------------------------------------------------------- 01 10.8 12.3 01:14 09.8 00:00 07.5 00.0 21.8 02.4 25.9 00:10 NNE 02 11.3 14.4 13:54 09.4 07:19 07.0 00.0 09.3 04.2 25.9 02:34 ENE 03 10.8 13.2 15:33 09.2 03:58 07.5 00.0 21.2 05.5 29.6 17:09 ESE 04 09.1 10.8 05:58 07.2 00:00 09.2 00.0 17.6 03.6 24.1 06:28 NNE 05 06.5 07.7 01:23 05.6 18:13 11.8 00.0 57.0 07.0 37.0 02:23 N 06 09.3 12.2 16:14 06.8 00:53 09.0 00.0 00.5 06.1 40.7 14:29 NNW 07 12.9 16.9 16:04 09.6 04:29 05.4 00.0 00.0 09.9 46.3 17:44 N 08 12.5 15.7 15:19 08.6 07:19 05.8 00.0 00.0 08.8 35.1 01:39 SE 09 12.1 16.0 14:09 08.3 07:13 06.2 00.0 00.0 12.6 48.1 17:09 NNW 10 10.1 13.6 10:43 05.8 07:43 08.2 00.0 00.0 09.2 35.1 15:08 E 11 11.5 18.4 14:48 05.5 07:24 06.8 00.0 00.0 08.5 38.9 17:08 NNW 12 10.8 13.9 10:18 08.1 06:58 07.5 00.0 00.0 06.6 25.9 04:33 ENE 13 11.7 13.9 13:18 08.5 00:38 06.6 00.0 00.0 07.1 25.9 11:29 SE 14 11.5 14.2 10:38 08.4 06:38 06.8 00.0 00.0 06.8 24.1 11:38 WNW 15 11.5 14.5 14:03 08.2 06:58 06.8 00.0 00.0 06.5 20.4 12:58 NW 16 14.8 19.2 16:13 09.9 00:18 03.5 00.0 00.0 07.9 44.4 14:33 NNW 17 12.3 15.6 13:13 08.4 06:38 06.0 00.0 00.0 08.9 22.2 01:13 NW 18 12.2 15.0 13:08 09.6 03:53 06.1 00.0 00.0 05.5 24.1 14:43 SSE 19 11.6 14.5 14:08 07.8 06:43 06.7 00.0 00.0 07.1 22.2 13:23 NW 20 09.8 12.6 00:23 07.7 10:23 08.5 00.0 00.0 04.3 48.1 11:48 NE 21 08.9 13.4 16:03 03.9 05:58 09.4 00.0 00.0 04.5 22.2 16:13 N 22 10.7 14.4 18:03 07.6 05:03 07.6 00.0 00.0 07.8 37.0 12:13 WNW 23 10.7 14.9 12:18 06.2 06:28 07.6 00.0 00.0 09.8 33.3 13:43 SE 24 12.1 14.5 12:08 10.1 05:08 06.2 00.0 00.0 10.5 79.5 12:23 NNW 25 10.3 13.3 13:23 06.1 07:03 08.0 00.0 00.0 09.1 35.1 15:28 SSE 26 10.8 14.6 17:43 05.4 05:53 07.5 00.0 00.0 07.8 24.1 23:43 NW 27 12.8 14.1 10:43 11.8 04:18 05.5 00.0 00.0 14.6 46.3 23:18 SE 28 12.5 13.6 14:18 11.2 22:58 05.8 00.0 05.2 18.2 50.0 16:13 SE 29 10.6 11.6 00:03 10.0 15:53 07.7 00.0 57.5 07.9 46.3 18:38 N 30 11.8 14.8 20:18 09.3 07:18 06.5 00.0 02.6 04.3 29.6 23:39 NW 31 14.8 19.4 14:04 12.6 06:39 03.5 00.0 01.0 07.5 40.7 03:09 NNE ------------------------------------------------------------------------------------- 11.3(11.3)19.4 day 31 03.9 day 21 218.0 000.0 193.7 07.8 79.6 day 24 NNE Min <= 20: 31 Max Rain: 57.5 ON 29-03-09 Days of Rain: 10 (> .2mm) 8 (> 2mm) 4 (> 20mm)