Rapporti Climatici in stile NOAA
Selezionare un Anno o un Mese
2024: Gen Feb Mar Apr Mag Giu Lug Ago Set Ott Nov Dic
2023: Gen Feb Mar Apr Mag Giu Lug Ago Set Ott Nov Dic
2022: Gen Feb Mar Apr Mag Giu Lug Ago Set Ott Nov Dic
2021: Gen Feb Mar Apr Mag Giu Lug Ago Set Ott Nov Dic
2020: Gen Feb Mar Apr Mag Giu Lug Ago Set Ott Nov Dic
2019: Gen Feb Mar Apr Mag Giu Lug Ago Set Ott Nov Dic
2018: Gen Feb Mar Apr Mag Giu Lug Ago Set Ott Nov Dic
2017: Gen Feb Mar Apr Mag Giu Lug Ago Set Ott Nov Dic
2016: Gen Feb Mar Apr Mag Giu Lug Ago Set Ott Nov Dic
2015: Gen Feb Mar Apr Mag Giu Lug Ago Set Ott Nov Dic
2014: Gen Feb Mar Apr Mag Giu Lug Ago Set Ott Nov Dic
2013: Gen Feb Mar Apr Mag Giu Lug Ago Set Ott Nov Dic
2012: Gen Feb Mar Apr Mag Giu Lug Ago Set Ott Nov Dic
2011: Gen Feb Mar Apr Mag Giu Lug Ago Set Ott Nov Dic
2010: Gen Feb Mar Apr Mag Giu Lug Ago Set Ott Nov Dic
2009: Gen Feb Mar Apr Mag Giu Lug Ago Set Ott Nov Dic
2008: Gen Feb Mar Apr Mag Giu Lug Ago Set Ott Nov Dic
2007: Gen Feb Mar Apr Mag Giu Lug Ago Set Ott Nov Dic
2006: Gen Feb Mar Apr Mag Giu Lug Ago Set Ott Nov Dic
2024: Gen Feb Mar Apr Mag Giu Lug Ago Set Ott Nov Dic
2023: Gen Feb Mar Apr Mag Giu Lug Ago Set Ott Nov Dic
2022: Gen Feb Mar Apr Mag Giu Lug Ago Set Ott Nov Dic
2021: Gen Feb Mar Apr Mag Giu Lug Ago Set Ott Nov Dic
2020: Gen Feb Mar Apr Mag Giu Lug Ago Set Ott Nov Dic
2019: Gen Feb Mar Apr Mag Giu Lug Ago Set Ott Nov Dic
2018: Gen Feb Mar Apr Mag Giu Lug Ago Set Ott Nov Dic
2017: Gen Feb Mar Apr Mag Giu Lug Ago Set Ott Nov Dic
2016: Gen Feb Mar Apr Mag Giu Lug Ago Set Ott Nov Dic
2015: Gen Feb Mar Apr Mag Giu Lug Ago Set Ott Nov Dic
2014: Gen Feb Mar Apr Mag Giu Lug Ago Set Ott Nov Dic
2013: Gen Feb Mar Apr Mag Giu Lug Ago Set Ott Nov Dic
2012: Gen Feb Mar Apr Mag Giu Lug Ago Set Ott Nov Dic
2011: Gen Feb Mar Apr Mag Giu Lug Ago Set Ott Nov Dic
2010: Gen Feb Mar Apr Mag Giu Lug Ago Set Ott Nov Dic
2009: Gen Feb Mar Apr Mag Giu Lug Ago Set Ott Nov Dic
2008: Gen Feb Mar Apr Mag Giu Lug Ago Set Ott Nov Dic
2007: Gen Feb Mar Apr Mag Giu Lug Ago Set Ott Nov Dic
2006: Gen Feb Mar Apr Mag Giu Lug Ago Set Ott Nov Dic
Archivio 2008 Dicembre
MONTHLY CLIMATOLOGICAL SUMMARY for DEC. 2008 Name: San Fruttuoso City: Genova State: Italy Elevation: 70 m Lat: N 44° 24' 34" Lon: E 008° 57' 38" Temperature (°C), Rain (mm), Wind Speed (km/h) Heat Cool Avg Mean Deg Deg Wind Dom Day Temp High Time Low Time Days Days Rain Speed High Time Dir ------------------------------------------------------------------------------------- 01 07.8 12.4 16:24 02.8 06:29 10.5 00.0 11.4 10.6 57.4 15:04 SSW 02 07.2 10.5 01:29 05.0 00:00 11.1 00.0 00.0 04.3 24.1 10:09 N 03 06.8 09.9 14:24 03.9 08:14 11.5 00.0 06.2 04.5 25.9 06:34 N 04 08.3 12.2 21:19 05.0 04:54 10.0 00.0 00.0 08.3 40.7 22:19 NE 05 09.5 12.4 00:44 06.9 20:44 08.8 00.0 00.5 08.7 68.5 00:34 NW 06 09.3 14.4 13:29 06.3 08:34 09.0 00.0 00.0 05.9 18.5 23:59 NNW 07 09.9 12.6 13:39 06.5 05:04 08.4 00.0 00.0 06.9 37.0 15:19 N 08 09.0 13.7 12:39 05.6 00:00 09.3 00.0 00.0 07.5 29.6 03:49 N 09 07.1 11.9 14:19 04.6 23:59 11.2 00.0 32.6 07.2 38.9 22:29 NNW 10 03.2 05.1 21:44 00.9 06:44 15.1 00.0 75.1 13.0 61.0 13:14 NNE 11 05.0 05.8 00:00 04.3 03:34 13.3 00.0 18.6 08.4 48.1 17:29 NNE 12 07.9 09.4 15:04 05.8 01:09 10.4 00.0 00.5 09.6 51.8 10:44 N 13 07.9 10.1 13:14 06.9 03:59 10.4 00.0 04.1 05.1 31.4 09:19 N 14 10.8 12.6 22:14 07.9 01:24 07.5 00.0 10.8 05.0 44.4 09:49 ESE 15 09.5 11.3 22:44 07.8 10:29 08.8 00.0 14.0 07.4 33.3 17:54 N 16 10.1 12.7 10:59 08.1 20:19 08.2 00.0 20.2 04.4 37.0 15:04 N 17 08.3 10.6 13:49 07.3 20:09 10.0 00.0 10.4 05.3 27.8 00:00 N 18 10.4 14.8 14:14 07.3 04:49 07.9 00.0 00.0 06.9 51.8 00:49 N 19 10.6 15.6 13:09 07.2 22:54 07.7 00.0 00.0 04.6 18.5 06:39 NNW 20 11.1 14.5 12:24 07.2 23:44 07.2 00.0 00.0 04.1 18.5 21:59 NNE 21 09.1 14.1 12:04 06.0 07:49 09.2 00.0 00.0 06.0 18.5 08:39 NNW 22 09.1 13.5 14:24 05.8 07:59 09.2 00.0 00.0 05.1 16.6 22:34 NNW 23 09.9 12.8 11:59 07.4 01:24 08.4 00.0 00.0 05.2 14.8 07:59 NW 24 09.6 12.6 15:04 06.3 05:19 08.7 00.0 00.0 05.5 20.4 23:49 NNW 25 08.4 11.8 00:44 04.4 17:14 09.9 00.0 01.6 06.9 35.1 17:39 NE 26 05.5 07.8 02:24 03.1 00:00 12.8 00.0 00.0 08.9 48.1 18:24 N 27 02.4 04.3 15:39 01.3 08:44 15.9 00.0 00.0 09.5 42.5 13:34 N 28 02.4 04.8 15:14 01.1 04:04 15.9 00.0 00.0 09.3 46.3 12:49 NNW 29 02.5 04.2 00:00 01.4 08:29 15.8 00.0 00.0 10.3 46.3 11:49 N 30 04.9 06.5 15:19 03.8 02:44 13.4 00.0 00.0 11.7 55.5 16:14 N 31 05.6 08.3 12:54 03.4 19:49 12.7 00.0 06.2 08.4 33.3 21:09 N ------------------------------------------------------------------------------------- 7.7 (8.0) 15.6 day 19 00.9 day 10 328.2 000.0 213.0 07.2 68.5 day 05 N Max <= 5: 3 Min <= 20: 31 Max Rain: 75.1 ON 10-12-08 Days of Rain: 14 (> .2mm) 11 (> 2mm) 3 (> 20mm)