Rapporti Climatici in stile NOAA
Selezionare un Anno o un Mese
2024: Gen Feb Mar Apr Mag Giu Lug Ago Set Ott Nov Dic
2023: Gen Feb Mar Apr Mag Giu Lug Ago Set Ott Nov Dic
2022: Gen Feb Mar Apr Mag Giu Lug Ago Set Ott Nov Dic
2021: Gen Feb Mar Apr Mag Giu Lug Ago Set Ott Nov Dic
2020: Gen Feb Mar Apr Mag Giu Lug Ago Set Ott Nov Dic
2019: Gen Feb Mar Apr Mag Giu Lug Ago Set Ott Nov Dic
2018: Gen Feb Mar Apr Mag Giu Lug Ago Set Ott Nov Dic
2017: Gen Feb Mar Apr Mag Giu Lug Ago Set Ott Nov Dic
2016: Gen Feb Mar Apr Mag Giu Lug Ago Set Ott Nov Dic
2015: Gen Feb Mar Apr Mag Giu Lug Ago Set Ott Nov Dic
2014: Gen Feb Mar Apr Mag Giu Lug Ago Set Ott Nov Dic
2013: Gen Feb Mar Apr Mag Giu Lug Ago Set Ott Nov Dic
2012: Gen Feb Mar Apr Mag Giu Lug Ago Set Ott Nov Dic
2011: Gen Feb Mar Apr Mag Giu Lug Ago Set Ott Nov Dic
2010: Gen Feb Mar Apr Mag Giu Lug Ago Set Ott Nov Dic
2009: Gen Feb Mar Apr Mag Giu Lug Ago Set Ott Nov Dic
2008: Gen Feb Mar Apr Mag Giu Lug Ago Set Ott Nov Dic
2007: Gen Feb Mar Apr Mag Giu Lug Ago Set Ott Nov Dic
2006: Gen Feb Mar Apr Mag Giu Lug Ago Set Ott Nov Dic
2024: Gen Feb Mar Apr Mag Giu Lug Ago Set Ott Nov Dic
2023: Gen Feb Mar Apr Mag Giu Lug Ago Set Ott Nov Dic
2022: Gen Feb Mar Apr Mag Giu Lug Ago Set Ott Nov Dic
2021: Gen Feb Mar Apr Mag Giu Lug Ago Set Ott Nov Dic
2020: Gen Feb Mar Apr Mag Giu Lug Ago Set Ott Nov Dic
2019: Gen Feb Mar Apr Mag Giu Lug Ago Set Ott Nov Dic
2018: Gen Feb Mar Apr Mag Giu Lug Ago Set Ott Nov Dic
2017: Gen Feb Mar Apr Mag Giu Lug Ago Set Ott Nov Dic
2016: Gen Feb Mar Apr Mag Giu Lug Ago Set Ott Nov Dic
2015: Gen Feb Mar Apr Mag Giu Lug Ago Set Ott Nov Dic
2014: Gen Feb Mar Apr Mag Giu Lug Ago Set Ott Nov Dic
2013: Gen Feb Mar Apr Mag Giu Lug Ago Set Ott Nov Dic
2012: Gen Feb Mar Apr Mag Giu Lug Ago Set Ott Nov Dic
2011: Gen Feb Mar Apr Mag Giu Lug Ago Set Ott Nov Dic
2010: Gen Feb Mar Apr Mag Giu Lug Ago Set Ott Nov Dic
2009: Gen Feb Mar Apr Mag Giu Lug Ago Set Ott Nov Dic
2008: Gen Feb Mar Apr Mag Giu Lug Ago Set Ott Nov Dic
2007: Gen Feb Mar Apr Mag Giu Lug Ago Set Ott Nov Dic
2006: Gen Feb Mar Apr Mag Giu Lug Ago Set Ott Nov Dic
Archivio 2008 Novembre
MONTHLY CLIMATOLOGICAL SUMMARY for NOV. 2008 Name: San Fruttuoso City: Genova State: Italy Elevation: 70 m Lat: N 44° 24' 34" Lon: E 008° 57' 38" Temperature (°C), Rain (mm), Wind Speed (km/h) Heat Cool Avg Mean Deg Deg Wind Dom Day Temp High Time Low Time Days Days Rain Speed High Time Dir ------------------------------------------------------------------------------------- 01 14.2 19.3 13:14 10.4 02:54 04.1 00.0 01.6 07.7 46.3 09:39 N 02 17.0 20.3 15:09 13.1 03:14 01.3 00.0 00.0 07.1 55.5 22:59 E 03 14.2 18.8 00:04 11.6 23:04 04.1 00.0 18.1 05.5 44.4 00:39 NNW 04 14.1 16.8 22:49 12.6 15:44 04.2 00.0 51.3 08.2 51.8 22:14 NE 05 15.2 17.3 03:54 11.1 20:29 03.1 00.0 25.4 10.9 53.6 02:49 SSE 06 13.7 16.5 11:44 11.9 00:00 04.6 00.0 10.4 04.1 20.4 10:34 N 07 13.0 14.4 14:59 11.9 05:59 05.3 00.0 00.5 03.3 22.2 16:14 NNE 08 12.9 16.7 12:09 10.1 07:29 05.4 00.0 19.2 05.4 20.4 19:49 NNW 09 13.4 16.1 15:29 11.1 04:29 04.9 00.0 01.0 05.1 24.1 13:04 NNE 10 14.4 16.3 14:24 12.9 07:29 03.9 00.0 01.6 03.3 20.4 15:14 NE 11 14.5 15.9 16:34 13.1 08:39 03.8 00.0 15.5 02.5 29.6 19:54 NE 12 13.7 16.0 13:19 12.1 00:00 04.6 00.0 58.0 02.5 18.5 18:44 NE 13 12.3 13.5 14:14 11.5 04:54 06.0 00.0 01.6 05.7 42.5 17:59 N 14 12.9 14.1 13:14 11.9 05:24 05.4 00.0 00.0 06.6 38.9 04:44 NNW 15 13.2 16.3 15:19 10.3 07:04 05.1 00.0 00.0 09.2 50.0 09:14 N 16 15.1 19.8 14:24 11.7 23:49 03.2 00.0 00.0 06.9 44.4 05:49 N 17 14.0 19.1 12:39 10.6 07:29 04.3 00.0 00.0 03.9 16.6 21:14 NNW 18 10.7 12.1 09:39 08.2 00:00 07.6 00.0 01.0 04.9 37.0 22:14 N 19 10.5 15.2 13:29 07.6 05:49 07.8 00.0 00.0 06.1 38.9 02:49 N 20 13.3 15.4 15:54 08.6 02:39 05.0 00.0 00.0 09.3 29.6 10:34 SE 21 13.2 15.0 12:24 09.7 22:44 05.1 00.0 00.0 07.9 29.6 02:44 SE 22 10.7 13.7 00:44 07.2 00:00 07.6 00.0 00.0 05.8 50.0 02:39 NNW 23 08.1 10.3 23:29 05.5 19:29 10.2 00.0 00.0 07.4 51.8 23:14 NW 24 04.3 10.4 00:19 02.3 07:34 14.0 00.0 03.6 12.0 53.6 02:59 NNW 25 05.7 07.8 15:34 03.9 00:09 12.6 00.0 00.0 07.7 46.3 10:39 N 26 06.6 08.9 14:34 04.9 07:59 11.7 00.0 00.0 06.4 31.4 07:14 NNE 27 05.6 08.5 14:09 03.7 07:54 12.7 00.0 00.0 07.6 35.1 22:49 NNE 28 03.0 04.6 00:19 01.4 13:14 15.3 00.0 47.7 12.8 57.4 18:44 N 29 08.4 12.8 12:49 04.1 00:09 09.9 00.0 34.2 08.7 57.4 22:34 E 30 08.8 11.8 11:34 05.2 00:00 09.5 00.0 37.8 06.3 61.0 07:59 SSE ------------------------------------------------------------------------------------- 11.6(11.7)20.3 day 02 01.4 day 28 202.2 000.0 331.0 06.7 61.1 day 30 N Max <= 5: 1 Min <= 20: 30 Max Rain: 58.0 ON 12-11-08 Days of Rain: 17 (> .2mm) 11 (> 2mm) 6 (> 20mm)