Rapporti Climatici in stile NOAA
Selezionare un Anno o un Mese
2024: Gen Feb Mar Apr Mag Giu Lug Ago Set Ott Nov Dic
2023: Gen Feb Mar Apr Mag Giu Lug Ago Set Ott Nov Dic
2022: Gen Feb Mar Apr Mag Giu Lug Ago Set Ott Nov Dic
2021: Gen Feb Mar Apr Mag Giu Lug Ago Set Ott Nov Dic
2020: Gen Feb Mar Apr Mag Giu Lug Ago Set Ott Nov Dic
2019: Gen Feb Mar Apr Mag Giu Lug Ago Set Ott Nov Dic
2018: Gen Feb Mar Apr Mag Giu Lug Ago Set Ott Nov Dic
2017: Gen Feb Mar Apr Mag Giu Lug Ago Set Ott Nov Dic
2016: Gen Feb Mar Apr Mag Giu Lug Ago Set Ott Nov Dic
2015: Gen Feb Mar Apr Mag Giu Lug Ago Set Ott Nov Dic
2014: Gen Feb Mar Apr Mag Giu Lug Ago Set Ott Nov Dic
2013: Gen Feb Mar Apr Mag Giu Lug Ago Set Ott Nov Dic
2012: Gen Feb Mar Apr Mag Giu Lug Ago Set Ott Nov Dic
2011: Gen Feb Mar Apr Mag Giu Lug Ago Set Ott Nov Dic
2010: Gen Feb Mar Apr Mag Giu Lug Ago Set Ott Nov Dic
2009: Gen Feb Mar Apr Mag Giu Lug Ago Set Ott Nov Dic
2008: Gen Feb Mar Apr Mag Giu Lug Ago Set Ott Nov Dic
2007: Gen Feb Mar Apr Mag Giu Lug Ago Set Ott Nov Dic
2006: Gen Feb Mar Apr Mag Giu Lug Ago Set Ott Nov Dic
2024: Gen Feb Mar Apr Mag Giu Lug Ago Set Ott Nov Dic
2023: Gen Feb Mar Apr Mag Giu Lug Ago Set Ott Nov Dic
2022: Gen Feb Mar Apr Mag Giu Lug Ago Set Ott Nov Dic
2021: Gen Feb Mar Apr Mag Giu Lug Ago Set Ott Nov Dic
2020: Gen Feb Mar Apr Mag Giu Lug Ago Set Ott Nov Dic
2019: Gen Feb Mar Apr Mag Giu Lug Ago Set Ott Nov Dic
2018: Gen Feb Mar Apr Mag Giu Lug Ago Set Ott Nov Dic
2017: Gen Feb Mar Apr Mag Giu Lug Ago Set Ott Nov Dic
2016: Gen Feb Mar Apr Mag Giu Lug Ago Set Ott Nov Dic
2015: Gen Feb Mar Apr Mag Giu Lug Ago Set Ott Nov Dic
2014: Gen Feb Mar Apr Mag Giu Lug Ago Set Ott Nov Dic
2013: Gen Feb Mar Apr Mag Giu Lug Ago Set Ott Nov Dic
2012: Gen Feb Mar Apr Mag Giu Lug Ago Set Ott Nov Dic
2011: Gen Feb Mar Apr Mag Giu Lug Ago Set Ott Nov Dic
2010: Gen Feb Mar Apr Mag Giu Lug Ago Set Ott Nov Dic
2009: Gen Feb Mar Apr Mag Giu Lug Ago Set Ott Nov Dic
2008: Gen Feb Mar Apr Mag Giu Lug Ago Set Ott Nov Dic
2007: Gen Feb Mar Apr Mag Giu Lug Ago Set Ott Nov Dic
2006: Gen Feb Mar Apr Mag Giu Lug Ago Set Ott Nov Dic
Archivio 2008 Giugnio
MONTHLY CLIMATOLOGICAL SUMMARY for JUN. 2008 Name: San Fruttuoso City: Genova State: Italy Elevation: 70 m Lat: N 44° 24' 34" Lon: E 008° 57' 38" Temperature (°C), Rain (mm), Wind Speed (km/h) Heat Cool Avg Mean Deg Deg Wind Dom Day Temp High Time Low Time Days Days Rain Speed High Time Dir ------------------------------------------------------------------------------------- 01 20.0 23.5 19:58 15.5 06:39 00.0 01.7 00.0 02.8 18.5 06:13 NNW 02 19.2 22.3 14:38 17.0 05:13 00.0 00.9 00.0 03.6 22.2 10:13 NW 03 18.2 21.2 12:29 14.8 06:44 00.1 00.0 00.0 05.3 24.1 14:44 WSW 04 18.3 21.1 15:18 15.6 04:58 00.0 00.0 01.6 02.5 20.4 18:24 WNW 05 17.7 19.8 15:53 16.3 05:53 00.6 00.0 10.9 04.0 31.4 16:48 SE 06 17.8 19.6 15:53 16.0 06:23 00.5 00.0 01.0 01.9 27.8 15:03 SE 07 18.5 21.4 15:08 15.2 05:43 00.0 00.2 00.0 03.8 24.1 12:48 WNW 08 18.6 21.4 11:43 16.6 04:53 00.0 00.3 04.7 02.3 25.9 22:08 N 09 20.8 24.2 15:43 17.8 06:33 00.0 02.5 00.0 01.5 29.6 01:23 ENE 10 21.8 24.3 17:13 19.1 00:00 00.0 03.5 00.0 03.1 24.1 04:14 SE 11 19.7 22.2 15:38 16.6 06:53 00.0 01.4 00.0 06.0 24.1 15:58 SW 12 19.3 21.6 15:23 16.4 06:19 00.0 01.0 01.6 04.3 20.4 17:38 NW 13 19.5 21.7 17:13 17.3 08:33 00.0 01.2 03.1 04.5 35.1 14:53 SSE 14 18.2 22.7 17:28 14.6 05:43 00.1 00.0 19.2 08.2 48.1 04:48 NNW 15 17.3 20.2 15:03 14.5 05:58 01.0 00.0 03.1 08.3 33.3 23:33 SE 16 18.0 20.5 17:13 16.1 10:58 00.3 00.0 13.0 07.8 46.3 01:43 SE 17 19.0 21.4 17:49 15.3 05:48 00.0 00.7 44.5 06.1 37.0 11:53 SE 18 20.1 23.1 18:13 16.7 05:18 00.0 01.8 00.0 02.5 20.4 15:18 SSE 19 20.1 22.7 17:08 16.8 06:03 00.0 01.8 00.0 03.8 20.4 16:03 W 20 21.0 24.4 19:23 16.7 06:28 00.0 02.7 00.0 03.6 18.5 06:28 NW 21 23.4 28.1 15:23 18.5 04:43 00.0 05.1 00.0 02.8 18.5 15:38 WNW 22 25.0 29.8 17:38 19.9 06:43 00.0 06.7 00.0 05.2 22.2 01:38 NW 23 23.6 26.6 14:13 19.5 06:23 00.0 05.3 00.0 06.2 20.4 17:23 NW 24 24.3 28.9 18:53 19.1 05:58 00.0 06.0 00.0 06.9 20.4 15:13 NNW 25 25.1 29.8 18:38 20.0 06:28 00.0 06.8 00.0 06.7 20.4 07:28 NW 26 24.1 28.5 17:48 19.3 06:43 00.0 05.8 00.0 06.1 22.2 15:03 NW 27 23.8 28.3 18:38 19.6 04:43 00.0 05.5 00.0 05.1 22.2 15:18 WNW 28 26.7 31.8 17:18 21.6 05:38 00.0 08.4 00.0 06.0 44.4 16:08 NNW 29 26.9 30.0 15:38 24.6 03:13 00.0 08.6 00.0 02.6 20.4 13:23 S 30 25.0 27.2 13:03 22.3 05:28 00.0 06.7 00.0 04.9 22.2 14:03 W ------------------------------------------------------------------------------------- 21.0(21.0)31.8 day 28 14.5 day 15 002.5 084.4 102.6 04.6 48.1 day 28 NW Max >= 30: 2 Min <= 20: 27 Max Rain: 44.5 ON 17-06-08 Days of Rain: 10 (> .2mm) 7 (> 2mm) 1 (> 20mm)