Rapporti Climatici in stile NOAA
Selezionare un Anno o un Mese
2024: Gen Feb Mar Apr Mag Giu Lug Ago Set Ott Nov Dic
2023: Gen Feb Mar Apr Mag Giu Lug Ago Set Ott Nov Dic
2022: Gen Feb Mar Apr Mag Giu Lug Ago Set Ott Nov Dic
2021: Gen Feb Mar Apr Mag Giu Lug Ago Set Ott Nov Dic
2020: Gen Feb Mar Apr Mag Giu Lug Ago Set Ott Nov Dic
2019: Gen Feb Mar Apr Mag Giu Lug Ago Set Ott Nov Dic
2018: Gen Feb Mar Apr Mag Giu Lug Ago Set Ott Nov Dic
2017: Gen Feb Mar Apr Mag Giu Lug Ago Set Ott Nov Dic
2016: Gen Feb Mar Apr Mag Giu Lug Ago Set Ott Nov Dic
2015: Gen Feb Mar Apr Mag Giu Lug Ago Set Ott Nov Dic
2014: Gen Feb Mar Apr Mag Giu Lug Ago Set Ott Nov Dic
2013: Gen Feb Mar Apr Mag Giu Lug Ago Set Ott Nov Dic
2012: Gen Feb Mar Apr Mag Giu Lug Ago Set Ott Nov Dic
2011: Gen Feb Mar Apr Mag Giu Lug Ago Set Ott Nov Dic
2010: Gen Feb Mar Apr Mag Giu Lug Ago Set Ott Nov Dic
2009: Gen Feb Mar Apr Mag Giu Lug Ago Set Ott Nov Dic
2008: Gen Feb Mar Apr Mag Giu Lug Ago Set Ott Nov Dic
2007: Gen Feb Mar Apr Mag Giu Lug Ago Set Ott Nov Dic
2006: Gen Feb Mar Apr Mag Giu Lug Ago Set Ott Nov Dic
2024: Gen Feb Mar Apr Mag Giu Lug Ago Set Ott Nov Dic
2023: Gen Feb Mar Apr Mag Giu Lug Ago Set Ott Nov Dic
2022: Gen Feb Mar Apr Mag Giu Lug Ago Set Ott Nov Dic
2021: Gen Feb Mar Apr Mag Giu Lug Ago Set Ott Nov Dic
2020: Gen Feb Mar Apr Mag Giu Lug Ago Set Ott Nov Dic
2019: Gen Feb Mar Apr Mag Giu Lug Ago Set Ott Nov Dic
2018: Gen Feb Mar Apr Mag Giu Lug Ago Set Ott Nov Dic
2017: Gen Feb Mar Apr Mag Giu Lug Ago Set Ott Nov Dic
2016: Gen Feb Mar Apr Mag Giu Lug Ago Set Ott Nov Dic
2015: Gen Feb Mar Apr Mag Giu Lug Ago Set Ott Nov Dic
2014: Gen Feb Mar Apr Mag Giu Lug Ago Set Ott Nov Dic
2013: Gen Feb Mar Apr Mag Giu Lug Ago Set Ott Nov Dic
2012: Gen Feb Mar Apr Mag Giu Lug Ago Set Ott Nov Dic
2011: Gen Feb Mar Apr Mag Giu Lug Ago Set Ott Nov Dic
2010: Gen Feb Mar Apr Mag Giu Lug Ago Set Ott Nov Dic
2009: Gen Feb Mar Apr Mag Giu Lug Ago Set Ott Nov Dic
2008: Gen Feb Mar Apr Mag Giu Lug Ago Set Ott Nov Dic
2007: Gen Feb Mar Apr Mag Giu Lug Ago Set Ott Nov Dic
2006: Gen Feb Mar Apr Mag Giu Lug Ago Set Ott Nov Dic
Archivio 2008 Maggio
MONTHLY CLIMATOLOGICAL SUMMARY for MAY. 2008 Name: San Fruttuoso City: Genova State: Italy Elevation: 70 m Lat: N 44° 24' 34" Lon: E 008° 57' 38" Temperature (°C), Rain (mm), Wind Speed (km/h) Heat Cool Avg Mean Deg Deg Wind Dom Day Temp High Time Low Time Days Days Rain Speed High Time Dir ------------------------------------------------------------------------------------- 01 15.1 16.8 17:08 12.8 00:00 03.2 00.0 00.0 08.8 31.4 16:03 SSE 02 14.7 18.2 16:33 10.2 06:33 03.6 00.0 00.0 06.4 35.1 16:23 NW 03 18.2 22.6 16:48 13.8 03:18 00.1 00.0 00.0 05.4 27.8 05:33 NW 04 17.4 21.6 14:13 12.5 07:08 00.9 00.0 00.0 07.1 31.4 17:38 NW 05 16.6 19.4 16:08 13.0 05:58 01.7 00.0 00.0 07.0 35.1 05:38 SE 06 17.2 21.0 15:28 12.6 05:58 01.1 00.0 00.0 06.3 38.9 17:23 W 07 17.6 20.9 13:13 14.5 00:43 00.7 00.0 00.0 06.6 42.5 13:33 WNW 08 17.4 20.2 18:08 13.6 06:58 00.9 00.0 00.0 08.0 33.3 16:18 WNW 09 18.3 22.9 18:28 13.0 06:03 00.0 00.0 00.0 05.8 35.1 12:58 NW 10 20.8 25.4 19:18 14.4 06:03 00.0 02.5 00.0 05.0 29.6 12:38 WNW 11 19.5 23.4 14:54 16.6 00:00 00.0 01.2 00.5 05.2 37.0 23:44 N 12 17.7 22.6 15:18 14.5 06:04 00.6 00.0 00.0 07.5 40.7 04:04 N 13 19.5 23.6 14:58 15.8 03:39 00.0 01.2 00.0 04.7 29.6 16:39 NNE 14 18.1 20.8 17:18 15.0 05:18 00.2 00.0 00.0 06.2 40.7 17:28 S 15 16.5 18.9 15:28 13.9 06:18 01.8 00.0 00.0 10.0 38.9 01:23 SE 16 17.3 18.3 12:58 16.6 05:23 01.0 00.0 01.6 11.9 37.0 04:43 SE 17 17.5 19.0 15:43 16.3 00:00 00.8 00.0 03.6 08.8 48.1 11:33 SE 18 16.5 17.8 14:15 15.6 07:43 01.8 00.0 16.6 03.7 24.1 16:05 S 19 17.8 22.8 16:44 14.1 06:50 00.5 00.0 01.0 05.1 31.4 16:09 NNW 20 16.9 19.9 15:45 14.9 23:10 01.4 00.0 02.1 05.8 42.5 16:55 N 21 18.0 22.5 12:50 15.1 01:50 00.3 00.0 02.1 03.5 29.6 15:00 NNW 22 17.3 19.3 11:39 15.4 05:04 01.0 00.0 04.1 07.1 31.4 15:59 SSE 23 17.7 19.5 15:50 15.9 00:00 00.6 00.0 00.0 10.0 33.3 15:50 SE 24 17.3 20.1 16:19 14.4 02:59 01.0 00.0 00.0 09.1 33.3 14:39 SE 25 19.0 23.6 18:49 17.6 12:54 00.0 00.7 02.1 05.1 33.3 23:39 ESE 26 21.6 26.2 16:33 18.5 04:33 00.0 03.3 00.0 09.4 44.4 21:58 N 27 23.3 28.6 14:24 18.8 05:59 00.0 05.0 00.0 07.9 38.9 20:39 NE 28 22.9 26.6 17:58 20.1 09:04 00.0 04.6 00.0 04.9 25.9 18:54 SE 29 21.0 23.2 06:19 15.1 23:14 00.0 02.7 27.4 04.3 48.1 22:59 N 30 17.4 19.5 17:34 15.3 07:29 00.9 00.0 08.8 03.9 31.4 07:14 WSW 31 18.1 20.8 17:59 15.6 03:24 00.2 00.0 00.5 05.4 25.9 14:59 SSE ------------------------------------------------------------------------------------- 18.2(18.3)28.6 day 27 10.2 day 02 024.2 021.2 070.5 06.6 48.1 day 17 ESE Min <= 20: 30 Max Rain: 27.4 ON 29-05-08 Days of Rain: 12 (> .2mm) 8 (> 2mm) 1 (> 20mm)